{"id":2149,"date":"2017-07-06T20:45:40","date_gmt":"2017-07-06T19:45:40","guid":{"rendered":"http:\/\/blogsaverroes.juntadeandalucia.es\/iesconchamendezcuesta\/?page_id=2149"},"modified":"2025-11-11T14:33:52","modified_gmt":"2025-11-11T12:33:52","slug":"equipo-directivo","status":"publish","type":"page","link":"https:\/\/blogsaverroes.juntadeandalucia.es\/iesconchamendezcuesta\/equipo-directivo\/","title":{"rendered":"Equipo Directivo"},"content":{"rendered":"<p><span style=\"text-decoration: underline\">Director<\/span>: <strong>D.<\/strong>&nbsp;<strong>Sergio D\u00edaz&nbsp;<\/strong><b>Guti\u00e9rrez.<\/b><\/p>\n<p><span style=\"text-decoration: underline\">Jefe de Estudios<\/span>: <strong>D. Jorge Mar\u00edn Mart\u00edn<\/strong><b>.<\/b><\/p>\n<p><span style=\"text-decoration: underline\">Jefa de Estudios Adjunto<\/span>: <strong>D. Amaro Dopido Tolosa.<\/strong><\/p>\n<p><span style=\"text-decoration: underline\">Secretario<\/span>: <strong>D.<\/strong>&nbsp;<strong>Jos\u00e9 Diego Lorente Ma\u00f1as.<\/strong><\/p>\n","protected":false},"excerpt":{"rendered":"<p>Director: D.&nbsp;Sergio D\u00edaz&nbsp;Guti\u00e9rrez. Jefe de Estudios: D. Jorge Mar\u00edn Mart\u00edn. Jefa de Estudios Adjunto: D. Amaro Dopido Tolosa. Secretario: D.&nbsp;Jos\u00e9 Diego Lorente Ma\u00f1as.<\/p>\n","protected":false},"author":2960,"featured_media":0,"parent":0,"menu_order":0,"comment_status":"closed","ping_status":"closed","template":"","meta":{"ngg_post_thumbnail":0,"footnotes":""},"aioseo_notices":[],"_links":{"self":[{"href":"https:\/\/blogsaverroes.juntadeandalucia.es\/iesconchamendezcuesta\/wp-json\/wp\/v2\/pages\/2149"}],"collection":[{"href":"https:\/\/blogsaverroes.juntadeandalucia.es\/iesconchamendezcuesta\/wp-json\/wp\/v2\/pages"}],"about":[{"href":"https:\/\/blogsaverroes.juntadeandalucia.es\/iesconchamendezcuesta\/wp-json\/wp\/v2\/types\/page"}],"author":[{"embeddable":true,"href":"https:\/\/blogsaverroes.juntadeandalucia.es\/iesconchamendezcuesta\/wp-json\/wp\/v2\/users\/2960"}],"replies":[{"embeddable":true,"href":"https:\/\/blogsaverroes.juntadeandalucia.es\/iesconchamendezcuesta\/wp-json\/wp\/v2\/comments?post=2149"}],"version-history":[{"count":6,"href":"https:\/\/blogsaverroes.juntadeandalucia.es\/iesconchamendezcuesta\/wp-json\/wp\/v2\/pages\/2149\/revisions"}],"predecessor-version":[{"id":6561,"href":"https:\/\/blogsaverroes.juntadeandalucia.es\/iesconchamendezcuesta\/wp-json\/wp\/v2\/pages\/2149\/revisions\/6561"}],"wp:attachment":[{"href":"https:\/\/blogsaverroes.juntadeandalucia.es\/iesconchamendezcuesta\/wp-json\/wp\/v2\/media?parent=2149"}],"curies":[{"name":"wp","href":"https:\/\/api.w.org\/{rel}","templated":true}]}}