{"id":215,"date":"2016-02-01T11:12:08","date_gmt":"2016-02-01T11:12:08","guid":{"rendered":"http:\/\/blogsaverroes.juntadeandalucia.es\/iesconchamendezcuesta\/?page_id=215"},"modified":"2024-10-11T13:26:03","modified_gmt":"2024-10-11T11:26:03","slug":"215-2","status":"publish","type":"page","link":"https:\/\/blogsaverroes.juntadeandalucia.es\/iesconchamendezcuesta\/215-2\/","title":{"rendered":"Departamento de Educaci\u00f3n F\u00edsica"},"content":{"rendered":"<p align=\"left\">Panzeri Gervais, Mar\u00eda Jos\u00e9&nbsp; &nbsp;&#8211;&nbsp; Jefa de departamento de EF<\/p>\n<p align=\"left\">Mar\u00edn Mart\u00edn, Jorge&nbsp; &#8211;&nbsp; Jefe de Estudios&nbsp;<\/p>\n<p align=\"left\">Mart\u00edn Arenas, Mar\u00eda de los \u00c1ngeles &#8211; Tutora<\/p>\n<p align=\"left\">Vegas Burgos, Mari Paz &#8211;&nbsp; Tutora<\/p>\n<p align=\"left\">Morales Ruiz, Felipe &#8211; Tutor<\/p>\n<p align=\"left\">Murillo G\u00f3mez, Sa\u00fal &#8211; Tutor<\/p>\n<p align=\"left\">&nbsp;<\/p>\n<p align=\"left\">&nbsp;&nbsp;&nbsp;&nbsp;&nbsp;&nbsp;&nbsp;&nbsp;&nbsp;&nbsp;&nbsp;&nbsp;<strong>Blog de Educaci\u00f3n F\u00edsica:<\/strong><\/p>\n<p align=\"center\"><a href=\"http:\/\/jmmef.wordpress.com\" target=\"_blank\" rel=\"noopener noreferrer\">https:\/\/jmmef.wordpress.com<\/a><\/p>\n<p align=\"center\"><span class=\"Estilo46\">Feria de Juegos<\/span><\/p>\n<p align=\"center\"><a href=\"http:\/\/flash.picturetrail.com\/pflicks\/3\/spflick.swf\">http:\/\/flash.picturetrail.com\/pflicks\/3\/spflick.swf<\/a><\/p>\n<div align=\"center\">\n<table width=\"449\" align=\"center\">\n<tbody>\n<tr>\n<th nowrap=\"nowrap\">\n<div id=\"__ss_7011597\"><strong><a class=\"Estilo47\" title=\"Campeonatos atletismo torremolinos 1\u00ba y 2\u00ba eso\" href=\"http:\/\/www.slideshare.net\/laboralmodulo2ja\/campeonatos-atletismo-torremolinos-1-y-2-eso\">Campeonatos atletismo torremolinos 1\u00ba y 2\u00ba eso<\/a><\/strong><a href=\"http:\/\/static.slidesharecdn.com\/swf\/ssplayer2.swf?doc=campeonatosatletismotorremolinos1y2eso-110222042527-phpapp02&amp;stripped_title=campeonatos-atletismo-torremolinos-1-y-2-eso&amp;userName=laboralmodulo2ja\">http:\/\/static.slidesharecdn.com\/swf\/ssplayer2.swf?doc=campeonatosatletismotorremolinos1y2eso-110222042527-phpapp02&amp;stripped_title=campeonatos-atletismo-torremolinos-1-y-2-eso&amp;userName=laboralmodulo2ja<\/a><\/div>\n<\/th>\n<\/tr>\n<\/tbody>\n<\/table>\n<\/div>\n","protected":false},"excerpt":{"rendered":"<p>Panzeri Gervais, Mar\u00eda Jos\u00e9&nbsp; &nbsp;&#8211;&nbsp; Jefa de departamento de EF Mar\u00edn Mart\u00edn, Jorge&nbsp; &#8211;&nbsp; Jefe de Estudios&nbsp; Mart\u00edn Arenas, Mar\u00eda de los \u00c1ngeles &#8211; Tutora Vegas Burgos, Mari Paz &#8211;&nbsp; Tutora Morales Ruiz, Felipe&#46;&#46;&#46;<\/p>\n","protected":false},"author":1,"featured_media":0,"parent":0,"menu_order":0,"comment_status":"open","ping_status":"open","template":"","meta":{"ngg_post_thumbnail":0,"footnotes":""},"aioseo_notices":[],"_links":{"self":[{"href":"https:\/\/blogsaverroes.juntadeandalucia.es\/iesconchamendezcuesta\/wp-json\/wp\/v2\/pages\/215"}],"collection":[{"href":"https:\/\/blogsaverroes.juntadeandalucia.es\/iesconchamendezcuesta\/wp-json\/wp\/v2\/pages"}],"about":[{"href":"https:\/\/blogsaverroes.juntadeandalucia.es\/iesconchamendezcuesta\/wp-json\/wp\/v2\/types\/page"}],"author":[{"embeddable":true,"href":"https:\/\/blogsaverroes.juntadeandalucia.es\/iesconchamendezcuesta\/wp-json\/wp\/v2\/users\/1"}],"replies":[{"embeddable":true,"href":"https:\/\/blogsaverroes.juntadeandalucia.es\/iesconchamendezcuesta\/wp-json\/wp\/v2\/comments?post=215"}],"version-history":[{"count":11,"href":"https:\/\/blogsaverroes.juntadeandalucia.es\/iesconchamendezcuesta\/wp-json\/wp\/v2\/pages\/215\/revisions"}],"predecessor-version":[{"id":6342,"href":"https:\/\/blogsaverroes.juntadeandalucia.es\/iesconchamendezcuesta\/wp-json\/wp\/v2\/pages\/215\/revisions\/6342"}],"wp:attachment":[{"href":"https:\/\/blogsaverroes.juntadeandalucia.es\/iesconchamendezcuesta\/wp-json\/wp\/v2\/media?parent=215"}],"curies":[{"name":"wp","href":"https:\/\/api.w.org\/{rel}","templated":true}]}}

Departamento de Educación Física

<p align="left">Panzeri Gervais, María José&nbsp; &nbsp;&#8211;&nbsp; Jefa de departamento de EF</p>
<p align="left">Marín Martín, Jorge&nbsp; &#8211;&nbsp; Jefe de Estudios&nbsp;</p>
<p align="left">Martín Arenas, María de los Ángeles &#8211; Tutora</p>
<p align="left">Vegas Burgos, Mari Paz &#8211;&nbsp; Tutora</p>
<p align="left">Morales Ruiz, Felipe &#8211; Tutor</p>
<p align="left">Murillo Gómez, Saúl &#8211; Tutor</p>
<p align="left">&nbsp;</p>
<p align="left">&nbsp;&nbsp;&nbsp;&nbsp;&nbsp;&nbsp;&nbsp;&nbsp;&nbsp;&nbsp;&nbsp;&nbsp;<strong>Blog de Educación Física:</strong></p>
<p align="center"><a href="http://jmmef.wordpress.com" target="_blank" rel="noopener noreferrer">https://jmmef.wordpress.com</a></p>
<p align="center"><span class="Estilo46">Feria de Juegos</span></p>
<p align="center"><a href="http://flash.picturetrail.com/pflicks/3/spflick.swf">http://flash.picturetrail.com/pflicks/3/spflick.swf</a></p>
<div align="center">
<table width="449" align="center">
<tbody>
<tr>
<th nowrap="nowrap">
<div id="__ss_7011597"><strong><a class="Estilo47" title="Campeonatos atletismo torremolinos 1º y 2º eso" href="http://www.slideshare.net/laboralmodulo2ja/campeonatos-atletismo-torremolinos-1-y-2-eso">Campeonatos atletismo torremolinos 1º y 2º eso</a></strong><a href="http://static.slidesharecdn.com/swf/ssplayer2.swf?doc=campeonatosatletismotorremolinos1y2eso-110222042527-phpapp02&amp;stripped_title=campeonatos-atletismo-torremolinos-1-y-2-eso&amp;userName=laboralmodulo2ja">http://static.slidesharecdn.com/swf/ssplayer2.swf?doc=campeonatosatletismotorremolinos1y2eso-110222042527-phpapp02&amp;stripped_title=campeonatos-atletismo-torremolinos-1-y-2-eso&amp;userName=laboralmodulo2ja</a></div>
</th>
</tr>
</tbody>
</table>
</div>

<p>Panzeri Gervais, María José&nbsp; &nbsp;&#8211;&nbsp; Jefa de departamento de EF Marín Martín, Jorge&nbsp; &#8211;&nbsp; Jefe de Estudios&nbsp; Martín Arenas, María de los Ángeles &#8211; Tutora Vegas Burgos, Mari Paz &#8211;&nbsp; Tutora Morales Ruiz, Felipe&#46;&#46;&#46;</p>
