{"id":246,"date":"2016-02-01T11:28:18","date_gmt":"2016-02-01T11:28:18","guid":{"rendered":"http:\/\/blogsaverroes.juntadeandalucia.es\/iesconchamendezcuesta\/?page_id=246"},"modified":"2016-02-01T11:38:11","modified_gmt":"2016-02-01T11:38:11","slug":"atal","status":"publish","type":"page","link":"https:\/\/blogsaverroes.juntadeandalucia.es\/iesconchamendezcuesta\/atal\/","title":{"rendered":"ATAL"},"content":{"rendered":"<p><span class=\"Estilo39\" style=\"color: #ff0000;\">\u00a0\u00a0Profesora:<\/span><\/p>\n<p>Mancera Ragel, M\u00aa Victoria<\/p>\n<p>El Aula temporal de adaptaci\u00f3n ling\u00fc\u00edstica es un aula organizada para que los alumnos no hispanohablantes reciban clases extraordinarias de lengua espa\u00f1ola.<\/p>\n<p>Los objetivos del aula de ATAL son :<\/p>\n<p>\u2022\u00a0 Conseguir que los alumnos no hispanohablantes adquieran cuanto antes los niveles de competencia ling\u00fc\u00edstica b\u00e1sicos .<\/p>\n<p>\u2022\u00a0 Ayudar a los alumnos a integrarse lo antes posible en el curr\u00edculo est\u00e1ndar correspondiente a su nivel acad\u00e9mico.<\/p>\n<p>\u2022\u00a0 Ayudar a los alumnos a integrarse felizmente la sociedad a la que acaban de incorporarse.<\/p>\n<p>\u2022\u00a0 Dar a conocer a los alumnos inmigrantes los aspectos b\u00e1sicos de la cultura espa\u00f1ola en general y andaluza en particular.<\/p>\n<p>\u2022\u00a0 Aportar a los alumnos conocimientos b\u00e1sicos sobre la cultura andaluza.<\/p>\n<p>\u2022\u00a0 Conseguir que toda la comunidad escolar sea consciente de la multiculturalidad como rasgo ya imborrable de nuestra sociedad en general y de nuestro centro en particular.<\/p>\n<p>\u2022\u00a0 Destacar el valor positivo de la pluralidad de culturas y los valores de tolerancia y respeto para con los que son diferentes, los que pertenecen a otras culturas , a otra religi\u00f3n, a otra raza\u2026<\/p>\n<table>\n<tbody>\n<tr>\n<td style=\"text-align: center;\"><span class=\"Estilo44\">Alumnos y Horario <\/span><\/td>\n<td style=\"text-align: center;\"><span class=\"Estilo44\">Programaci\u00f3n Did\u00e1ctica <\/span><\/td>\n<td style=\"text-align: center;\"><span class=\"Estilo44\">Proyecto Intercultural <\/span><\/td>\n<\/tr>\n<tr>\n<td style=\"text-align: center;\"><span class=\"Estilo44\">Actividades y Proyectos<\/span><\/td>\n<td style=\"text-align: center;\"><span class=\"Estilo44\"><a href=\"http:\/\/blogsaverroes.juntadeandalucia.es\/iesconchamendezcuesta\/?p=250\">Recursos on-line<\/a><\/span><\/td>\n<td style=\"text-align: center;\"><span class=\"Estilo44\">Bibliograf\u00eda <\/span><\/td>\n<\/tr>\n<tr>\n<td style=\"text-align: center;\"><span class=\"Estilo44\">Torremolinos<\/span><\/td>\n<td style=\"text-align: center;\"><span class=\"Estilo44\">Profesora<\/span><\/td>\n<td style=\"text-align: center;\"><\/td>\n<\/tr>\n<\/tbody>\n<\/table>\n<div align=\"justify\"><\/div>\n<p>&nbsp;<\/p>\n","protected":false},"excerpt":{"rendered":"<p>\u00a0\u00a0Profesora: Mancera Ragel, M\u00aa Victoria El Aula temporal de adaptaci\u00f3n ling\u00fc\u00edstica es un aula organizada para que los alumnos no hispanohablantes reciban clases extraordinarias de lengua espa\u00f1ola. Los objetivos del aula de ATAL son&#46;&#46;&#46;<\/p>\n","protected":false},"author":1,"featured_media":0,"parent":0,"menu_order":0,"comment_status":"open","ping_status":"open","template":"","meta":{"ngg_post_thumbnail":0,"footnotes":""},"aioseo_notices":[],"_links":{"self":[{"href":"https:\/\/blogsaverroes.juntadeandalucia.es\/iesconchamendezcuesta\/wp-json\/wp\/v2\/pages\/246"}],"collection":[{"href":"https:\/\/blogsaverroes.juntadeandalucia.es\/iesconchamendezcuesta\/wp-json\/wp\/v2\/pages"}],"about":[{"href":"https:\/\/blogsaverroes.juntadeandalucia.es\/iesconchamendezcuesta\/wp-json\/wp\/v2\/types\/page"}],"author":[{"embeddable":true,"href":"https:\/\/blogsaverroes.juntadeandalucia.es\/iesconchamendezcuesta\/wp-json\/wp\/v2\/users\/1"}],"replies":[{"embeddable":true,"href":"https:\/\/blogsaverroes.juntadeandalucia.es\/iesconchamendezcuesta\/wp-json\/wp\/v2\/comments?post=246"}],"version-history":[{"count":4,"href":"https:\/\/blogsaverroes.juntadeandalucia.es\/iesconchamendezcuesta\/wp-json\/wp\/v2\/pages\/246\/revisions"}],"predecessor-version":[{"id":254,"href":"https:\/\/blogsaverroes.juntadeandalucia.es\/iesconchamendezcuesta\/wp-json\/wp\/v2\/pages\/246\/revisions\/254"}],"wp:attachment":[{"href":"https:\/\/blogsaverroes.juntadeandalucia.es\/iesconchamendezcuesta\/wp-json\/wp\/v2\/media?parent=246"}],"curies":[{"name":"wp","href":"https:\/\/api.w.org\/{rel}","templated":true}]}}

<p><span class="Estilo39" style="color: #ff0000;">  Profesora:</span></p>
<p>Mancera Ragel, Mª Victoria</p>
<p>El Aula temporal de adaptación lingüística es un aula organizada para que los alumnos no hispanohablantes reciban clases extraordinarias de lengua española.</p>
<p>Los objetivos del aula de ATAL son :</p>
<p>•  Conseguir que los alumnos no hispanohablantes adquieran cuanto antes los niveles de competencia lingüística básicos .</p>
<p>•  Ayudar a los alumnos a integrarse lo antes posible en el currículo estándar correspondiente a su nivel académico.</p>
<p>•  Ayudar a los alumnos a integrarse felizmente la sociedad a la que acaban de incorporarse.</p>
<p>•  Dar a conocer a los alumnos inmigrantes los aspectos básicos de la cultura española en general y andaluza en particular.</p>
<p>•  Aportar a los alumnos conocimientos básicos sobre la cultura andaluza.</p>
<p>•  Conseguir que toda la comunidad escolar sea consciente de la multiculturalidad como rasgo ya imborrable de nuestra sociedad en general y de nuestro centro en particular.</p>
<p>•  Destacar el valor positivo de la pluralidad de culturas y los valores de tolerancia y respeto para con los que son diferentes, los que pertenecen a otras culturas , a otra religión, a otra raza…</p>
<table>
<tbody>
<tr>
<td style="text-align: center;"><span class="Estilo44">Alumnos y Horario </span></td>
<td style="text-align: center;"><span class="Estilo44">Programación Didáctica </span></td>
<td style="text-align: center;"><span class="Estilo44">Proyecto Intercultural </span></td>
</tr>
<tr>
<td style="text-align: center;"><span class="Estilo44">Actividades y Proyectos</span></td>
<td style="text-align: center;"><span class="Estilo44"><a href="http://blogsaverroes.juntadeandalucia.es/iesconchamendezcuesta/?p=250">Recursos on-line</a></span></td>
<td style="text-align: center;"><span class="Estilo44">Bibliografía </span></td>
</tr>
<tr>
<td style="text-align: center;"><span class="Estilo44">Torremolinos</span></td>
<td style="text-align: center;"><span class="Estilo44">Profesora</span></td>
<td style="text-align: center;"></td>
</tr>
</tbody>
</table>
<div align="justify"></div>
<p>&nbsp;</p>

<p>  Profesora: Mancera Ragel, Mª Victoria El Aula temporal de adaptación lingüística es un aula organizada para que los alumnos no hispanohablantes reciban clases extraordinarias de lengua española. Los objetivos del aula de ATAL son&#46;&#46;&#46;</p>
