{"id":27,"date":"2016-01-29T12:18:51","date_gmt":"2016-01-29T12:18:51","guid":{"rendered":"http:\/\/blogsaverroes.juntadeandalucia.es\/iesconchamendezcuesta\/?page_id=27"},"modified":"2025-11-12T11:00:01","modified_gmt":"2025-11-12T09:00:01","slug":"27-2","status":"publish","type":"page","link":"https:\/\/blogsaverroes.juntadeandalucia.es\/iesconchamendezcuesta\/27-2\/","title":{"rendered":"Mensaje de Bienvenida"},"content":{"rendered":"<p>&nbsp; &nbsp; &nbsp; <span style=\"text-align: justify;font-size: 16px\">Estimada comunidad educativa:<\/span><\/p>\n<p><img fetchpriority=\"high\" decoding=\"async\" class=\" wp-image-6390 alignright\" src=\"https:\/\/blogsaverroes.juntadeandalucia.es\/iesconchamendezcuesta\/files\/2024\/12\/IMG-20241221-WA0006-218x300.jpg\" alt=\"\" width=\"251\" height=\"345\" srcset=\"https:\/\/blogsaverroes.juntadeandalucia.es\/iesconchamendezcuesta\/files\/2024\/12\/IMG-20241221-WA0006-218x300.jpg 218w, https:\/\/blogsaverroes.juntadeandalucia.es\/iesconchamendezcuesta\/files\/2024\/12\/IMG-20241221-WA0006-746x1024.jpg 746w, https:\/\/blogsaverroes.juntadeandalucia.es\/iesconchamendezcuesta\/files\/2024\/12\/IMG-20241221-WA0006-109x150.jpg 109w, https:\/\/blogsaverroes.juntadeandalucia.es\/iesconchamendezcuesta\/files\/2024\/12\/IMG-20241221-WA0006-768x1055.jpg 768w, https:\/\/blogsaverroes.juntadeandalucia.es\/iesconchamendezcuesta\/files\/2024\/12\/IMG-20241221-WA0006-1118x1536.jpg 1118w, https:\/\/blogsaverroes.juntadeandalucia.es\/iesconchamendezcuesta\/files\/2024\/12\/IMG-20241221-WA0006.jpg 1170w\" sizes=\"(max-width: 251px) 100vw, 251px\" \/><\/p>\n<p style=\"text-align: justify\"><span style=\"font-weight: 400\">&nbsp; &nbsp; &nbsp; Mi nombre es Sergio D\u00edaz y tengo el honor de dirigir, con un gran eq<\/span><span style=\"font-weight: 400\">uipo de profesionales, el Instituto Concha M\u00e9ndez Cuesta. Es mi primer a\u00f1o al frente del centro, pero anteriormente he estado siete cursos co<\/span>mo jefe de estudios, junto con, Jos\u00e9 Diego Lorente, Jorge Mar\u00edn e Isabel Bugallo, como compa\u00f1eros directivos.<\/p>\n<p style=\"text-align: justify\"><span style=\"font-weight: 400\">&nbsp;&nbsp;&nbsp;&nbsp;&nbsp;Como muchos de vosotros sabr\u00e9is, nuestro instituto abri\u00f3 por primera vez sus puertas para iniciar el curso 2007-2008, como Secci\u00f3n del IES Los Manantiales, con tan s\u00f3lo tres grupos de 1\u00ba de la ESO, y con alumnado proveniente en su mayor\u00eda del CEIP El Pinillo. Fue el a\u00f1o inaugural un curso \u00fanico, en el que contamos con una plantilla provisional de profesores j\u00f3venes y llenos de energ\u00eda, planes y ganas de contribuir a hacer crecer a este beb\u00e9, que hoy d\u00eda ya es considerado un gran centro (tipo B).<\/span><\/p>\n<p style=\"text-align: justify\"><span style=\"font-weight: 400\">&nbsp;&nbsp;&nbsp;&nbsp;&nbsp;Con ese inmejorable ambiente, nos pusimos manos a la obra y trabajamos codo con codo en cuestiones tan diversas como la disciplina, la organizaci\u00f3n material del centro, las mejoras estructurales que estaban a nuestro alcance, etc. Y, muy importante, en la planificaci\u00f3n de nuestra inauguraci\u00f3n oficial y nominaci\u00f3n.<\/span><\/p>\n<p style=\"text-align: justify\"><span style=\"font-weight: 400\">&nbsp;&nbsp;&nbsp;&nbsp;&nbsp;Se pens\u00f3, inspirado por el aniversario de la Generaci\u00f3n del 27, y siempre con la intenci\u00f3n de acercarnos a nuestras ra\u00edces, rendir honor a una de las mujeres de este grupo, silenciada durante a\u00f1os como tantas, y que, adem\u00e1s, ten\u00eda mucho que ver con M\u00e1laga gracias, entre otras cuestiones, a su matrimonio con Manuel Altolaguirre. Lo que comenz\u00f3 como una simple idea pronto se convirti\u00f3 en una realidad, al ser apoyada desde el principio por el Consejo Escolar, por nuestra entonces reci\u00e9n creada AMPA Los Olivares, por los compa\u00f1eros, la inspecci\u00f3n, la Delegaci\u00f3n de Educaci\u00f3n y dem\u00e1s organismos que luego contribuyeron al \u00e9xito que supuso tal iniciativa.<\/span><\/p>\n<p style=\"text-align: justify\"><span style=\"font-weight: 400\">&nbsp;&nbsp;&nbsp;&nbsp;&nbsp;El d\u00eda 30 de mayo se cumpli\u00f3 el sue\u00f1o, contando con unas invitadas de excepci\u00f3n: D\u00aa Paloma Altolaguirre M\u00e9ndez, hija del matrimonio Concha M\u00e9ndez y Manuel Altolaguirre, y D\u00aa Teresa Jim\u00e9nez V\u00edlchez, nuestra Consejera de Educaci\u00f3n en aquel entonces, que tuvo a bien compartir con nosotros un d\u00eda tan especial, mostr\u00e1ndose interesada en su visita por los peque\u00f1os logros conseguidos durante un curso de mucho trabajo\u2026<\/span><\/p>\n<p style=\"text-align: justify\"><span style=\"font-weight: 400\">&nbsp;&nbsp;&nbsp;&nbsp;&nbsp;Asimismo, ese d\u00eda se present\u00f3 nuestro anagrama, que pretende concentrar en una imagen algo abstracta la realidad que nos rodea y nos representa: el sol, el mar, los pinos, la torre que simboliza nuestra localidad de enclave; y un caballo, libremente convertido en on\u00edrico unicornio por el artista, que quiere recordar al&nbsp;<\/span><i><span style=\"font-weight: 400\">Caballo Verde para la Poes\u00eda<\/span><\/i><span style=\"font-weight: 400\">, en honor a D\u00aa Concha M\u00e9ndez Cuesta,&nbsp;<\/span><i><span style=\"font-weight: 400\">CMC.<\/span><\/i><span style=\"font-weight: 400\"> Toda esta simbolog\u00eda e ideales de representaci\u00f3n fue puesta en manos de un artista, D. Jos\u00e9 M.\u00aa F. Do\u00f1a, que supo r\u00e1pidamente plasmar de forma insuperable tanta pretensi\u00f3n en un dibujo que a todos agrad\u00f3 desde el principio y que hoy es nuestra se\u00f1a de identidad.<\/span><\/p>\n<p style=\"text-align: justify\"><span style=\"font-weight: 400\">&nbsp; &nbsp; &nbsp; En este, nuestro d\u00e9cimo octavo a\u00f1o de vida, contamos ya con una plantilla de 74 docentes, que, contagiados por este \u00e1nimo de progreso y trabajo diario, hacen de nuestro centro un lugar agradable y realmente productivo. Adem\u00e1s, ya contamos con 4 l\u00edneas de bachillerato, que se inaugurara el curso 2018-19, despu\u00e9s de una larga trayectoria de peticiones a las administraciones (una d\u00e9cada), para que autorizaran dichas ense\u00f1anzas en nuestro instituto.<\/span><\/p>\n<p style=\"text-align: justify\"><span style=\"font-weight: 400\">&nbsp; &nbsp; &nbsp; &nbsp; &nbsp; Ahora, contamos, adem\u00e1s, con un nuevo edificio muy moderno, de unos 1000 metros, que dan c\u00f3moda cabida a nuestro alumnado actual, que ya supera las 800 personas. De igual manera el curso pasado se inaugur\u00f3 la segunda pista deportiva tan necesaria por el crecimiento del centro.<\/span><\/p>\n<p style=\"text-align: justify\"><span style=\"font-weight: 400\">&nbsp; &nbsp; &nbsp; &nbsp; Y hablando del alumnado, con unos 950 en este curso, sin el cual nada de todo esto tiene sentido, pensamos que siente este espacio como su centro, su segunda casa y el que, d\u00eda a d\u00eda, crece con ellos. Los padres y madres son, en innumerables ocasiones, los que logran poner en pr\u00e1ctica iniciativas, que no ver\u00edan la luz sin la correspondiente coordinaci\u00f3n entre todos nosotros.<\/span><\/p>\n<p style=\"text-align: justify\"><span style=\"font-weight: 400\">&nbsp; &nbsp; &nbsp;Contamos este&nbsp;<\/span><b>curso 2025-26<\/b><span style=\"font-weight: 400\"> con multitud de planes y programas como son: el Plan de uso de la Biblioteca Escolar, el Proyecto TDE (transformaci\u00f3n digital educativa), Escuela Espacio de Paz, Coeducaci\u00f3n, Biling\u00fcismo (ingl\u00e9s), Prevenci\u00f3n de Riesgos Laborales, Forma Joven, Plan de Prevenci\u00f3n de la violencia de g\u00e9nero, Aldea, AulaDjaque, ComunicA, Emprendimiento Educativo, H\u00e1bitos de Vida Saludable, Programas Culturales, M\u00e1ster Secundaria, Pr\u00e1cticas CC. E. y Psicolog\u00eda, STEAM, Escuela \u00abEspacio de Paz\u00bb, Programa M\u00e1s Equidad, Programa de Mediaci\u00f3n escolar, etc. Somos, adem\u00e1s, Centro de Apoyo a las Familias, y, por tanto, tenemos comedor escolar y actividades extraescolares por las tardes.<\/span><\/p>\n<p style=\"text-align: justify\"><span style=\"font-weight: 400\">&nbsp; &nbsp; &nbsp; &nbsp; &nbsp;Somos una buena maquinaria, en la que todos y todas hacemos nuestra funci\u00f3n y, as\u00ed, vamos avanzando imparables.<\/span><\/p>\n","protected":false},"excerpt":{"rendered":"<p>&nbsp; &nbsp; &nbsp; Estimada comunidad educativa: &nbsp; &nbsp; &nbsp; Mi nombre es Sergio D\u00edaz y tengo el honor de dirigir, con un gran equipo de profesionales, el Instituto Concha M\u00e9ndez Cuesta. Es mi primer&#46;&#46;&#46;<\/p>\n","protected":false},"author":1,"featured_media":0,"parent":0,"menu_order":0,"comment_status":"open","ping_status":"open","template":"","meta":{"ngg_post_thumbnail":0,"footnotes":""},"aioseo_notices":[],"_links":{"self":[{"href":"https:\/\/blogsaverroes.juntadeandalucia.es\/iesconchamendezcuesta\/wp-json\/wp\/v2\/pages\/27"}],"collection":[{"href":"https:\/\/blogsaverroes.juntadeandalucia.es\/iesconchamendezcuesta\/wp-json\/wp\/v2\/pages"}],"about":[{"href":"https:\/\/blogsaverroes.juntadeandalucia.es\/iesconchamendezcuesta\/wp-json\/wp\/v2\/types\/page"}],"author":[{"embeddable":true,"href":"https:\/\/blogsaverroes.juntadeandalucia.es\/iesconchamendezcuesta\/wp-json\/wp\/v2\/users\/1"}],"replies":[{"embeddable":true,"href":"https:\/\/blogsaverroes.juntadeandalucia.es\/iesconchamendezcuesta\/wp-json\/wp\/v2\/comments?post=27"}],"version-history":[{"count":17,"href":"https:\/\/blogsaverroes.juntadeandalucia.es\/iesconchamendezcuesta\/wp-json\/wp\/v2\/pages\/27\/revisions"}],"predecessor-version":[{"id":6562,"href":"https:\/\/blogsaverroes.juntadeandalucia.es\/iesconchamendezcuesta\/wp-json\/wp\/v2\/pages\/27\/revisions\/6562"}],"wp:attachment":[{"href":"https:\/\/blogsaverroes.juntadeandalucia.es\/iesconchamendezcuesta\/wp-json\/wp\/v2\/media?parent=27"}],"curies":[{"name":"wp","href":"https:\/\/api.w.org\/{rel}","templated":true}]}}

<p>&nbsp; &nbsp; &nbsp; <span style="text-align: justify;font-size: 16px">Estimada comunidad educativa:</span></p>
<p><img fetchpriority="high" decoding="async" class=" wp-image-6390 alignright" src="https://blogsaverroes.juntadeandalucia.es/iesconchamendezcuesta/files/2024/12/IMG-20241221-WA0006-218x300.jpg" alt="" width="251" height="345" srcset="https://blogsaverroes.juntadeandalucia.es/iesconchamendezcuesta/files/2024/12/IMG-20241221-WA0006-218x300.jpg 218w, https://blogsaverroes.juntadeandalucia.es/iesconchamendezcuesta/files/2024/12/IMG-20241221-WA0006-746x1024.jpg 746w, https://blogsaverroes.juntadeandalucia.es/iesconchamendezcuesta/files/2024/12/IMG-20241221-WA0006-109x150.jpg 109w, https://blogsaverroes.juntadeandalucia.es/iesconchamendezcuesta/files/2024/12/IMG-20241221-WA0006-768x1055.jpg 768w, https://blogsaverroes.juntadeandalucia.es/iesconchamendezcuesta/files/2024/12/IMG-20241221-WA0006-1118x1536.jpg 1118w, https://blogsaverroes.juntadeandalucia.es/iesconchamendezcuesta/files/2024/12/IMG-20241221-WA0006.jpg 1170w" sizes="(max-width: 251px) 100vw, 251px" /></p>
<p style="text-align: justify"><span style="font-weight: 400">&nbsp; &nbsp; &nbsp; Mi nombre es Sergio Díaz y tengo el honor de dirigir, con un gran eq</span><span style="font-weight: 400">uipo de profesionales, el Instituto Concha Méndez Cuesta. Es mi primer año al frente del centro, pero anteriormente he estado siete cursos co</span>mo jefe de estudios, junto con, José Diego Lorente, Jorge Marín e Isabel Bugallo, como compañeros directivos.</p>
<p style="text-align: justify"><span style="font-weight: 400">&nbsp;&nbsp;&nbsp;&nbsp;&nbsp;Como muchos de vosotros sabréis, nuestro instituto abrió por primera vez sus puertas para iniciar el curso 2007-2008, como Sección del IES Los Manantiales, con tan sólo tres grupos de 1º de la ESO, y con alumnado proveniente en su mayoría del CEIP El Pinillo. Fue el año inaugural un curso único, en el que contamos con una plantilla provisional de profesores jóvenes y llenos de energía, planes y ganas de contribuir a hacer crecer a este bebé, que hoy día ya es considerado un gran centro (tipo B).</span></p>
<p style="text-align: justify"><span style="font-weight: 400">&nbsp;&nbsp;&nbsp;&nbsp;&nbsp;Con ese inmejorable ambiente, nos pusimos manos a la obra y trabajamos codo con codo en cuestiones tan diversas como la disciplina, la organización material del centro, las mejoras estructurales que estaban a nuestro alcance, etc. Y, muy importante, en la planificación de nuestra inauguración oficial y nominación.</span></p>
<p style="text-align: justify"><span style="font-weight: 400">&nbsp;&nbsp;&nbsp;&nbsp;&nbsp;Se pensó, inspirado por el aniversario de la Generación del 27, y siempre con la intención de acercarnos a nuestras raíces, rendir honor a una de las mujeres de este grupo, silenciada durante años como tantas, y que, además, tenía mucho que ver con Málaga gracias, entre otras cuestiones, a su matrimonio con Manuel Altolaguirre. Lo que comenzó como una simple idea pronto se convirtió en una realidad, al ser apoyada desde el principio por el Consejo Escolar, por nuestra entonces recién creada AMPA Los Olivares, por los compañeros, la inspección, la Delegación de Educación y demás organismos que luego contribuyeron al éxito que supuso tal iniciativa.</span></p>
<p style="text-align: justify"><span style="font-weight: 400">&nbsp;&nbsp;&nbsp;&nbsp;&nbsp;El día 30 de mayo se cumplió el sueño, contando con unas invitadas de excepción: Dª Paloma Altolaguirre Méndez, hija del matrimonio Concha Méndez y Manuel Altolaguirre, y Dª Teresa Jiménez Vílchez, nuestra Consejera de Educación en aquel entonces, que tuvo a bien compartir con nosotros un día tan especial, mostrándose interesada en su visita por los pequeños logros conseguidos durante un curso de mucho trabajo…</span></p>
<p style="text-align: justify"><span style="font-weight: 400">&nbsp;&nbsp;&nbsp;&nbsp;&nbsp;Asimismo, ese día se presentó nuestro anagrama, que pretende concentrar en una imagen algo abstracta la realidad que nos rodea y nos representa: el sol, el mar, los pinos, la torre que simboliza nuestra localidad de enclave; y un caballo, libremente convertido en onírico unicornio por el artista, que quiere recordar al&nbsp;</span><i><span style="font-weight: 400">Caballo Verde para la Poesía</span></i><span style="font-weight: 400">, en honor a Dª Concha Méndez Cuesta,&nbsp;</span><i><span style="font-weight: 400">CMC.</span></i><span style="font-weight: 400"> Toda esta simbología e ideales de representación fue puesta en manos de un artista, D. José M.ª F. Doña, que supo rápidamente plasmar de forma insuperable tanta pretensión en un dibujo que a todos agradó desde el principio y que hoy es nuestra seña de identidad.</span></p>
<p style="text-align: justify"><span style="font-weight: 400">&nbsp; &nbsp; &nbsp; En este, nuestro décimo octavo año de vida, contamos ya con una plantilla de 74 docentes, que, contagiados por este ánimo de progreso y trabajo diario, hacen de nuestro centro un lugar agradable y realmente productivo. Además, ya contamos con 4 líneas de bachillerato, que se inaugurara el curso 2018-19, después de una larga trayectoria de peticiones a las administraciones (una década), para que autorizaran dichas enseñanzas en nuestro instituto.</span></p>
<p style="text-align: justify"><span style="font-weight: 400">&nbsp; &nbsp; &nbsp; &nbsp; &nbsp; Ahora, contamos, además, con un nuevo edificio muy moderno, de unos 1000 metros, que dan cómoda cabida a nuestro alumnado actual, que ya supera las 800 personas. De igual manera el curso pasado se inauguró la segunda pista deportiva tan necesaria por el crecimiento del centro.</span></p>
<p style="text-align: justify"><span style="font-weight: 400">&nbsp; &nbsp; &nbsp; &nbsp; Y hablando del alumnado, con unos 950 en este curso, sin el cual nada de todo esto tiene sentido, pensamos que siente este espacio como su centro, su segunda casa y el que, día a día, crece con ellos. Los padres y madres son, en innumerables ocasiones, los que logran poner en práctica iniciativas, que no verían la luz sin la correspondiente coordinación entre todos nosotros.</span></p>
<p style="text-align: justify"><span style="font-weight: 400">&nbsp; &nbsp; &nbsp;Contamos este&nbsp;</span><b>curso 2025-26</b><span style="font-weight: 400"> con multitud de planes y programas como son: el Plan de uso de la Biblioteca Escolar, el Proyecto TDE (transformación digital educativa), Escuela Espacio de Paz, Coeducación, Bilingüismo (inglés), Prevención de Riesgos Laborales, Forma Joven, Plan de Prevención de la violencia de género, Aldea, AulaDjaque, ComunicA, Emprendimiento Educativo, Hábitos de Vida Saludable, Programas Culturales, Máster Secundaria, Prácticas CC. E. y Psicología, STEAM, Escuela «Espacio de Paz», Programa Más Equidad, Programa de Mediación escolar, etc. Somos, además, Centro de Apoyo a las Familias, y, por tanto, tenemos comedor escolar y actividades extraescolares por las tardes.</span></p>
<p style="text-align: justify"><span style="font-weight: 400">&nbsp; &nbsp; &nbsp; &nbsp; &nbsp;Somos una buena maquinaria, en la que todos y todas hacemos nuestra función y, así, vamos avanzando imparables.</span></p>

<p>&nbsp; &nbsp; &nbsp; Estimada comunidad educativa: &nbsp; &nbsp; &nbsp; Mi nombre es Sergio Díaz y tengo el honor de dirigir, con un gran equipo de profesionales, el Instituto Concha Méndez Cuesta. Es mi primer&#46;&#46;&#46;</p>
