{"id":35,"date":"2016-01-29T12:26:03","date_gmt":"2016-01-29T12:26:03","guid":{"rendered":"http:\/\/blogsaverroes.juntadeandalucia.es\/iesconchamendezcuesta\/?page_id=35"},"modified":"2022-09-19T04:31:17","modified_gmt":"2022-09-19T02:31:17","slug":"secretaria","status":"publish","type":"page","link":"https:\/\/blogsaverroes.juntadeandalucia.es\/iesconchamendezcuesta\/secretaria\/","title":{"rendered":"Secretar\u00eda"},"content":{"rendered":"<p><strong><u>HORARIO DE ATENCI\u00d3N PRESENCIAL AL P\u00daBLICO<\/u><\/strong><\/p>\n<ul>\n<li><strong>De 8:15 h a 10:15 h.<\/strong><\/li>\n<li><strong>De 13:45 h a 14:45 h<\/strong><\/li>\n<\/ul>\n<p><strong><u>HORARIO DE ATENCI\u00d3N AL ALUMNADO DEL CENTRO<\/u><\/strong><\/p>\n<ul>\n<li><strong>De 11:15 h a 11:35 h.<\/strong><\/li>\n<\/ul>\n<p><strong><u>HORARIO DE ATENCI\u00d3N 24 H<\/u><\/strong><\/p>\n<ul>\n<li><strong>A TRAV\u00c9S DE LA SECRETAR\u00cdA VIRTUAL.<\/strong><\/li>\n<\/ul>\n<p>PRESENTACI\u00d3N ELECTR\u00d3NICA GENERAL EN CENTROS EDUCATIVOS:<\/p>\n<p><a href=\"https:\/\/www.juntadeandalucia.es\/educacion\/secretariavirtual\/accesoTramite\/462\/\">https:\/\/www.juntadeandalucia.es\/educacion\/secretariavirtual\/accesoTramite\/462\/<\/a><\/p>\n<p>Por tel\u00e9fono 951293569<\/p>\n<p>&nbsp;<\/p>\n<p><a href=\"http:\/\/blogsaverroes.juntadeandalucia.es\/iesconchamendezcuesta\/files\/2016\/01\/logo.jpg\"><img fetchpriority=\"high\" decoding=\"async\" class=\"aligncenter size-medium wp-image-21\" src=\"http:\/\/blogsaverroes.juntadeandalucia.es\/iesconchamendezcuesta\/files\/2016\/01\/logo-300x207.jpg\" alt=\"logo\" width=\"300\" height=\"207\" srcset=\"https:\/\/blogsaverroes.juntadeandalucia.es\/iesconchamendezcuesta\/files\/2016\/01\/logo-300x207.jpg 300w, https:\/\/blogsaverroes.juntadeandalucia.es\/iesconchamendezcuesta\/files\/2016\/01\/logo.jpg 1008w\" sizes=\"(max-width: 300px) 100vw, 300px\" \/><\/a><\/p>\n","protected":false},"excerpt":{"rendered":"<p>HORARIO DE ATENCI\u00d3N PRESENCIAL AL P\u00daBLICO De 8:15 h a 10:15 h. De 13:45 h a 14:45 h HORARIO DE ATENCI\u00d3N AL ALUMNADO DEL CENTRO De 11:15 h a 11:35 h. HORARIO DE ATENCI\u00d3N&#46;&#46;&#46;<\/p>\n","protected":false},"author":1,"featured_media":0,"parent":0,"menu_order":0,"comment_status":"open","ping_status":"open","template":"","meta":{"ngg_post_thumbnail":0,"footnotes":""},"aioseo_notices":[],"_links":{"self":[{"href":"https:\/\/blogsaverroes.juntadeandalucia.es\/iesconchamendezcuesta\/wp-json\/wp\/v2\/pages\/35"}],"collection":[{"href":"https:\/\/blogsaverroes.juntadeandalucia.es\/iesconchamendezcuesta\/wp-json\/wp\/v2\/pages"}],"about":[{"href":"https:\/\/blogsaverroes.juntadeandalucia.es\/iesconchamendezcuesta\/wp-json\/wp\/v2\/types\/page"}],"author":[{"embeddable":true,"href":"https:\/\/blogsaverroes.juntadeandalucia.es\/iesconchamendezcuesta\/wp-json\/wp\/v2\/users\/1"}],"replies":[{"embeddable":true,"href":"https:\/\/blogsaverroes.juntadeandalucia.es\/iesconchamendezcuesta\/wp-json\/wp\/v2\/comments?post=35"}],"version-history":[{"count":6,"href":"https:\/\/blogsaverroes.juntadeandalucia.es\/iesconchamendezcuesta\/wp-json\/wp\/v2\/pages\/35\/revisions"}],"predecessor-version":[{"id":5364,"href":"https:\/\/blogsaverroes.juntadeandalucia.es\/iesconchamendezcuesta\/wp-json\/wp\/v2\/pages\/35\/revisions\/5364"}],"wp:attachment":[{"href":"https:\/\/blogsaverroes.juntadeandalucia.es\/iesconchamendezcuesta\/wp-json\/wp\/v2\/media?parent=35"}],"curies":[{"name":"wp","href":"https:\/\/api.w.org\/{rel}","templated":true}]}}

Secretaría

<p><strong><u>HORARIO DE ATENCIÓN PRESENCIAL AL PÚBLICO</u></strong></p>
<ul>
<li><strong>De 8:15 h a 10:15 h.</strong></li>
<li><strong>De 13:45 h a 14:45 h</strong></li>
</ul>
<p><strong><u>HORARIO DE ATENCIÓN AL ALUMNADO DEL CENTRO</u></strong></p>
<ul>
<li><strong>De 11:15 h a 11:35 h.</strong></li>
</ul>
<p><strong><u>HORARIO DE ATENCIÓN 24 H</u></strong></p>
<ul>
<li><strong>A TRAVÉS DE LA SECRETARÍA VIRTUAL.</strong></li>
</ul>
<p>PRESENTACIÓN ELECTRÓNICA GENERAL EN CENTROS EDUCATIVOS:</p>
<p><a href="https://www.juntadeandalucia.es/educacion/secretariavirtual/accesoTramite/462/">https://www.juntadeandalucia.es/educacion/secretariavirtual/accesoTramite/462/</a></p>
<p>Por teléfono 951293569</p>
<p>&nbsp;</p>
<p><a href="http://blogsaverroes.juntadeandalucia.es/iesconchamendezcuesta/files/2016/01/logo.jpg"><img fetchpriority="high" decoding="async" class="aligncenter size-medium wp-image-21" src="http://blogsaverroes.juntadeandalucia.es/iesconchamendezcuesta/files/2016/01/logo-300x207.jpg" alt="logo" width="300" height="207" srcset="https://blogsaverroes.juntadeandalucia.es/iesconchamendezcuesta/files/2016/01/logo-300x207.jpg 300w, https://blogsaverroes.juntadeandalucia.es/iesconchamendezcuesta/files/2016/01/logo.jpg 1008w" sizes="(max-width: 300px) 100vw, 300px" /></a></p>

<p>HORARIO DE ATENCIÓN PRESENCIAL AL PÚBLICO De 8:15 h a 10:15 h. De 13:45 h a 14:45 h HORARIO DE ATENCIÓN AL ALUMNADO DEL CENTRO De 11:15 h a 11:35 h. HORARIO DE ATENCIÓN&#46;&#46;&#46;</p>
