{"id":3931,"date":"2020-06-08T16:23:36","date_gmt":"2020-06-08T15:23:36","guid":{"rendered":"https:\/\/blogsaverroes.juntadeandalucia.es\/iesconchamendezcuesta\/?page_id=3931"},"modified":"2020-06-08T16:33:07","modified_gmt":"2020-06-08T15:33:07","slug":"pruebas-de-acceso-a-ciclos-formativos","status":"publish","type":"page","link":"https:\/\/blogsaverroes.juntadeandalucia.es\/iesconchamendezcuesta\/pruebas-de-acceso-a-ciclos-formativos\/","title":{"rendered":"Pruebas de acceso a ciclos formativos"},"content":{"rendered":"<p>Estimadas familias y alumnado, ha salido la convocatoria para realizar la prueba de acceso a ciclos formativos de grado medio y superior para el a\u00f1o 2020, <strong>que se realizar\u00e1 el pr\u00f3ximo 7 de septiembre.&nbsp;<\/strong><\/p>\n<p><strong>Grado Medio:<\/strong> dirigido al alumnado que no tenga previsi\u00f3n de obtener el t\u00edtulo de&nbsp; La ESO, quiera entrar en ciclos formativos de Formaci\u00f3n Profesional y tenga la edad de 17 a\u00f1os cumplidos o los cumpla en el a\u00f1o natural de celebraci\u00f3n de la prueba.<\/p>\n<p><strong>Grado Superior:<\/strong>&nbsp; dirigido a alumnado que no tenga previsi\u00f3n de obtener el t\u00edtulo de&nbsp; Bachillerato, quiera entrar en ciclos formativos de Formaci\u00f3n Profesional y tenga la edad de 19 a\u00f1os cumplidos o los cumpla en el a\u00f1o natural de celebraci\u00f3n de la prueba.<br \/>\n<span class=\"im\"><br \/>\n<strong>La inscripci\u00f3n ser\u00e1 del 22 de junio de 2020 al 3 de julio de 2020, ambos incluidos.<\/strong><\/p>\n<p>Para m\u00e1s informaci\u00f3n de la prueba de acceso a ciclos formativos, consultad este enlace:<\/p>\n<p><a href=\"https:\/\/www.juntadeandalucia.es\/educacion\/portals\/web\/formacion-profesional-andaluza\/quiero-formarme\/pruebas-y-procedimientos\/pruebas-acceso\" target=\"_blank\" rel=\"noopener noreferrer\" data-saferedirecturl=\"https:\/\/www.google.com\/url?q=https:\/\/www.juntadeandalucia.es\/educacion\/portals\/web\/formacion-profesional-andaluza\/quiero-formarme\/pruebas-y-procedimientos\/pruebas-acceso&amp;source=gmail&amp;ust=1591700085663000&amp;usg=AFQjCNF4CqD3e_8_p99yYI-Jrpi-h0w3FA\">https:\/\/www.juntadeandalucia.es\/educacion\/portals\/web\/formacion-profesional-andaluza\/quiero-formarme\/pruebas-y-procedimientos\/pruebas-acceso<\/a><\/span><\/p>\n","protected":false},"excerpt":{"rendered":"<p>Estimadas familias y alumnado, ha salido la convocatoria para realizar la prueba de acceso a ciclos formativos de grado medio y superior para el a\u00f1o 2020, que se realizar\u00e1 el pr\u00f3ximo 7 de septiembre.&nbsp;&#46;&#46;&#46;<\/p>\n","protected":false},"author":2960,"featured_media":0,"parent":0,"menu_order":0,"comment_status":"closed","ping_status":"closed","template":"","meta":{"ngg_post_thumbnail":0,"footnotes":""},"aioseo_notices":[],"_links":{"self":[{"href":"https:\/\/blogsaverroes.juntadeandalucia.es\/iesconchamendezcuesta\/wp-json\/wp\/v2\/pages\/3931"}],"collection":[{"href":"https:\/\/blogsaverroes.juntadeandalucia.es\/iesconchamendezcuesta\/wp-json\/wp\/v2\/pages"}],"about":[{"href":"https:\/\/blogsaverroes.juntadeandalucia.es\/iesconchamendezcuesta\/wp-json\/wp\/v2\/types\/page"}],"author":[{"embeddable":true,"href":"https:\/\/blogsaverroes.juntadeandalucia.es\/iesconchamendezcuesta\/wp-json\/wp\/v2\/users\/2960"}],"replies":[{"embeddable":true,"href":"https:\/\/blogsaverroes.juntadeandalucia.es\/iesconchamendezcuesta\/wp-json\/wp\/v2\/comments?post=3931"}],"version-history":[{"count":3,"href":"https:\/\/blogsaverroes.juntadeandalucia.es\/iesconchamendezcuesta\/wp-json\/wp\/v2\/pages\/3931\/revisions"}],"predecessor-version":[{"id":3941,"href":"https:\/\/blogsaverroes.juntadeandalucia.es\/iesconchamendezcuesta\/wp-json\/wp\/v2\/pages\/3931\/revisions\/3941"}],"wp:attachment":[{"href":"https:\/\/blogsaverroes.juntadeandalucia.es\/iesconchamendezcuesta\/wp-json\/wp\/v2\/media?parent=3931"}],"curies":[{"name":"wp","href":"https:\/\/api.w.org\/{rel}","templated":true}]}}

<p>Estimadas familias y alumnado, ha salido la convocatoria para realizar la prueba de acceso a ciclos formativos de grado medio y superior para el año 2020, <strong>que se realizará el próximo 7 de septiembre.&nbsp;</strong></p>
<p><strong>Grado Medio:</strong> dirigido al alumnado que no tenga previsión de obtener el título de&nbsp; La ESO, quiera entrar en ciclos formativos de Formación Profesional y tenga la edad de 17 años cumplidos o los cumpla en el año natural de celebración de la prueba.</p>
<p><strong>Grado Superior:</strong>&nbsp; dirigido a alumnado que no tenga previsión de obtener el título de&nbsp; Bachillerato, quiera entrar en ciclos formativos de Formación Profesional y tenga la edad de 19 años cumplidos o los cumpla en el año natural de celebración de la prueba.<br />
<span class="im"><br />
<strong>La inscripción será del 22 de junio de 2020 al 3 de julio de 2020, ambos incluidos.</strong></p>
<p>Para más información de la prueba de acceso a ciclos formativos, consultad este enlace:</p>
<p><a href="https://www.juntadeandalucia.es/educacion/portals/web/formacion-profesional-andaluza/quiero-formarme/pruebas-y-procedimientos/pruebas-acceso" target="_blank" rel="noopener noreferrer" data-saferedirecturl="https://www.google.com/url?q=https://www.juntadeandalucia.es/educacion/portals/web/formacion-profesional-andaluza/quiero-formarme/pruebas-y-procedimientos/pruebas-acceso&amp;source=gmail&amp;ust=1591700085663000&amp;usg=AFQjCNF4CqD3e_8_p99yYI-Jrpi-h0w3FA">https://www.juntadeandalucia.es/educacion/portals/web/formacion-profesional-andaluza/quiero-formarme/pruebas-y-procedimientos/pruebas-acceso</a></span></p>

<p>Estimadas familias y alumnado, ha salido la convocatoria para realizar la prueba de acceso a ciclos formativos de grado medio y superior para el año 2020, que se realizará el próximo 7 de septiembre.&nbsp;&#46;&#46;&#46;</p>
