{"id":44,"date":"2020-01-10T09:48:31","date_gmt":"2020-01-10T08:48:31","guid":{"rendered":"http:\/\/blogsaverroes.juntadeandalucia.es\/pre\/nuevoies2v2\/?page_id=44"},"modified":"2025-01-29T20:21:12","modified_gmt":"2025-01-29T19:21:12","slug":"inicio","status":"publish","type":"page","link":"https:\/\/blogsaverroes.juntadeandalucia.es\/iescuencaminera\/","title":{"rendered":"Inicio"},"content":{"rendered":"<div class=\"cntDescripcion\">\n<p>&nbsp;&nbsp;&nbsp; El IES Cuenca Minera se encuentra situado en la localidad de Minas de Riotinto, en la zona este de la provincia de Huelva (And\u00e9valo Oriental), cerca del entorno del Parque Natural Sierra de Aracena y Picos de Aroche. La actividad principal de la zona, hasta hace muy poco, era la miner\u00eda. Actualmente se desarrolla una creciente actividad agr\u00edcola, especialmente el cultivo de frutales, y de servicios, con particular menci\u00f3n del turismo.<\/p>\n<p>&nbsp;&nbsp;&nbsp; El IES Cuenca Minera (antigua Escuela de Formaci\u00f3n Profesional de la Sagrada Familia -SAFA-), comenz\u00f3 a escribir su historia un 21 de noviembre de 1959 cuando la Compa\u00f1\u00eda Espa\u00f1ola de Minas de Riotinto S.A. la construy\u00f3 para la formaci\u00f3n de los hijos de sus trabajadores.<\/p>\n<p><img decoding=\"async\" class=\"aligncenter\" src=\"https:\/\/blogsaverroes.juntadeandalucia.es\/iescuencaminera\/files\/2021\/05\/cropped-foto-IES-2-1.jpg\" alt=\"Inicio - I.E.S. Cuenca Minera\"><\/p>\n<div>\n<h2><span style=\"color: #ff0000\"><em><span style=\"text-decoration: underline\"><span style=\"font-size: 14pt\"><strong>Datos del Centro<\/strong><\/span><\/span><\/em><\/span><\/h2>\n<div><span style=\"color: #ff0000\">Direcci\u00f3n Postal:<\/span><\/div>\n<div><span style=\"color: #0000ff\"><strong>Av. Juan Ram\u00f3n Jim\u00e9nez s\/n<\/strong><\/span><\/div>\n<div><span style=\"color: #0000ff\"><strong>C.P. 21660<\/strong><\/span><\/div>\n<div><span style=\"color: #0000ff\"><strong>Minas de Riotinto (Huelva)<\/strong><\/span><\/div>\n<div>&nbsp;<\/div>\n<div><span style=\"color: #ff0000\">Tel\u00e9fonos y correo electr\u00f3nico:<\/span><\/div>\n<p><strong>Centralita:<\/strong>&nbsp; 671 53 86 87&nbsp;&nbsp;&nbsp;&nbsp;&nbsp; (corporativo 638 687) <strong><br \/>\n<\/strong>&nbsp; <strong>FAX:<\/strong> &nbsp;&nbsp;&nbsp;&nbsp;&nbsp;&nbsp;&nbsp;&nbsp;&nbsp;&nbsp; 959 59 89 19&nbsp;&nbsp;&nbsp;&nbsp;(corporativo 295 919)<strong><br \/>\ne-Mail:&nbsp;&nbsp;&nbsp;&nbsp;&nbsp;&nbsp;&nbsp;&nbsp;&nbsp; <\/strong>21700290.edu@juntadeandalucia.es<\/p>\n<p><span style=\"text-decoration: underline\"><em><span style=\"font-size: 14pt\"><strong>C\u00f3mo llegar<\/strong><\/span><\/em><\/span><\/p>\n<p><a title=\"C\u00f3mo llegar\" href=\"https:\/\/www.google.es\/maps\/place\/Instituto+De+Educaci%C3%B3n+Secundaria+Cuenca+Minera\/@37.6942142,-6.6008191,17z\/data=!3m1!4b1!4m12!1m6!3m5!1s0xd119b43c6fbd695:0x3ff8af04f2b925e8!2sInstituto+De+Educaci%C3%B3n+Secundaria+Cuenca+Minera!8m2!3d37.6943074!4d-6.5986045!3m4!1s0xd119b43c6fbd695:0x3ff8af04f2b925e8!8m2!3d37.6943074!4d-6.5986045?hl=es\" target=\"_blank\" rel=\"noopener noreferrer\"><img loading=\"lazy\" decoding=\"async\" class=\"alignnone size-medium wp-image-729\" src=\"https:\/\/blogsaverroes.juntadeandalucia.es\/iescuencaminera\/files\/2021\/05\/llegar2-300x204.png\" alt=\"\" width=\"300\" height=\"204\" srcset=\"https:\/\/blogsaverroes.juntadeandalucia.es\/iescuencaminera\/files\/2021\/05\/llegar2-300x204.png 300w, https:\/\/blogsaverroes.juntadeandalucia.es\/iescuencaminera\/files\/2021\/05\/llegar2-1024x695.png 1024w, https:\/\/blogsaverroes.juntadeandalucia.es\/iescuencaminera\/files\/2021\/05\/llegar2-768x522.png 768w, https:\/\/blogsaverroes.juntadeandalucia.es\/iescuencaminera\/files\/2021\/05\/llegar2-700x475.png 700w, https:\/\/blogsaverroes.juntadeandalucia.es\/iescuencaminera\/files\/2021\/05\/llegar2-332x225.png 332w, https:\/\/blogsaverroes.juntadeandalucia.es\/iescuencaminera\/files\/2021\/05\/llegar2.png 1253w\" sizes=\"(max-width: 300px) 100vw, 300px\" \/><\/a><\/p>\n<div class=\"wp-menu-arrow\">&nbsp;<\/div>\n<p>&nbsp;<\/p>\n<\/div>\n<\/div>\n","protected":false},"excerpt":{"rendered":"<p>&nbsp;&nbsp;&nbsp; El IES Cuenca Minera se encuentra situado en la localidad de Minas de Riotinto, en la zona este de la provincia de Huelva (And\u00e9valo&hellip;<\/p>\n","protected":false},"author":7051,"featured_media":0,"parent":0,"menu_order":0,"comment_status":"closed","ping_status":"closed","template":"","meta":{"ngg_post_thumbnail":0,"footnotes":""},"aioseo_notices":[],"_links":{"self":[{"href":"https:\/\/blogsaverroes.juntadeandalucia.es\/iescuencaminera\/wp-json\/wp\/v2\/pages\/44"}],"collection":[{"href":"https:\/\/blogsaverroes.juntadeandalucia.es\/iescuencaminera\/wp-json\/wp\/v2\/pages"}],"about":[{"href":"https:\/\/blogsaverroes.juntadeandalucia.es\/iescuencaminera\/wp-json\/wp\/v2\/types\/page"}],"author":[{"embeddable":true,"href":"https:\/\/blogsaverroes.juntadeandalucia.es\/iescuencaminera\/wp-json\/wp\/v2\/users\/7051"}],"replies":[{"embeddable":true,"href":"https:\/\/blogsaverroes.juntadeandalucia.es\/iescuencaminera\/wp-json\/wp\/v2\/comments?post=44"}],"version-history":[{"count":20,"href":"https:\/\/blogsaverroes.juntadeandalucia.es\/iescuencaminera\/wp-json\/wp\/v2\/pages\/44\/revisions"}],"predecessor-version":[{"id":799,"href":"https:\/\/blogsaverroes.juntadeandalucia.es\/iescuencaminera\/wp-json\/wp\/v2\/pages\/44\/revisions\/799"}],"wp:attachment":[{"href":"https:\/\/blogsaverroes.juntadeandalucia.es\/iescuencaminera\/wp-json\/wp\/v2\/media?parent=44"}],"curies":[{"name":"wp","href":"https:\/\/api.w.org\/{rel}","templated":true}]}}

<div class="cntDescripcion">
<p>&nbsp;&nbsp;&nbsp; El IES Cuenca Minera se encuentra situado en la localidad de Minas de Riotinto, en la zona este de la provincia de Huelva (Andévalo Oriental), cerca del entorno del Parque Natural Sierra de Aracena y Picos de Aroche. La actividad principal de la zona, hasta hace muy poco, era la minería. Actualmente se desarrolla una creciente actividad agrícola, especialmente el cultivo de frutales, y de servicios, con particular mención del turismo.</p>
<p>&nbsp;&nbsp;&nbsp; El IES Cuenca Minera (antigua Escuela de Formación Profesional de la Sagrada Familia -SAFA-), comenzó a escribir su historia un 21 de noviembre de 1959 cuando la Compañía Española de Minas de Riotinto S.A. la construyó para la formación de los hijos de sus trabajadores.</p>
<p><img decoding="async" class="aligncenter" src="https://blogsaverroes.juntadeandalucia.es/iescuencaminera/files/2021/05/cropped-foto-IES-2-1.jpg" alt="Inicio - I.E.S. Cuenca Minera"></p>
<div>
<h2><span style="color: #ff0000"><em><span style="text-decoration: underline"><span style="font-size: 14pt"><strong>Datos del Centro</strong></span></span></em></span></h2>
<div><span style="color: #ff0000">Dirección Postal:</span></div>
<div><span style="color: #0000ff"><strong>Av. Juan Ramón Jiménez s/n</strong></span></div>
<div><span style="color: #0000ff"><strong>C.P. 21660</strong></span></div>
<div><span style="color: #0000ff"><strong>Minas de Riotinto (Huelva)</strong></span></div>
<div>&nbsp;</div>
<div><span style="color: #ff0000">Teléfonos y correo electrónico:</span></div>
<p><strong>Centralita:</strong>&nbsp; 671 53 86 87&nbsp;&nbsp;&nbsp;&nbsp;&nbsp; (corporativo 638 687) <strong><br />
</strong>&nbsp; <strong>FAX:</strong> &nbsp;&nbsp;&nbsp;&nbsp;&nbsp;&nbsp;&nbsp;&nbsp;&nbsp;&nbsp; 959 59 89 19&nbsp;&nbsp;&nbsp;&nbsp;(corporativo 295 919)<strong><br />
e-Mail:&nbsp;&nbsp;&nbsp;&nbsp;&nbsp;&nbsp;&nbsp;&nbsp;&nbsp; </strong>21700290.edu@juntadeandalucia.es</p>
<p><span style="text-decoration: underline"><em><span style="font-size: 14pt"><strong>Cómo llegar</strong></span></em></span></p>
<p><a title="Cómo llegar" href="https://www.google.es/maps/place/Instituto+De+Educaci%C3%B3n+Secundaria+Cuenca+Minera/@37.6942142,-6.6008191,17z/data=!3m1!4b1!4m12!1m6!3m5!1s0xd119b43c6fbd695:0x3ff8af04f2b925e8!2sInstituto+De+Educaci%C3%B3n+Secundaria+Cuenca+Minera!8m2!3d37.6943074!4d-6.5986045!3m4!1s0xd119b43c6fbd695:0x3ff8af04f2b925e8!8m2!3d37.6943074!4d-6.5986045?hl=es" target="_blank" rel="noopener noreferrer"><img loading="lazy" decoding="async" class="alignnone size-medium wp-image-729" src="https://blogsaverroes.juntadeandalucia.es/iescuencaminera/files/2021/05/llegar2-300x204.png" alt="" width="300" height="204" srcset="https://blogsaverroes.juntadeandalucia.es/iescuencaminera/files/2021/05/llegar2-300x204.png 300w, https://blogsaverroes.juntadeandalucia.es/iescuencaminera/files/2021/05/llegar2-1024x695.png 1024w, https://blogsaverroes.juntadeandalucia.es/iescuencaminera/files/2021/05/llegar2-768x522.png 768w, https://blogsaverroes.juntadeandalucia.es/iescuencaminera/files/2021/05/llegar2-700x475.png 700w, https://blogsaverroes.juntadeandalucia.es/iescuencaminera/files/2021/05/llegar2-332x225.png 332w, https://blogsaverroes.juntadeandalucia.es/iescuencaminera/files/2021/05/llegar2.png 1253w" sizes="(max-width: 300px) 100vw, 300px" /></a></p>
<div class="wp-menu-arrow">&nbsp;</div>
<p>&nbsp;</p>
</div>
</div>

<p>&nbsp;&nbsp;&nbsp; El IES Cuenca Minera se encuentra situado en la localidad de Minas de Riotinto, en la zona este de la provincia de Huelva (Andévalo&hellip;</p>
