{"id":2372,"date":"2017-09-12T22:16:11","date_gmt":"2017-09-12T20:16:11","guid":{"rendered":"http:\/\/blogsaverroes.juntadeandalucia.es\/iesdiegoangulo\/?page_id=2372"},"modified":"2021-09-28T19:56:08","modified_gmt":"2021-09-28T17:56:08","slug":"informatica","status":"publish","type":"page","link":"https:\/\/blogsaverroes.juntadeandalucia.es\/iesdiegoangulo\/informatica\/","title":{"rendered":"Inform\u00e1tica"},"content":{"rendered":"<p>Departamento de Inform\u00e1tica<\/p>\n<p style=\"text-align: right\"><a href=\"https:\/\/blogsaverroes.juntadeandalucia.es\/iesdiegoangulo\/files\/2021\/09\/INF.jpeg\"><img loading=\"lazy\" decoding=\"async\" class=\"aligncenter size-full wp-image-3555\" src=\"https:\/\/blogsaverroes.juntadeandalucia.es\/iesdiegoangulo\/files\/2021\/09\/INF.jpeg\" alt=\"\" width=\"280\" height=\"180\"><\/a><strong>Jefe de Departamento:<\/strong>&nbsp;JOAQU\u00cdN HERN\u00c1NDEZ TOR\u00c9<\/p>\n<p style=\"text-align: justify\">El mundo actual es cambiante de manera vertiginosa y esto influyendo que los requerimientos de sociedades sean mayores y espec\u00edficos. Todo se transforma a una velocidad impresionante, en aras del bienestar social; pues si no quisi\u00e9ramos asistir a una mejor calidad de vida, los cient\u00edficos y tecn\u00f3logos no siguieran innovando. En sentido, la inform\u00e1tica dio giro radical a la existencia humana con procesos para administrar datos;&nbsp;promoviendo la inform\u00e1tica y la sociedad.<span id=\"more-245\"><\/span>En absolutamente todo lo que se haga en la cotidianidad, se requiere de la inform\u00e1tica. Hoy todo est\u00e1 automatizado y la informaci\u00f3n almacenada en dispositivos m\u00f3viles siendo transmitida en tiempo real en todo el globo; sean datos de voz, imagen, mensajer\u00eda instant\u00e1nea, todo se maneja en redes de informaci\u00f3n y todo est\u00e1 interconectado.<\/p>\n<p style=\"text-align: justify\">La inform\u00e1tica est\u00e1 presente en cada paso que da el hombre en su vida. Eso no solo es un gran beneficio, sino que adem\u00e1s es necesario en virtud de la evoluci\u00f3n de las sociedades. El hombre, al igual que todo elemento en el universo, es c\u00edclico, cambiante; y el ritmo de vida que lleva reclama esa <strong>transformaci\u00f3n tecnol\u00f3gica<\/strong>.<\/p>\n<p style=\"text-align: justify\">La presencia de la inform\u00e1tica es indispensable para los seres humanos en la sociedad; el <strong>procesamiento de datos<\/strong> para realizar tareas habituales que conlleven comunicaci\u00f3n, conocimiento e informaci\u00f3n entra a m\u00e1s lugares del planeta; al punto que se han superado las dificultades econ\u00f3micas en la gran mayor\u00eda de las innovaciones tecnol\u00f3gicas de la informaci\u00f3n. Esto permite mantener conectados incluso a los lugares m\u00e1s rec\u00f3nditos del planeta, \u201cla inform\u00e1tica ha hecho posible todo esto\u201d.<\/p>\n<p style=\"text-align: justify\">En el aspecto cultural, las tecnolog\u00edas inform\u00e1ticas aplicadas a las distintas artes como la m\u00fasica, el cine y el teatro han tra\u00eddo la evoluci\u00f3n en estos campos. La&nbsp;<strong>digitalizaci\u00f3n y creaci\u00f3n de sonidos<\/strong>&nbsp;de diversos instrumentos, los efectos especiales,&nbsp;<strong>tecnificaci\u00f3n de la imagen,<\/strong>&nbsp;la creaci\u00f3n del mejoramiento de la data para un resultado final que incremente el bienestar en la experiencia de usuario, han sido clave para el desarrollo de las industrias del entretenimiento y la gran responsable de ello es nada m\u00e1s y nada menos que la inform\u00e1tica.<\/p>\n<p style=\"text-align: justify\">En el \u00e1rea cient\u00edfica, las investigaciones han logrado un adelanto significativo a trav\u00e9s de la inform\u00e1tica. El an\u00e1lisis de trazas, sustancias en sus distintos estados ahora es una realidad gracias a este componente tecnol\u00f3gico que ofreci\u00f3 la <strong>inform\u00e1tica a la ciencia<\/strong>.<\/p>\n<p style=\"text-align: justify\">La <strong>cuantificaci\u00f3n de procesos y sus resultados<\/strong>, necesarios para predecir reacciones o generar productos, mejorar procesos, agilizar la interpretaci\u00f3n del fruto de experimentos, desarrollar nuevas teor\u00edas, incluso crear modelos tecnol\u00f3gicos y cient\u00edficos a partir del procesamiento de data y su transmisi\u00f3n eficaz, son de suma importancia para el desarrollo de las ciencias todas.<\/p>\n<p style=\"text-align: justify\">El avance que ha aportado la inform\u00e1tica a la ciencia coloca a la humanidad veinte o quiz\u00e1s m\u00e1s a\u00f1os delante de lo que estuviesen en el momento actual de seguir con los m\u00e9todos arcaicos.<\/p>\n<p style=\"text-align: justify\"><strong>La medicina<\/strong> es uno de los campos donde se han visto m\u00e1s beneficios del uso de la inform\u00e1tica, la digitalizaci\u00f3n del conocimiento y la producci\u00f3n de <strong>informaci\u00f3n electr\u00f3nica<\/strong>, as\u00ed como la transmisi\u00f3n de datos. No s\u00f3lo es utilizada en la elaboraci\u00f3n de f\u00e1rmacos, sino en el diagn\u00f3stico e imagenolog\u00eda, colecta de data,&nbsp; procesamiento y an\u00e1lisis de muestras que permiten conocer el estado de salud de una persona. Con un muy peque\u00f1o margen de error gracias a la exactitud de los c\u00e1lculos inform\u00e1ticos que se realizan durante la ejecuci\u00f3n de la tarea por medio de los dispositivos dispuestos para ello.<\/p>\n<p style=\"text-align: justify\">Uno de los campos dentro de la medicina donde ha hecho reciente aparici\u00f3n y con muy buenos rendimientos la inform\u00e1tica es en el <strong>uso data en m\u00e1quinas<\/strong> para cirug\u00edas asistidas.<\/p>\n<p style=\"text-align: justify\">La inform\u00e1tica es una creaci\u00f3n humana que a su vez ha sido usada en todos los dem\u00e1s campos de la vida para su crecimiento, desarrollo y expansi\u00f3n, de modo que la humanidad conozca la evoluci\u00f3n a pasos acelerados de su especie en v\u00edas de mejorar su calidad de vida a la par de su entorno, para el beneficio de todos los seres vivos.<\/p>\n<p style=\"text-align: justify\">Es por ello que la inform\u00e1tica est\u00e1 presente en el cuidado del medio ambiente y la ecolog\u00eda.<\/p>\n<p style=\"text-align: justify\">Finalmente, la inform\u00e1tica es crucial para crear sistemas que re\u00fanan informaci\u00f3n de los procesos de cada \u00e1rea funcional de las organizaciones. De modo que indiquen a los expertos analistas en cu\u00e1les aspectos se requiere la intervenci\u00f3n humana, para optimizar los planes de trabajo en busca de una mayor productividad.<\/p>\n<p style=\"text-align: justify\">Sirve tambi\u00e9n para crear bases y programas que realicen las tareas habituales en menos tiempo y m\u00e1s f\u00e1ciles. La automatizaci\u00f3n de los ambientes laborales reduce costos al minimizar la mano de obra y horas\/hombre en los procesos. Y aumenta la calidad del resultado que se desea obtener.<\/p>\n<p style=\"text-align: justify\">La sociedad, no s\u00f3lo est\u00e1 felizmente condenada a crecer a la par del desarrollo de la tecnolog\u00eda, sino que la inform\u00e1tica ha hecho <strong>cambios sociales<\/strong> en los sujetos, de modo que las personas perciben su entorno de otra manera desde la perspectiva de la automatizaci\u00f3n y la informaci\u00f3n, no es posible concebir nada sin que medie la inform\u00e1tica, lo cual es simplemente brillante y totalmente evolutivo para la humanidad, siempre tendiente a la transformaci\u00f3n.<\/p>\n<p style=\"text-align: justify\">&nbsp;<\/p>\n<p style=\"text-align: left\">&nbsp;<\/p>\n","protected":false},"excerpt":{"rendered":"<p>Departamento de Inform\u00e1tica Jefe de Departamento:&nbsp;JOAQU\u00cdN HERN\u00c1NDEZ TOR\u00c9 El mundo actual es cambiante de manera vertiginosa y esto influyendo que los requerimientos de sociedades sean&hellip;<\/p>\n","protected":false},"author":4298,"featured_media":0,"parent":0,"menu_order":0,"comment_status":"closed","ping_status":"closed","template":"","meta":{"footnotes":""},"aioseo_notices":[],"_links":{"self":[{"href":"https:\/\/blogsaverroes.juntadeandalucia.es\/iesdiegoangulo\/wp-json\/wp\/v2\/pages\/2372"}],"collection":[{"href":"https:\/\/blogsaverroes.juntadeandalucia.es\/iesdiegoangulo\/wp-json\/wp\/v2\/pages"}],"about":[{"href":"https:\/\/blogsaverroes.juntadeandalucia.es\/iesdiegoangulo\/wp-json\/wp\/v2\/types\/page"}],"author":[{"embeddable":true,"href":"https:\/\/blogsaverroes.juntadeandalucia.es\/iesdiegoangulo\/wp-json\/wp\/v2\/users\/4298"}],"replies":[{"embeddable":true,"href":"https:\/\/blogsaverroes.juntadeandalucia.es\/iesdiegoangulo\/wp-json\/wp\/v2\/comments?post=2372"}],"version-history":[{"count":4,"href":"https:\/\/blogsaverroes.juntadeandalucia.es\/iesdiegoangulo\/wp-json\/wp\/v2\/pages\/2372\/revisions"}],"predecessor-version":[{"id":3556,"href":"https:\/\/blogsaverroes.juntadeandalucia.es\/iesdiegoangulo\/wp-json\/wp\/v2\/pages\/2372\/revisions\/3556"}],"wp:attachment":[{"href":"https:\/\/blogsaverroes.juntadeandalucia.es\/iesdiegoangulo\/wp-json\/wp\/v2\/media?parent=2372"}],"curies":[{"name":"wp","href":"https:\/\/api.w.org\/{rel}","templated":true}]}}