{"id":1238,"date":"2022-02-23T19:23:48","date_gmt":"2022-02-23T18:23:48","guid":{"rendered":"https:\/\/blogsaverroes.juntadeandalucia.es\/iesdonana\/?page_id=1238"},"modified":"2022-03-14T10:13:17","modified_gmt":"2022-03-14T09:13:17","slug":"extension-de-matricula","status":"publish","type":"page","link":"https:\/\/blogsaverroes.juntadeandalucia.es\/iesdonana\/extension-de-matricula\/","title":{"rendered":"Extensi\u00f3n de Matr\u00edcula"},"content":{"rendered":"<p>[et_pb_section fb_built=&#8221;1&#8243; admin_label=&#8221;section&#8221; _builder_version=&#8221;3.22&#8243; global_colors_info=&#8221;{}&#8221;][et_pb_row _builder_version=&#8221;4.14.5&#8243; _module_preset=&#8221;default&#8221; global_colors_info=&#8221;{}&#8221;][et_pb_column type=&#8221;4_4&#8243; _builder_version=&#8221;4.14.5&#8243; _module_preset=&#8221;default&#8221; global_colors_info=&#8221;{}&#8221;][et_pb_text _builder_version=&#8221;4.14.5&#8243; _module_preset=&#8221;default&#8221; global_colors_info=&#8221;{}&#8221;]<\/p>\n<p style=\"text-align: center\"><strong><span style=\"color: #003366;font-size: 24pt\">Extensi\u00f3n de Matr\u00edcula<\/span><\/strong><\/p>\n<hr>\n<p>&nbsp;<\/p>\n<p>[\/et_pb_text][\/et_pb_column][\/et_pb_row][et_pb_row column_structure=&#8221;2_5,3_5&#8243; admin_label=&#8221;row&#8221; _builder_version=&#8221;3.25&#8243; background_size=&#8221;initial&#8221; background_position=&#8221;top_left&#8221; background_repeat=&#8221;repeat&#8221; custom_padding=&#8221;24px|||||&#8221; global_colors_info=&#8221;{}&#8221;][et_pb_column type=&#8221;2_5&#8243; _builder_version=&#8221;3.25&#8243; custom_padding=&#8221;|||&#8221; global_colors_info=&#8221;{}&#8221; custom_padding__hover=&#8221;|||&#8221;][et_pb_image src=&#8221;https:\/\/blogsaverroes.juntadeandalucia.es\/iesdonana\/files\/2022\/02\/FP_Convalidaciones-scaled.jpg&#8221; title_text=&#8221;FP_Convalidaciones&#8221; align=&#8221;center&#8221; _builder_version=&#8221;4.14.5&#8243; _module_preset=&#8221;default&#8221; custom_margin=&#8221;-20px||-20px||true|false&#8221; custom_padding=&#8221;2px||||false|false&#8221; box_shadow_style=&#8221;preset2&#8243; global_colors_info=&#8221;{}&#8221;][\/et_pb_image][\/et_pb_column][et_pb_column type=&#8221;3_5&#8243; _builder_version=&#8221;3.25&#8243; custom_padding=&#8221;|||&#8221; global_colors_info=&#8221;{}&#8221; custom_padding__hover=&#8221;|||&#8221;][et_pb_text _builder_version=&#8221;4.14.5&#8243; _module_preset=&#8221;default&#8221; custom_margin=&#8221;-51px|||||&#8221; custom_padding=&#8221;45px|0px||||&#8221; hover_enabled=&#8221;0&#8243; custom_css_after=&#8221;table, tr, td {||border: none;||}&#8221; global_colors_info=&#8221;{}&#8221; sticky_enabled=&#8221;0&#8243;]<\/p>\n<p style=\"text-align: justify\">El alumno que tras el proceso de convalidaci\u00f3n, re\u00fana las condiciones para poder cursar m\u00f3dulos profesionales de primer y segundo curso en los que no estuviera inicialmente matriculado, podr\u00e1 solicitar a la direcci\u00f3n del centro la extensi\u00f3n de la matricula, siempre que se cumplan las condiciones que sobre carga horario y compatibilidad de horario marca la norma, es decir:<\/p>\n<p style=\"text-align: justify\"><em>\u201cSi la carga horaria de los m\u00f3dulos profesionales no superados de primer curso es igual o inferior al 50 % de las horas totales, el alumno podr\u00e1 optar por repetir s\u00f3lo los m\u00f3dulos profesionales no superados, o matricularse de \u00e9stos y de m\u00f3dulos de segundo, utilizando la oferta parcial, siempre que la carga horario que se curse no sepa superior a 1.000 horas lectivas en ese curso escolar y el horario lectivo de dichos m\u00f3dulos profesionales sea compatible, permitiendo la asistencia y evaluaci\u00f3n continua en todos ellos\u201d.<\/em><\/p>\n<p style=\"text-align: center\"><span style=\"color: #003366\"><a style=\"color: #003366\" href=\"https:\/\/blogsaverroes.juntadeandalucia.es\/iesdonana\/files\/2022\/03\/FP_S.-AMPLIACI\u00d3N-DE-M.-PARA-REPETIDORES-DE-1\u00ba.pdf\" target=\"_blank\" rel=\"noopener noreferrer\"><strong>Formulario&nbsp; Extensi\u00f3n de Matr\u00edcula<\/strong><\/a><\/span><\/p>\n<p>[\/et_pb_text][\/et_pb_column][\/et_pb_row][\/et_pb_section]<\/p>\n","protected":false},"excerpt":{"rendered":"<p>Extensi\u00f3n de Matr\u00edcula &nbsp;El alumno que tras el proceso de convalidaci\u00f3n, re\u00fana las condiciones para poder cursar m\u00f3dulos profesionales de primer y segundo curso en los que no estuviera inicialmente matriculado, podr\u00e1 solicitar a la direcci\u00f3n del centro la extensi\u00f3n de la matricula, siempre que se cumplan las condiciones que sobre carga horario y compatibilidad [&hellip;]<\/p>\n","protected":false},"author":14634,"featured_media":0,"parent":0,"menu_order":0,"comment_status":"closed","ping_status":"closed","template":"page-template-blank.php","meta":{"_et_pb_use_builder":"on","_et_pb_old_content":"","_et_gb_content_width":"","ngg_post_thumbnail":0,"footnotes":""},"aioseo_notices":[],"_links":{"self":[{"href":"https:\/\/blogsaverroes.juntadeandalucia.es\/iesdonana\/wp-json\/wp\/v2\/pages\/1238"}],"collection":[{"href":"https:\/\/blogsaverroes.juntadeandalucia.es\/iesdonana\/wp-json\/wp\/v2\/pages"}],"about":[{"href":"https:\/\/blogsaverroes.juntadeandalucia.es\/iesdonana\/wp-json\/wp\/v2\/types\/page"}],"author":[{"embeddable":true,"href":"https:\/\/blogsaverroes.juntadeandalucia.es\/iesdonana\/wp-json\/wp\/v2\/users\/14634"}],"replies":[{"embeddable":true,"href":"https:\/\/blogsaverroes.juntadeandalucia.es\/iesdonana\/wp-json\/wp\/v2\/comments?post=1238"}],"version-history":[{"count":5,"href":"https:\/\/blogsaverroes.juntadeandalucia.es\/iesdonana\/wp-json\/wp\/v2\/pages\/1238\/revisions"}],"predecessor-version":[{"id":1365,"href":"https:\/\/blogsaverroes.juntadeandalucia.es\/iesdonana\/wp-json\/wp\/v2\/pages\/1238\/revisions\/1365"}],"wp:attachment":[{"href":"https:\/\/blogsaverroes.juntadeandalucia.es\/iesdonana\/wp-json\/wp\/v2\/media?parent=1238"}],"curies":[{"name":"wp","href":"https:\/\/api.w.org\/{rel}","templated":true}]}}

Extensión de Matrícula

<p>[et_pb_section fb_built=&#8221;1&#8243; admin_label=&#8221;section&#8221; _builder_version=&#8221;3.22&#8243; global_colors_info=&#8221;{}&#8221;][et_pb_row _builder_version=&#8221;4.14.5&#8243; _module_preset=&#8221;default&#8221; global_colors_info=&#8221;{}&#8221;][et_pb_column type=&#8221;4_4&#8243; _builder_version=&#8221;4.14.5&#8243; _module_preset=&#8221;default&#8221; global_colors_info=&#8221;{}&#8221;][et_pb_text _builder_version=&#8221;4.14.5&#8243; _module_preset=&#8221;default&#8221; global_colors_info=&#8221;{}&#8221;]</p>
<p style="text-align: center"><strong><span style="color: #003366;font-size: 24pt">Extensión de Matrícula</span></strong></p>
<hr>
<p>&nbsp;</p>
<p>[/et_pb_text][/et_pb_column][/et_pb_row][et_pb_row column_structure=&#8221;2_5,3_5&#8243; admin_label=&#8221;row&#8221; _builder_version=&#8221;3.25&#8243; background_size=&#8221;initial&#8221; background_position=&#8221;top_left&#8221; background_repeat=&#8221;repeat&#8221; custom_padding=&#8221;24px|||||&#8221; global_colors_info=&#8221;{}&#8221;][et_pb_column type=&#8221;2_5&#8243; _builder_version=&#8221;3.25&#8243; custom_padding=&#8221;|||&#8221; global_colors_info=&#8221;{}&#8221; custom_padding__hover=&#8221;|||&#8221;][et_pb_image src=&#8221;https://blogsaverroes.juntadeandalucia.es/iesdonana/files/2022/02/FP_Convalidaciones-scaled.jpg&#8221; title_text=&#8221;FP_Convalidaciones&#8221; align=&#8221;center&#8221; _builder_version=&#8221;4.14.5&#8243; _module_preset=&#8221;default&#8221; custom_margin=&#8221;-20px||-20px||true|false&#8221; custom_padding=&#8221;2px||||false|false&#8221; box_shadow_style=&#8221;preset2&#8243; global_colors_info=&#8221;{}&#8221;][/et_pb_image][/et_pb_column][et_pb_column type=&#8221;3_5&#8243; _builder_version=&#8221;3.25&#8243; custom_padding=&#8221;|||&#8221; global_colors_info=&#8221;{}&#8221; custom_padding__hover=&#8221;|||&#8221;][et_pb_text _builder_version=&#8221;4.14.5&#8243; _module_preset=&#8221;default&#8221; custom_margin=&#8221;-51px|||||&#8221; custom_padding=&#8221;45px|0px||||&#8221; hover_enabled=&#8221;0&#8243; custom_css_after=&#8221;table, tr, td {||border: none;||}&#8221; global_colors_info=&#8221;{}&#8221; sticky_enabled=&#8221;0&#8243;]</p>
<p style="text-align: justify">El alumno que tras el proceso de convalidación, reúna las condiciones para poder cursar módulos profesionales de primer y segundo curso en los que no estuviera inicialmente matriculado, podrá solicitar a la dirección del centro la extensión de la matricula, siempre que se cumplan las condiciones que sobre carga horario y compatibilidad de horario marca la norma, es decir:</p>
<p style="text-align: justify"><em>“Si la carga horaria de los módulos profesionales no superados de primer curso es igual o inferior al 50 % de las horas totales, el alumno podrá optar por repetir sólo los módulos profesionales no superados, o matricularse de éstos y de módulos de segundo, utilizando la oferta parcial, siempre que la carga horario que se curse no sepa superior a 1.000 horas lectivas en ese curso escolar y el horario lectivo de dichos módulos profesionales sea compatible, permitiendo la asistencia y evaluación continua en todos ellos”.</em></p>
<p style="text-align: center"><span style="color: #003366"><a style="color: #003366" href="https://blogsaverroes.juntadeandalucia.es/iesdonana/files/2022/03/FP_S.-AMPLIACIÓN-DE-M.-PARA-REPETIDORES-DE-1º.pdf" target="_blank" rel="noopener noreferrer"><strong>Formulario&nbsp; Extensión de Matrícula</strong></a></span></p>
<p>[/et_pb_text][/et_pb_column][/et_pb_row][/et_pb_section]</p>

<p>Extensión de Matrícula &nbsp;El alumno que tras el proceso de convalidación, reúna las condiciones para poder cursar módulos profesionales de primer y segundo curso en los que no estuviera inicialmente matriculado, podrá solicitar a la dirección del centro la extensión de la matricula, siempre que se cumplan las condiciones que sobre carga horario y compatibilidad [&hellip;]</p>
