{"id":198,"date":"2013-12-03T09:30:42","date_gmt":"2013-12-03T09:30:42","guid":{"rendered":"http:\/\/www.iesduquederivas.es\/wordpress\/?page_id=198"},"modified":"2026-03-17T11:01:57","modified_gmt":"2026-03-17T10:01:57","slug":"equipo-directivo-2","status":"publish","type":"page","link":"https:\/\/blogsaverroes.juntadeandalucia.es\/iesduquederivas\/equipo-directivo-2\/","title":{"rendered":"Equipo  directivo"},"content":{"rendered":"<p><span style=\"font-family: helvetica, arial, sans-serif;font-size: 14pt\">El equipo directivo de nuestro Centro est\u00e1 formado por los siguientes miembros del profesorado:<\/span><\/p>\n<ul style=\"list-style-type: square\">\n<li><span style=\"font-family: helvetica, arial, sans-serif;font-size: 14pt\"><span style=\"color: #3366ff\">Director<\/span>: Juan Antonio Mu\u00f1oz Flores<\/span><\/li>\n<li><span style=\"font-family: helvetica, arial, sans-serif;font-size: 14pt\"><span style=\"color: #3366ff\">Jefa de Estudios<\/span>: Mar\u00eda Dolores Garrido Jim\u00e9nez<\/span><\/li>\n<li><span style=\"font-family: helvetica, arial, sans-serif;font-size: 14pt\"><span style=\"color: #3366ff\">Secretario<\/span>: Antonio Moya Ruiz<\/span><\/li>\n<\/ul>\n","protected":false},"excerpt":{"rendered":"<p>El equipo directivo de nuestro Centro est\u00e1 formado por los siguientes miembros del profesorado: Director: Juan Antonio Mu\u00f1oz Flores Jefa de Estudios: Mar\u00eda Dolores Garrido Jim\u00e9nez Secretario: Antonio Moya Ruiz<\/p>\n","protected":false},"author":8456,"featured_media":0,"parent":0,"menu_order":8,"comment_status":"closed","ping_status":"closed","template":"","meta":{"ngg_post_thumbnail":0,"footnotes":""},"aioseo_notices":[],"_links":{"self":[{"href":"https:\/\/blogsaverroes.juntadeandalucia.es\/iesduquederivas\/wp-json\/wp\/v2\/pages\/198"}],"collection":[{"href":"https:\/\/blogsaverroes.juntadeandalucia.es\/iesduquederivas\/wp-json\/wp\/v2\/pages"}],"about":[{"href":"https:\/\/blogsaverroes.juntadeandalucia.es\/iesduquederivas\/wp-json\/wp\/v2\/types\/page"}],"author":[{"embeddable":true,"href":"https:\/\/blogsaverroes.juntadeandalucia.es\/iesduquederivas\/wp-json\/wp\/v2\/users\/8456"}],"replies":[{"embeddable":true,"href":"https:\/\/blogsaverroes.juntadeandalucia.es\/iesduquederivas\/wp-json\/wp\/v2\/comments?post=198"}],"version-history":[{"count":5,"href":"https:\/\/blogsaverroes.juntadeandalucia.es\/iesduquederivas\/wp-json\/wp\/v2\/pages\/198\/revisions"}],"predecessor-version":[{"id":10504,"href":"https:\/\/blogsaverroes.juntadeandalucia.es\/iesduquederivas\/wp-json\/wp\/v2\/pages\/198\/revisions\/10504"}],"wp:attachment":[{"href":"https:\/\/blogsaverroes.juntadeandalucia.es\/iesduquederivas\/wp-json\/wp\/v2\/media?parent=198"}],"curies":[{"name":"wp","href":"https:\/\/api.w.org\/{rel}","templated":true}]}}

<p><span style="font-family: helvetica, arial, sans-serif;font-size: 14pt">El equipo directivo de nuestro Centro está formado por los siguientes miembros del profesorado:</span></p>
<ul style="list-style-type: square">
<li><span style="font-family: helvetica, arial, sans-serif;font-size: 14pt"><span style="color: #3366ff">Director</span>: Juan Antonio Muñoz Flores</span></li>
<li><span style="font-family: helvetica, arial, sans-serif;font-size: 14pt"><span style="color: #3366ff">Jefa de Estudios</span>: María Dolores Garrido Jiménez</span></li>
<li><span style="font-family: helvetica, arial, sans-serif;font-size: 14pt"><span style="color: #3366ff">Secretario</span>: Antonio Moya Ruiz</span></li>
</ul>

<p>El equipo directivo de nuestro Centro está formado por los siguientes miembros del profesorado: Director: Juan Antonio Muñoz Flores Jefa de Estudios: María Dolores Garrido Jiménez Secretario: Antonio Moya Ruiz</p>
