{"id":25,"date":"2013-11-22T10:25:44","date_gmt":"2013-11-22T10:25:44","guid":{"rendered":"http:\/\/www.iesduquederivas.es\/wordpress\/?page_id=19"},"modified":"2026-03-17T11:10:11","modified_gmt":"2026-03-17T10:10:11","slug":"nuestro-centro","status":"publish","type":"page","link":"https:\/\/blogsaverroes.juntadeandalucia.es\/iesduquederivas\/nuestro-centro\/","title":{"rendered":"Nuestro Centro"},"content":{"rendered":"<p style=\"text-align: left\" data-start=\"208\" data-end=\"653\">El IES Duque de Rivas, situado en la localidad de Hornachuelos (C\u00f3rdoba), es un centro p\u00fablico de Educaci\u00f3n Secundaria comprometido con la formaci\u00f3n integral de su alumnado y la mejora continua de la calidad educativa. Ubicado en un entorno natural privilegiado en la Sierra Morena cordobesa, el centro se caracteriza por su cercan\u00eda, su car\u00e1cter innovador y su implicaci\u00f3n con la comunidad educativa.<\/p>\n<p style=\"text-align: left\" data-start=\"655\" data-end=\"989\">Actualmente, el instituto cuenta con un equipo docente formado por m\u00e1s de 25 profesores y una comunidad educativa de m\u00e1s de 150 alumnos, distribuidos entre las ense\u00f1anzas de Educaci\u00f3n Secundaria Obligatoria (ESO), aula espec\u00edfica y Formaci\u00f3n Profesional B\u00e1sica de la rama de metalurgia.<\/p>\n<p style=\"text-align: left\" data-start=\"991\" data-end=\"1350\">El centro ofrece una educaci\u00f3n adaptada a las necesidades del alumnado, fomentando tanto el desarrollo acad\u00e9mico como personal. Destaca especialmente su oferta de Formaci\u00f3n Profesional B\u00e1sica en Fabricaci\u00f3n de Elementos Met\u00e1licos, que permite al alumnado adquirir competencias pr\u00e1cticas orientadas al mundo laboral.<\/p>\n<p style=\"text-align: left\" data-start=\"1630\" data-end=\"1817\">En definitiva, se trata de un centro educativo cercano y din\u00e1mico, que apuesta por una ense\u00f1anza de calidad y por la formaci\u00f3n de ciudadanos preparados para afrontar los retos del futuro.<\/p>\n<p data-start=\"1630\" data-end=\"1817\">Si necesitas contactar con nosotros puedes escribir a la siguiente direcci\u00f3n de correo: 14700353.edu@juntadeandalucia.es&nbsp;<\/p>\n<p>Donde encontrarnos:<\/p>\n<p><iframe src=\"https:\/\/www.google.com\/maps\/embed?pb=!1m14!1m12!1m3!1d2675.2668614127456!2d-5.2521181963409465!3d37.83139371484938!2m3!1f0!2f0!3f0!3m2!1i1024!2i768!4f13.1!5e1!3m2!1ses!2s!4v1386151956805\" width=\"400\" height=\"300\" frameborder=\"0\"><\/iframe><\/p>\n<p>&nbsp;<\/p>\n<p>&nbsp;<\/p>\n","protected":false},"excerpt":{"rendered":"<p>El IES Duque de Rivas, situado en la localidad de Hornachuelos (C\u00f3rdoba), es un centro p\u00fablico de Educaci\u00f3n Secundaria comprometido con la formaci\u00f3n integral de su alumnado y la mejora continua de la calidad&#46;&#46;&#46;<\/p>\n","protected":false},"author":8456,"featured_media":0,"parent":0,"menu_order":1,"comment_status":"closed","ping_status":"open","template":"","meta":{"ngg_post_thumbnail":0,"footnotes":""},"aioseo_notices":[],"_links":{"self":[{"href":"https:\/\/blogsaverroes.juntadeandalucia.es\/iesduquederivas\/wp-json\/wp\/v2\/pages\/25"}],"collection":[{"href":"https:\/\/blogsaverroes.juntadeandalucia.es\/iesduquederivas\/wp-json\/wp\/v2\/pages"}],"about":[{"href":"https:\/\/blogsaverroes.juntadeandalucia.es\/iesduquederivas\/wp-json\/wp\/v2\/types\/page"}],"author":[{"embeddable":true,"href":"https:\/\/blogsaverroes.juntadeandalucia.es\/iesduquederivas\/wp-json\/wp\/v2\/users\/8456"}],"replies":[{"embeddable":true,"href":"https:\/\/blogsaverroes.juntadeandalucia.es\/iesduquederivas\/wp-json\/wp\/v2\/comments?post=25"}],"version-history":[{"count":3,"href":"https:\/\/blogsaverroes.juntadeandalucia.es\/iesduquederivas\/wp-json\/wp\/v2\/pages\/25\/revisions"}],"predecessor-version":[{"id":10505,"href":"https:\/\/blogsaverroes.juntadeandalucia.es\/iesduquederivas\/wp-json\/wp\/v2\/pages\/25\/revisions\/10505"}],"wp:attachment":[{"href":"https:\/\/blogsaverroes.juntadeandalucia.es\/iesduquederivas\/wp-json\/wp\/v2\/media?parent=25"}],"curies":[{"name":"wp","href":"https:\/\/api.w.org\/{rel}","templated":true}]}}