{"id":198,"date":"2015-03-17T09:55:36","date_gmt":"2015-03-17T09:55:36","guid":{"rendered":"http:\/\/blogsaverroes.juntadeandalucia.es\/pre\/ceip\/?page_id=198"},"modified":"2016-11-24T10:47:33","modified_gmt":"2016-11-24T10:47:33","slug":"que-es-el-ampa","status":"publish","type":"page","link":"https:\/\/blogsaverroes.juntadeandalucia.es\/ieselalmijar\/que-es-el-ampa\/","title":{"rendered":"Noticias AMPA \u00abEL ALBA\u00bb"},"content":{"rendered":"<p><a href=\"http:\/\/blogsaverroes.juntadeandalucia.es\/ieselalmijar\/files\/2015\/03\/INFO-AMPA.jpg\"><img loading=\"lazy\" decoding=\"async\" class=\"aligncenter size-full wp-image-3042\" src=\"http:\/\/blogsaverroes.juntadeandalucia.es\/ieselalmijar\/files\/2015\/03\/INFO-AMPA.jpg\" alt=\"INFO AMPA\" width=\"842\" height=\"672\" srcset=\"https:\/\/blogsaverroes.juntadeandalucia.es\/ieselalmijar\/files\/2015\/03\/INFO-AMPA.jpg 842w, https:\/\/blogsaverroes.juntadeandalucia.es\/ieselalmijar\/files\/2015\/03\/INFO-AMPA-300x239.jpg 300w, https:\/\/blogsaverroes.juntadeandalucia.es\/ieselalmijar\/files\/2015\/03\/INFO-AMPA-700x559.jpg 700w\" sizes=\"(max-width: 842px) 100vw, 842px\" \/><\/a><\/p>\n<p>La Consejer\u00eda de Educaci\u00f3n pone a disposici\u00f3n de los centros educativos p\u00fablicos andaluces espect\u00e1culos del Teatro Real<\/p>\n<p><a href=\"http:\/\/portals.ced.junta-andalucia.es\/educacion\/portals\/web\/ced\/novedades\/-\/contenidos\/detalle\/la-consejeria-de-educacion-pone-a-disposicion-de-los-centros-educativos-publicos-andaluces-espectaculos-del-teatro-real-1koitib7g15o7\">http:\/\/portals.ced.junta-andalucia.es\/educacion\/portals\/web\/ced\/novedades\/-\/contenidos\/detalle\/la-consejeria-de-educacion-pone-a-disposicion-de-los-centros-educativos-publicos-andaluces-espectaculos-del-teatro-real-1koitib7g15o7<\/a><\/p>\n","protected":false},"excerpt":{"rendered":"<p>La Consejer\u00eda de Educaci\u00f3n pone a disposici\u00f3n de los centros educativos p\u00fablicos andaluces espect\u00e1culos del Teatro Real http:\/\/portals.ced.junta-andalucia.es\/educacion\/portals\/web\/ced\/novedades\/-\/contenidos\/detalle\/la-consejeria-de-educacion-pone-a-disposicion-de-los-centros-educativos-publicos-andaluces-espectaculos-del-teatro-real-1koitib7g15o7<\/p>\n","protected":false},"author":1,"featured_media":0,"parent":0,"menu_order":0,"comment_status":"closed","ping_status":"open","template":"template-full-width.php","meta":{"ngg_post_thumbnail":0,"footnotes":"","_mc_calendar":[]},"aioseo_notices":[],"_links":{"self":[{"href":"https:\/\/blogsaverroes.juntadeandalucia.es\/ieselalmijar\/wp-json\/wp\/v2\/pages\/198"}],"collection":[{"href":"https:\/\/blogsaverroes.juntadeandalucia.es\/ieselalmijar\/wp-json\/wp\/v2\/pages"}],"about":[{"href":"https:\/\/blogsaverroes.juntadeandalucia.es\/ieselalmijar\/wp-json\/wp\/v2\/types\/page"}],"author":[{"embeddable":true,"href":"https:\/\/blogsaverroes.juntadeandalucia.es\/ieselalmijar\/wp-json\/wp\/v2\/users\/1"}],"replies":[{"embeddable":true,"href":"https:\/\/blogsaverroes.juntadeandalucia.es\/ieselalmijar\/wp-json\/wp\/v2\/comments?post=198"}],"version-history":[{"count":9,"href":"https:\/\/blogsaverroes.juntadeandalucia.es\/ieselalmijar\/wp-json\/wp\/v2\/pages\/198\/revisions"}],"predecessor-version":[{"id":3043,"href":"https:\/\/blogsaverroes.juntadeandalucia.es\/ieselalmijar\/wp-json\/wp\/v2\/pages\/198\/revisions\/3043"}],"wp:attachment":[{"href":"https:\/\/blogsaverroes.juntadeandalucia.es\/ieselalmijar\/wp-json\/wp\/v2\/media?parent=198"}],"curies":[{"name":"wp","href":"https:\/\/api.w.org\/{rel}","templated":true}]}}

<p><a href="http://blogsaverroes.juntadeandalucia.es/ieselalmijar/files/2015/03/INFO-AMPA.jpg"><img loading="lazy" decoding="async" class="aligncenter size-full wp-image-3042" src="http://blogsaverroes.juntadeandalucia.es/ieselalmijar/files/2015/03/INFO-AMPA.jpg" alt="INFO AMPA" width="842" height="672" srcset="https://blogsaverroes.juntadeandalucia.es/ieselalmijar/files/2015/03/INFO-AMPA.jpg 842w, https://blogsaverroes.juntadeandalucia.es/ieselalmijar/files/2015/03/INFO-AMPA-300x239.jpg 300w, https://blogsaverroes.juntadeandalucia.es/ieselalmijar/files/2015/03/INFO-AMPA-700x559.jpg 700w" sizes="(max-width: 842px) 100vw, 842px" /></a></p>
<p>La Consejería de Educación pone a disposición de los centros educativos públicos andaluces espectáculos del Teatro Real</p>
<p><a href="http://portals.ced.junta-andalucia.es/educacion/portals/web/ced/novedades/-/contenidos/detalle/la-consejeria-de-educacion-pone-a-disposicion-de-los-centros-educativos-publicos-andaluces-espectaculos-del-teatro-real-1koitib7g15o7">http://portals.ced.junta-andalucia.es/educacion/portals/web/ced/novedades/-/contenidos/detalle/la-consejeria-de-educacion-pone-a-disposicion-de-los-centros-educativos-publicos-andaluces-espectaculos-del-teatro-real-1koitib7g15o7</a></p>

<p>La Consejería de Educación pone a disposición de los centros educativos públicos andaluces espectáculos del Teatro Real http://portals.ced.junta-andalucia.es/educacion/portals/web/ced/novedades/-/contenidos/detalle/la-consejeria-de-educacion-pone-a-disposicion-de-los-centros-educativos-publicos-andaluces-espectaculos-del-teatro-real-1koitib7g15o7</p>
