{"id":3181,"date":"2017-02-08T11:43:44","date_gmt":"2017-02-08T11:43:44","guid":{"rendered":"http:\/\/blogsaverroes.juntadeandalucia.es\/ieselalmijar\/?page_id=3181"},"modified":"2022-10-24T09:15:17","modified_gmt":"2022-10-24T09:15:17","slug":"biblioteca-novedades","status":"publish","type":"page","link":"https:\/\/blogsaverroes.juntadeandalucia.es\/ieselalmijar\/biblioteca\/biblioteca-novedades\/","title":{"rendered":"Biblioteca novedades"},"content":{"rendered":"<p>Nuevo blog Biblioteca escolar del Centro Adela Ruiz<\/p>\n<p><a href=\"https:\/\/www.juntadeandalucia.es\/educacion\/senecav2\/seneca\/biblioweb\/portal\/29700941\">https:\/\/www.juntadeandalucia.es\/educacion\/senecav2\/seneca\/biblioweb\/portal\/29700941<\/a><\/p>\n<p><a href=\"https:\/\/blogsaverroes.juntadeandalucia.es\/ieselalmijar\/files\/2022\/10\/biblio.jpg\"><img loading=\"lazy\" decoding=\"async\" class=\"alignleft size-thumbnail wp-image-8934\" src=\"https:\/\/blogsaverroes.juntadeandalucia.es\/ieselalmijar\/files\/2022\/10\/biblio-150x150.jpg\" alt=\"\" width=\"150\" height=\"150\" srcset=\"https:\/\/blogsaverroes.juntadeandalucia.es\/ieselalmijar\/files\/2022\/10\/biblio-150x150.jpg 150w, https:\/\/blogsaverroes.juntadeandalucia.es\/ieselalmijar\/files\/2022\/10\/biblio-80x80.jpg 80w, https:\/\/blogsaverroes.juntadeandalucia.es\/ieselalmijar\/files\/2022\/10\/biblio-320x320.jpg 320w\" sizes=\"(max-width: 150px) 100vw, 150px\" \/><\/a><\/p>\n<p>&nbsp;<\/p>\n<p>&nbsp;<\/p>\n<p>&nbsp;<\/p>\n<p>&nbsp;<\/p>\n<h2>&nbsp;<\/h2>\n<h2><em><strong>MOCHILAS VIAJERAS<\/strong><\/em><\/h2>\n<p>Estimados padres y madres,<br \/>\nComo saben, la lectura es un instrumento primordial para el aprendizaje y el desarrollo personal, social y emocional de los adolescentes. Leer es un proceso complejo que requiere un esfuerzo inicial. De ah\u00ed la necesidad de que les guiemos y les acompa\u00f1emos. Por ello, hemos puesto en marcha el proyecto \u00abLA MOCHILA VIAJERA\u00bb, con el que queremos fomentar la lectura compartida en la familia. Hemos seleccionado un grupo de lecturas destinadas a todos los miembros de la casa, los hemos metido en una mochila y lo hemos puesto a su disposici\u00f3n. Si est\u00e1n interesados en tener la mochila&nbsp; viajera en pr\u00e9stamo en casa durante dos semanas, contacten con Patricia o cualquier miembro del equipo de apoyo de la Biblioteca del IES El Almijar.<br \/>\nMuchas gracias<br \/>\n<img loading=\"lazy\" decoding=\"async\" class=\"aligncenter wp-image-3183\" src=\"http:\/\/blogsaverroes.juntadeandalucia.es\/ieselalmijar\/files\/2017\/02\/Screenshot_2017-02-08-11-27-28.png\" alt=\"Screenshot_2017-02-08-11-27-28\" width=\"575\" height=\"1011\" srcset=\"https:\/\/blogsaverroes.juntadeandalucia.es\/ieselalmijar\/files\/2017\/02\/Screenshot_2017-02-08-11-27-28-14x24.png 14w, https:\/\/blogsaverroes.juntadeandalucia.es\/ieselalmijar\/files\/2017\/02\/Screenshot_2017-02-08-11-27-28-20x36.png 20w, https:\/\/blogsaverroes.juntadeandalucia.es\/ieselalmijar\/files\/2017\/02\/Screenshot_2017-02-08-11-27-28-27x48.png 27w\" sizes=\"(max-width: 575px) 100vw, 575px\" \/><\/p>\n<h2><em><strong>COECINE<\/strong><\/em><\/h2>\n<p>Desde la Biblioteca escolar se est\u00e1 llevando a cabo proyecciones de pel\u00edculas durante los recreos, COECINE.<br \/>\nAqu\u00ed se adjunta la cartelera correspondiente a las 5 semanas que dura la actividad.<br \/>\nMuchas gracias<\/p>\n<p><a href=\"http:\/\/blogsaverroes.juntadeandalucia.es\/ieselalmijar\/files\/2017\/02\/Screenshot_2017-02-08-11-27-01.png\"><img loading=\"lazy\" decoding=\"async\" class=\"aligncenter wp-image-3182\" src=\"http:\/\/blogsaverroes.juntadeandalucia.es\/ieselalmijar\/files\/2017\/02\/Screenshot_2017-02-08-11-27-01.png\" alt=\"Screenshot_2017-02-08-11-27-01\" width=\"484\" height=\"854\" srcset=\"https:\/\/blogsaverroes.juntadeandalucia.es\/ieselalmijar\/files\/2017\/02\/Screenshot_2017-02-08-11-27-01-14x24.png 14w, https:\/\/blogsaverroes.juntadeandalucia.es\/ieselalmijar\/files\/2017\/02\/Screenshot_2017-02-08-11-27-01-20x36.png 20w, https:\/\/blogsaverroes.juntadeandalucia.es\/ieselalmijar\/files\/2017\/02\/Screenshot_2017-02-08-11-27-01-27x48.png 27w\" sizes=\"(max-width: 484px) 100vw, 484px\" \/><\/a><\/p>\n","protected":false},"excerpt":{"rendered":"<p>Nuevo blog Biblioteca escolar del Centro Adela Ruiz https:\/\/www.juntadeandalucia.es\/educacion\/senecav2\/seneca\/biblioweb\/portal\/29700941 &nbsp; &nbsp; &nbsp; &nbsp; &nbsp; MOCHILAS VIAJERAS Estimados padres y madres, Como saben, la lectura es un instrumento primordial para el aprendizaje y el desarrollo&#46;&#46;&#46;<\/p>\n","protected":false},"author":2392,"featured_media":0,"parent":113,"menu_order":0,"comment_status":"closed","ping_status":"closed","template":"","meta":{"ngg_post_thumbnail":0,"footnotes":"","_mc_calendar":[]},"aioseo_notices":[],"_links":{"self":[{"href":"https:\/\/blogsaverroes.juntadeandalucia.es\/ieselalmijar\/wp-json\/wp\/v2\/pages\/3181"}],"collection":[{"href":"https:\/\/blogsaverroes.juntadeandalucia.es\/ieselalmijar\/wp-json\/wp\/v2\/pages"}],"about":[{"href":"https:\/\/blogsaverroes.juntadeandalucia.es\/ieselalmijar\/wp-json\/wp\/v2\/types\/page"}],"author":[{"embeddable":true,"href":"https:\/\/blogsaverroes.juntadeandalucia.es\/ieselalmijar\/wp-json\/wp\/v2\/users\/2392"}],"replies":[{"embeddable":true,"href":"https:\/\/blogsaverroes.juntadeandalucia.es\/ieselalmijar\/wp-json\/wp\/v2\/comments?post=3181"}],"version-history":[{"count":5,"href":"https:\/\/blogsaverroes.juntadeandalucia.es\/ieselalmijar\/wp-json\/wp\/v2\/pages\/3181\/revisions"}],"predecessor-version":[{"id":8936,"href":"https:\/\/blogsaverroes.juntadeandalucia.es\/ieselalmijar\/wp-json\/wp\/v2\/pages\/3181\/revisions\/8936"}],"up":[{"embeddable":true,"href":"https:\/\/blogsaverroes.juntadeandalucia.es\/ieselalmijar\/wp-json\/wp\/v2\/pages\/113"}],"wp:attachment":[{"href":"https:\/\/blogsaverroes.juntadeandalucia.es\/ieselalmijar\/wp-json\/wp\/v2\/media?parent=3181"}],"curies":[{"name":"wp","href":"https:\/\/api.w.org\/{rel}","templated":true}]}}

<p>Nuevo blog Biblioteca escolar del Centro Adela Ruiz</p>
<p><a href="https://www.juntadeandalucia.es/educacion/senecav2/seneca/biblioweb/portal/29700941">https://www.juntadeandalucia.es/educacion/senecav2/seneca/biblioweb/portal/29700941</a></p>
<p><a href="https://blogsaverroes.juntadeandalucia.es/ieselalmijar/files/2022/10/biblio.jpg"><img loading="lazy" decoding="async" class="alignleft size-thumbnail wp-image-8934" src="https://blogsaverroes.juntadeandalucia.es/ieselalmijar/files/2022/10/biblio-150x150.jpg" alt="" width="150" height="150" srcset="https://blogsaverroes.juntadeandalucia.es/ieselalmijar/files/2022/10/biblio-150x150.jpg 150w, https://blogsaverroes.juntadeandalucia.es/ieselalmijar/files/2022/10/biblio-80x80.jpg 80w, https://blogsaverroes.juntadeandalucia.es/ieselalmijar/files/2022/10/biblio-320x320.jpg 320w" sizes="(max-width: 150px) 100vw, 150px" /></a></p>
<p>&nbsp;</p>
<p>&nbsp;</p>
<p>&nbsp;</p>
<p>&nbsp;</p>
<h2>&nbsp;</h2>
<h2><em><strong>MOCHILAS VIAJERAS</strong></em></h2>
<p>Estimados padres y madres,<br />
Como saben, la lectura es un instrumento primordial para el aprendizaje y el desarrollo personal, social y emocional de los adolescentes. Leer es un proceso complejo que requiere un esfuerzo inicial. De ahí la necesidad de que les guiemos y les acompañemos. Por ello, hemos puesto en marcha el proyecto «LA MOCHILA VIAJERA», con el que queremos fomentar la lectura compartida en la familia. Hemos seleccionado un grupo de lecturas destinadas a todos los miembros de la casa, los hemos metido en una mochila y lo hemos puesto a su disposición. Si están interesados en tener la mochila&nbsp; viajera en préstamo en casa durante dos semanas, contacten con Patricia o cualquier miembro del equipo de apoyo de la Biblioteca del IES El Almijar.<br />
Muchas gracias<br />
<img loading="lazy" decoding="async" class="aligncenter wp-image-3183" src="http://blogsaverroes.juntadeandalucia.es/ieselalmijar/files/2017/02/Screenshot_2017-02-08-11-27-28.png" alt="Screenshot_2017-02-08-11-27-28" width="575" height="1011" srcset="https://blogsaverroes.juntadeandalucia.es/ieselalmijar/files/2017/02/Screenshot_2017-02-08-11-27-28-14x24.png 14w, https://blogsaverroes.juntadeandalucia.es/ieselalmijar/files/2017/02/Screenshot_2017-02-08-11-27-28-20x36.png 20w, https://blogsaverroes.juntadeandalucia.es/ieselalmijar/files/2017/02/Screenshot_2017-02-08-11-27-28-27x48.png 27w" sizes="(max-width: 575px) 100vw, 575px" /></p>
<h2><em><strong>COECINE</strong></em></h2>
<p>Desde la Biblioteca escolar se está llevando a cabo proyecciones de películas durante los recreos, COECINE.<br />
Aquí se adjunta la cartelera correspondiente a las 5 semanas que dura la actividad.<br />
Muchas gracias</p>
<p><a href="http://blogsaverroes.juntadeandalucia.es/ieselalmijar/files/2017/02/Screenshot_2017-02-08-11-27-01.png"><img loading="lazy" decoding="async" class="aligncenter wp-image-3182" src="http://blogsaverroes.juntadeandalucia.es/ieselalmijar/files/2017/02/Screenshot_2017-02-08-11-27-01.png" alt="Screenshot_2017-02-08-11-27-01" width="484" height="854" srcset="https://blogsaverroes.juntadeandalucia.es/ieselalmijar/files/2017/02/Screenshot_2017-02-08-11-27-01-14x24.png 14w, https://blogsaverroes.juntadeandalucia.es/ieselalmijar/files/2017/02/Screenshot_2017-02-08-11-27-01-20x36.png 20w, https://blogsaverroes.juntadeandalucia.es/ieselalmijar/files/2017/02/Screenshot_2017-02-08-11-27-01-27x48.png 27w" sizes="(max-width: 484px) 100vw, 484px" /></a></p>
