{"id":373,"date":"2015-03-18T10:25:52","date_gmt":"2015-03-18T10:25:52","guid":{"rendered":"http:\/\/blogsaverroes.juntadeandalucia.es\/pre\/ceip\/?page_id=373"},"modified":"2023-11-24T10:46:30","modified_gmt":"2023-11-24T10:46:30","slug":"materiales-recursos-2","status":"publish","type":"page","link":"https:\/\/blogsaverroes.juntadeandalucia.es\/ieselalmijar\/frances\/materiales-recursos-2\/","title":{"rendered":"Programaciones, Ex\u00e1menes, Materiales, recursos\u2026"},"content":{"rendered":"<h3><strong>Programaci\u00f3n Curso 2023\/2024:<\/strong><\/h3>\n<p><strong><a href=\"https:\/\/blogsaverroes.juntadeandalucia.es\/ieselalmijar\/files\/2023\/11\/FRANC\u00c9S-1\u00ba-4\u00ba-ESO.pdf\" target=\"_blank\" rel=\"noopener noreferrer\">FRANC\u00c9S (1\u00ba-4\u00ba ESO)<\/a><\/strong><\/p>\n<h3><strong>Programaci\u00f3n Curso 2021\/2022:<\/strong><\/h3>\n<h3><a href=\"https:\/\/blogsaverroes.juntadeandalucia.es\/ieselalmijar\/files\/2021\/12\/franc\u00e9s-programaci\u00f3n-2021-2022-El-Almijar.-21-22.pdf\" target=\"_blank\" rel=\"noopener noreferrer\">franc\u00e9s programaci\u00f3n 2021-2022 (El Almijar.-21-22)<\/a><\/h3>\n<h3><em><strong>Programaci\u00f3n Curso 2020:\/2021<\/strong><\/em><\/h3>\n<h3><a href=\"https:\/\/blogsaverroes.juntadeandalucia.es\/ieselalmijar\/files\/2020\/11\/franc\u00e9s-programaci\u00f3n-2020-2021.pdf\" target=\"_blank\" rel=\"noopener noreferrer\">Franc\u00e9s programaci\u00f3n 2020-2021<\/a><\/h3>\n<h4>&nbsp;<\/h4>\n<p>&nbsp;<\/p>\n","protected":false},"excerpt":{"rendered":"<p>Programaci\u00f3n Curso 2023\/2024: FRANC\u00c9S (1\u00ba-4\u00ba ESO) Programaci\u00f3n Curso 2021\/2022: franc\u00e9s programaci\u00f3n 2021-2022 (El Almijar.-21-22) Programaci\u00f3n Curso 2020:\/2021 Franc\u00e9s programaci\u00f3n 2020-2021 &nbsp; &nbsp;<\/p>\n","protected":false},"author":1,"featured_media":0,"parent":150,"menu_order":0,"comment_status":"closed","ping_status":"open","template":"","meta":{"ngg_post_thumbnail":0,"footnotes":"","_mc_calendar":[]},"aioseo_notices":[],"_links":{"self":[{"href":"https:\/\/blogsaverroes.juntadeandalucia.es\/ieselalmijar\/wp-json\/wp\/v2\/pages\/373"}],"collection":[{"href":"https:\/\/blogsaverroes.juntadeandalucia.es\/ieselalmijar\/wp-json\/wp\/v2\/pages"}],"about":[{"href":"https:\/\/blogsaverroes.juntadeandalucia.es\/ieselalmijar\/wp-json\/wp\/v2\/types\/page"}],"author":[{"embeddable":true,"href":"https:\/\/blogsaverroes.juntadeandalucia.es\/ieselalmijar\/wp-json\/wp\/v2\/users\/1"}],"replies":[{"embeddable":true,"href":"https:\/\/blogsaverroes.juntadeandalucia.es\/ieselalmijar\/wp-json\/wp\/v2\/comments?post=373"}],"version-history":[{"count":10,"href":"https:\/\/blogsaverroes.juntadeandalucia.es\/ieselalmijar\/wp-json\/wp\/v2\/pages\/373\/revisions"}],"predecessor-version":[{"id":9571,"href":"https:\/\/blogsaverroes.juntadeandalucia.es\/ieselalmijar\/wp-json\/wp\/v2\/pages\/373\/revisions\/9571"}],"up":[{"embeddable":true,"href":"https:\/\/blogsaverroes.juntadeandalucia.es\/ieselalmijar\/wp-json\/wp\/v2\/pages\/150"}],"wp:attachment":[{"href":"https:\/\/blogsaverroes.juntadeandalucia.es\/ieselalmijar\/wp-json\/wp\/v2\/media?parent=373"}],"curies":[{"name":"wp","href":"https:\/\/api.w.org\/{rel}","templated":true}]}}