{"id":6280,"date":"2019-09-17T07:12:14","date_gmt":"2019-09-17T07:12:14","guid":{"rendered":"https:\/\/blogsaverroes.juntadeandalucia.es\/ieselalmijar\/?page_id=6280"},"modified":"2020-11-23T10:48:54","modified_gmt":"2020-11-23T10:48:54","slug":"educacion-fisica","status":"publish","type":"page","link":"https:\/\/blogsaverroes.juntadeandalucia.es\/ieselalmijar\/educacion-fisica\/","title":{"rendered":"Educaci\u00f3n F\u00edsica"},"content":{"rendered":"<h1><strong><a href=\"https:\/\/blogsaverroes.juntadeandalucia.es\/ieselalmijar\/files\/2020\/11\/EF-programaci\u00f3n-2020-2021.pdf\">EF Programaci\u00f3n 2020-2021<\/a><\/strong><\/h1>\n<h2><strong>PROGRAMACI\u00d3N EDUCACI\u00d3N F\u00cdSICA 19\/20:<\/strong><\/h2>\n<h3><strong><a href=\"https:\/\/blogsaverroes.juntadeandalucia.es\/ieselalmijar\/files\/2020\/01\/2.-EDUCACI\u00d3N-F\u00cdSICA.pdf\">EDUCACI\u00d3N F\u00cdSICA<\/a><\/strong><\/h3>\n","protected":false},"excerpt":{"rendered":"<p>EF Programaci\u00f3n 2020-2021 PROGRAMACI\u00d3N EDUCACI\u00d3N F\u00cdSICA 19\/20: EDUCACI\u00d3N F\u00cdSICA<\/p>\n","protected":false},"author":2392,"featured_media":0,"parent":0,"menu_order":0,"comment_status":"closed","ping_status":"closed","template":"","meta":{"ngg_post_thumbnail":0,"footnotes":"","_mc_calendar":[]},"aioseo_notices":[],"_links":{"self":[{"href":"https:\/\/blogsaverroes.juntadeandalucia.es\/ieselalmijar\/wp-json\/wp\/v2\/pages\/6280"}],"collection":[{"href":"https:\/\/blogsaverroes.juntadeandalucia.es\/ieselalmijar\/wp-json\/wp\/v2\/pages"}],"about":[{"href":"https:\/\/blogsaverroes.juntadeandalucia.es\/ieselalmijar\/wp-json\/wp\/v2\/types\/page"}],"author":[{"embeddable":true,"href":"https:\/\/blogsaverroes.juntadeandalucia.es\/ieselalmijar\/wp-json\/wp\/v2\/users\/2392"}],"replies":[{"embeddable":true,"href":"https:\/\/blogsaverroes.juntadeandalucia.es\/ieselalmijar\/wp-json\/wp\/v2\/comments?post=6280"}],"version-history":[{"count":3,"href":"https:\/\/blogsaverroes.juntadeandalucia.es\/ieselalmijar\/wp-json\/wp\/v2\/pages\/6280\/revisions"}],"predecessor-version":[{"id":7370,"href":"https:\/\/blogsaverroes.juntadeandalucia.es\/ieselalmijar\/wp-json\/wp\/v2\/pages\/6280\/revisions\/7370"}],"wp:attachment":[{"href":"https:\/\/blogsaverroes.juntadeandalucia.es\/ieselalmijar\/wp-json\/wp\/v2\/media?parent=6280"}],"curies":[{"name":"wp","href":"https:\/\/api.w.org\/{rel}","templated":true}]}}

Educación Física

<h1><strong><a href="https://blogsaverroes.juntadeandalucia.es/ieselalmijar/files/2020/11/EF-programación-2020-2021.pdf">EF Programación 2020-2021</a></strong></h1>
<h2><strong>PROGRAMACIÓN EDUCACIÓN FÍSICA 19/20:</strong></h2>
<h3><strong><a href="https://blogsaverroes.juntadeandalucia.es/ieselalmijar/files/2020/01/2.-EDUCACIÓN-FÍSICA.pdf">EDUCACIÓN FÍSICA</a></strong></h3>

<p>EF Programación 2020-2021 PROGRAMACIÓN EDUCACIÓN FÍSICA 19/20: EDUCACIÓN FÍSICA</p>
