{"id":7218,"date":"2020-11-18T11:20:38","date_gmt":"2020-11-18T11:20:38","guid":{"rendered":"https:\/\/blogsaverroes.juntadeandalucia.es\/ieselalmijar\/?page_id=7218"},"modified":"2021-01-26T10:15:17","modified_gmt":"2021-01-26T10:15:17","slug":"informacion-covid-19","status":"publish","type":"page","link":"https:\/\/blogsaverroes.juntadeandalucia.es\/ieselalmijar\/informacion-covid-19\/","title":{"rendered":"INFORMACI\u00d3N COVID-19"},"content":{"rendered":"<p><strong><a href=\"https:\/\/www.juntadeandalucia.es\/institutodeestadisticaycartografia\/salud\/COVID19.html\" target=\"_blank\" rel=\"noopener noreferrer\">INFORMACI\u00d3N OFICIAL CORONAVIRUS JUNTA DE ANDALUCIA<\/a><\/strong><\/p>\n<p>&nbsp;<\/p>\n<p><a href=\"https:\/\/blogsaverroes.juntadeandalucia.es\/ieselalmijar\/files\/2020\/11\/01_-COVID19_que_es.pdf\">01_ COVID19_que_es<\/a> <a href=\"https:\/\/blogsaverroes.juntadeandalucia.es\/ieselalmijar\/files\/2020\/11\/02_-COVID19_sintomas.pdf\">02_ COVID19_sintomas<\/a> <a href=\"https:\/\/blogsaverroes.juntadeandalucia.es\/ieselalmijar\/files\/2020\/11\/02_Medidas-prevenci\u00f3n-e-higiene-Ministerios-Sanidad-y-Educaci\u00f3n.pdf\">02_Medidas prevenci\u00f3n e higiene Ministerios Sanidad y Educaci\u00f3n<\/a> <a href=\"https:\/\/blogsaverroes.juntadeandalucia.es\/ieselalmijar\/files\/2020\/11\/03_-COVID19_como_se_transmite.pdf\">03_ COVID19_como_se_transmite<\/a> <a href=\"https:\/\/blogsaverroes.juntadeandalucia.es\/ieselalmijar\/files\/2020\/11\/04_-COVID19_como_protegerse.pdf\">04_ COVID19_como_protegerse<\/a> <a href=\"https:\/\/blogsaverroes.juntadeandalucia.es\/ieselalmijar\/files\/2020\/11\/05_-COVID19_que_hacer.pdf\">05_ COVID19_que_hacer<\/a> <a href=\"https:\/\/blogsaverroes.juntadeandalucia.es\/ieselalmijar\/files\/2020\/11\/07_-COVID19_cuarentena_contactos.pdf\">07_ COVID19_cuarentena_contactos<\/a> <a href=\"https:\/\/blogsaverroes.juntadeandalucia.es\/ieselalmijar\/files\/2020\/11\/08_-COVID19_Mascarillas_quirurgicas.pdf\">08_ COVID19_Mascarillas_quirurgicas<\/a> <a href=\"https:\/\/blogsaverroes.juntadeandalucia.es\/ieselalmijar\/files\/2020\/11\/10_-COVID19-Lavado_de_Manos.pdf\">10_ COVID19-Lavado_de_Manos<\/a> <a href=\"https:\/\/blogsaverroes.juntadeandalucia.es\/ieselalmijar\/files\/2020\/11\/12_-COVID19_tratamiento.pdf\">12_ COVID19_tratamiento<\/a> <a href=\"https:\/\/blogsaverroes.juntadeandalucia.es\/ieselalmijar\/files\/2020\/11\/13_-COVID19_SupervivenciaDelVirus_200410.pdf\">13_ COVID19_SupervivenciaDelVirus_200410<\/a> <a href=\"https:\/\/blogsaverroes.juntadeandalucia.es\/ieselalmijar\/files\/2020\/11\/15_-Preguntas_respuestas_2019-nCoV-2.pdf\">15_ Preguntas_respuestas_2019-nCoV-2<\/a> <a href=\"https:\/\/blogsaverroes.juntadeandalucia.es\/ieselalmijar\/files\/2020\/11\/16_-Estigma-Poblacion.pdf\">16_ Estigma Poblacion<\/a> <a href=\"https:\/\/blogsaverroes.juntadeandalucia.es\/ieselalmijar\/files\/2020\/11\/27_08_2020-Gu\u00eda-de-actuaci\u00f3n-centros-educativos.pdf\">27_08_2020 Gu\u00eda de actuaci\u00f3n centros educativos<\/a> <a href=\"https:\/\/blogsaverroes.juntadeandalucia.es\/ieselalmijar\/files\/2020\/11\/ANEXO-PROTOCOLO-ACTUACI\u00d3N-ANTE-CASOS-EN-CENTRO-DOCENTES-NO-UNIVERSITARIOS-2020-09-25.pdf\">ANEXO PROTOCOLO ACTUACI\u00d3N ANTE CASOS EN CENTRO DOCENTES NO UNIVERSITARIOS (2020-09-25)<\/a> <a href=\"https:\/\/blogsaverroes.juntadeandalucia.es\/ieselalmijar\/files\/2020\/11\/CARTEL-DISTANCIA-Y-MASCARILLA.docx\">CARTEL DISTANCIA Y MASCARILLA<\/a> <a href=\"https:\/\/blogsaverroes.juntadeandalucia.es\/ieselalmijar\/files\/2020\/11\/CARTEL-FUENTES-AGUA.docx\">CARTEL FUENTES AGUA<\/a> <a href=\"https:\/\/blogsaverroes.juntadeandalucia.es\/ieselalmijar\/files\/2020\/11\/CARTEL-FUENTES-AGUA.pdf\">CARTEL FUENTES AGUA<\/a> <a href=\"https:\/\/blogsaverroes.juntadeandalucia.es\/ieselalmijar\/files\/2020\/11\/Cartel-lavado-de-manos.pdf\">Cartel lavado de manos<\/a> <a href=\"https:\/\/blogsaverroes.juntadeandalucia.es\/ieselalmijar\/files\/2020\/11\/CARTEL-OCUPACI\u00d3N-ASCENSOR-II.docx\">CARTEL OCUPACI\u00d3N ASCENSOR II<\/a> <a href=\"https:\/\/blogsaverroes.juntadeandalucia.es\/ieselalmijar\/files\/2020\/11\/CARTEL-OCUPACI\u00d3N-ASCENSOR-II.pdf\">CARTEL OCUPACI\u00d3N ASCENSOR II<\/a> <a href=\"https:\/\/blogsaverroes.juntadeandalucia.es\/ieselalmijar\/files\/2020\/11\/CARTEL-OCUPACI\u00d3N-ASCENSOR-III.docx\">CARTEL OCUPACI\u00d3N ASCENSOR III<\/a> <a href=\"https:\/\/blogsaverroes.juntadeandalucia.es\/ieselalmijar\/files\/2020\/11\/CARTEL-OCUPACI\u00d3N-ASCENSOR-III.pdf\">CARTEL OCUPACI\u00d3N ASCENSOR III<\/a> <a href=\"https:\/\/blogsaverroes.juntadeandalucia.es\/ieselalmijar\/files\/2020\/11\/CARTEL-OCUPACI\u00d3N-ASCENSOR.docx\">CARTEL OCUPACI\u00d3N ASCENSOR<\/a> <a href=\"https:\/\/blogsaverroes.juntadeandalucia.es\/ieselalmijar\/files\/2020\/11\/CARTEL-OCUPACI\u00d3N-ASCENSOR.pdf\">CARTEL OCUPACI\u00d3N ASCENSOR<\/a> <a href=\"https:\/\/blogsaverroes.juntadeandalucia.es\/ieselalmijar\/files\/2020\/11\/CARTEL-OCUPACI\u00d3N-ASEOS-FEMENINOS.docx\">CARTEL OCUPACI\u00d3N ASEOS FEMENINOS<\/a> <a href=\"https:\/\/blogsaverroes.juntadeandalucia.es\/ieselalmijar\/files\/2020\/11\/CARTEL-OCUPACI\u00d3N-ASEOS-FEMENINOS.pdf\">CARTEL OCUPACI\u00d3N ASEOS FEMENINOS<\/a> <a href=\"https:\/\/blogsaverroes.juntadeandalucia.es\/ieselalmijar\/files\/2020\/11\/CARTEL-OCUPACI\u00d3N-ASEOS-MASCULINOS.docx\">CARTEL OCUPACI\u00d3N ASEOS MASCULINOS<\/a> <a href=\"https:\/\/blogsaverroes.juntadeandalucia.es\/ieselalmijar\/files\/2020\/11\/CARTEL-OCUPACI\u00d3N-ASEOS-MASCULINOS.pdf\">CARTEL OCUPACI\u00d3N ASEOS MASCULINOS<\/a> <a href=\"https:\/\/blogsaverroes.juntadeandalucia.es\/ieselalmijar\/files\/2020\/11\/FAME-DOCUMENTO-PLAN-COVID-19_21_06_2020.pdf\">FAME DOCUMENTO PLAN COVID-19_21_06_2020<\/a> <a href=\"https:\/\/blogsaverroes.juntadeandalucia.es\/ieselalmijar\/files\/2020\/11\/INFORMACION-TRABAJADORES-CENTROS-CURSO-2020_2021F-21-agosto-2.pdf\">INFORMACION TRABAJADORES CENTROS CURSO 2020_2021(F) &#8211; 21 agosto-2<\/a> <a href=\"https:\/\/blogsaverroes.juntadeandalucia.es\/ieselalmijar\/files\/2020\/11\/MEDIDAS-DE-AISLAMIENTO.jpeg\"><img loading=\"lazy\" decoding=\"async\" class=\"aligncenter size-full wp-image-7362\" src=\"https:\/\/blogsaverroes.juntadeandalucia.es\/ieselalmijar\/files\/2020\/11\/MEDIDAS-DE-AISLAMIENTO.jpeg\" alt=\"\" width=\"709\" height=\"1024\" srcset=\"https:\/\/blogsaverroes.juntadeandalucia.es\/ieselalmijar\/files\/2020\/11\/MEDIDAS-DE-AISLAMIENTO.jpeg 709w, https:\/\/blogsaverroes.juntadeandalucia.es\/ieselalmijar\/files\/2020\/11\/MEDIDAS-DE-AISLAMIENTO-208x300.jpeg 208w, https:\/\/blogsaverroes.juntadeandalucia.es\/ieselalmijar\/files\/2020\/11\/MEDIDAS-DE-AISLAMIENTO-17x24.jpeg 17w, https:\/\/blogsaverroes.juntadeandalucia.es\/ieselalmijar\/files\/2020\/11\/MEDIDAS-DE-AISLAMIENTO-25x36.jpeg 25w, https:\/\/blogsaverroes.juntadeandalucia.es\/ieselalmijar\/files\/2020\/11\/MEDIDAS-DE-AISLAMIENTO-33x48.jpeg 33w\" sizes=\"(max-width: 709px) 100vw, 709px\" \/><\/a> <a href=\"https:\/\/blogsaverroes.juntadeandalucia.es\/ieselalmijar\/files\/2020\/11\/Medidas-de-prevenci\u00f3n-protecci\u00f3n-vigilancia-y-recomendaciones-centros-No-Universitarios.docx\">Medidas de prevenci\u00f3n, protecci\u00f3n, vigilancia y recomendaciones centros No Universitarios<\/a> <a href=\"https:\/\/blogsaverroes.juntadeandalucia.es\/ieselalmijar\/files\/2020\/11\/PLANTILLA-RECOGIDA-ALUMNOS.docx\">PLANTILLA RECOGIDA ALUMNOS<\/a> <a href=\"https:\/\/blogsaverroes.juntadeandalucia.es\/ieselalmijar\/files\/2020\/11\/Presentaci\u00f3n-anti-COVID-19.-NietoBus-M\u00e1laga..pdf\">Presentaci\u00f3n anti COVID-19. NietoBus M\u00e1laga.<\/a> <a href=\"https:\/\/blogsaverroes.juntadeandalucia.es\/ieselalmijar\/files\/2020\/11\/propuesta_de_actuacion_ante_la_deteccion_de_un_sintoma_sospechoso_de_covid-19_en_un_centro_escolar_.pdf\">propuesta_de_actuacion_ante_la_deteccion_de_un_sintoma_sospechoso_de_covid-19_en_un_centro_escolar_<\/a> <a href=\"https:\/\/blogsaverroes.juntadeandalucia.es\/ieselalmijar\/files\/2020\/11\/Protocolo-COVID-vacio.docx\">Protocolo COVID (vacio)<\/a> <a href=\"https:\/\/blogsaverroes.juntadeandalucia.es\/ieselalmijar\/files\/2020\/11\/Recomendaciones-docentes-para-una-EF-escolar-segura-y-responsable-ante-la-nueva-normalidad.pdf\">Recomendaciones docentes para una EF escolar segura y responsable ante la nueva normalidad<\/a><\/p>\n","protected":false},"excerpt":{"rendered":"<p>INFORMACI\u00d3N OFICIAL CORONAVIRUS JUNTA DE ANDALUCIA &nbsp; 01_ COVID19_que_es 02_ COVID19_sintomas 02_Medidas prevenci\u00f3n e higiene Ministerios Sanidad y Educaci\u00f3n 03_ COVID19_como_se_transmite 04_ COVID19_como_protegerse 05_ COVID19_que_hacer 07_ COVID19_cuarentena_contactos 08_ COVID19_Mascarillas_quirurgicas 10_ COVID19-Lavado_de_Manos 12_ COVID19_tratamiento 13_&#46;&#46;&#46;<\/p>\n","protected":false},"author":2392,"featured_media":0,"parent":0,"menu_order":0,"comment_status":"closed","ping_status":"closed","template":"","meta":{"ngg_post_thumbnail":0,"footnotes":"","_mc_calendar":[]},"aioseo_notices":[],"_links":{"self":[{"href":"https:\/\/blogsaverroes.juntadeandalucia.es\/ieselalmijar\/wp-json\/wp\/v2\/pages\/7218"}],"collection":[{"href":"https:\/\/blogsaverroes.juntadeandalucia.es\/ieselalmijar\/wp-json\/wp\/v2\/pages"}],"about":[{"href":"https:\/\/blogsaverroes.juntadeandalucia.es\/ieselalmijar\/wp-json\/wp\/v2\/types\/page"}],"author":[{"embeddable":true,"href":"https:\/\/blogsaverroes.juntadeandalucia.es\/ieselalmijar\/wp-json\/wp\/v2\/users\/2392"}],"replies":[{"embeddable":true,"href":"https:\/\/blogsaverroes.juntadeandalucia.es\/ieselalmijar\/wp-json\/wp\/v2\/comments?post=7218"}],"version-history":[{"count":7,"href":"https:\/\/blogsaverroes.juntadeandalucia.es\/ieselalmijar\/wp-json\/wp\/v2\/pages\/7218\/revisions"}],"predecessor-version":[{"id":7581,"href":"https:\/\/blogsaverroes.juntadeandalucia.es\/ieselalmijar\/wp-json\/wp\/v2\/pages\/7218\/revisions\/7581"}],"wp:attachment":[{"href":"https:\/\/blogsaverroes.juntadeandalucia.es\/ieselalmijar\/wp-json\/wp\/v2\/media?parent=7218"}],"curies":[{"name":"wp","href":"https:\/\/api.w.org\/{rel}","templated":true}]}}