{"id":77,"date":"2015-03-16T06:54:56","date_gmt":"2015-03-16T06:54:56","guid":{"rendered":"http:\/\/blogsaverroes.juntadeandalucia.es\/pre\/ceip\/?page_id=77"},"modified":"2024-05-09T10:12:44","modified_gmt":"2024-05-09T10:12:44","slug":"secretaria","status":"publish","type":"page","link":"https:\/\/blogsaverroes.juntadeandalucia.es\/ieselalmijar\/secretaria\/","title":{"rendered":"Secretar\u00eda"},"content":{"rendered":"<h3>SECRETARIO: JUAN FRANCISCO MATA D\u00cdAZ<\/h3>\n<h3>CONTACTO: 671537773-<\/h3>\n<h3>29700941.EDU@JUNTADEANDALUCIA.ES<\/h3>\n<h3>&nbsp;<\/h3>\n<h3>&nbsp;<\/h3>\n<h3><a href=\"https:\/\/blogsaverroes.juntadeandalucia.es\/ieselalmijar\/files\/2020\/01\/cris.jpg\"><img loading=\"lazy\" decoding=\"async\" class=\"wp-image-6592 alignleft\" src=\"https:\/\/blogsaverroes.juntadeandalucia.es\/ieselalmijar\/files\/2020\/01\/cris.jpg\" alt=\"\" width=\"153\" height=\"213\" srcset=\"https:\/\/blogsaverroes.juntadeandalucia.es\/ieselalmijar\/files\/2020\/01\/cris-17x24.jpg 17w, https:\/\/blogsaverroes.juntadeandalucia.es\/ieselalmijar\/files\/2020\/01\/cris-25x36.jpg 25w, https:\/\/blogsaverroes.juntadeandalucia.es\/ieselalmijar\/files\/2020\/01\/cris-34x48.jpg 34w\" sizes=\"(max-width: 153px) 100vw, 153px\" \/><\/a>ADMINISTRATIVO: CRIST\u00d3BAL E. URDIALES MOLINA<\/h3>\n<h3>CONTACTO: 671537771<\/h3>\n<h2>&nbsp;<\/h2>\n<h2>&nbsp;<\/h2>\n<h2>&nbsp;<\/h2>\n<h2 style=\"text-align: center\"><em><strong>INFORMACI\u00d3N DE INTER\u00c9S<\/strong><\/em><\/h2>\n<h1>SECRETAR\u00cdA VIRTUAL&nbsp;<a href=\"https:\/\/secretariavirtual.ced.junta-andalucia.es\/secretariavirtual\/\" target=\"_blank\" rel=\"noopener noreferrer\">https:\/\/secretariavirtual.ced.junta-andalucia.es\/secretariavirtual\/&nbsp;<\/a><\/h1>\n<p><strong>&nbsp;<a id=\"enlace-org\" class=\"sublogo\" title=\"Portada de la Web de \" href=\"https:\/\/juntadeandalucia.es\/organismos\/ada.html\" target=\"_blank\" rel=\"noopener noreferrer\" aria-label=\"Portada de la Web de \"><img decoding=\"async\" class=\"img-logo-organismo\" title=\"Portada de la Web de \" src=\"https:\/\/ws050.juntadeandalucia.es\/vea\/skin\/chap\/vi\/img\/vea-junta-logo.png\" alt=\"Portada de la Web de \"><\/a><\/strong><\/p>\n<p><strong> (PARA CUALQUIER REGISTRO TELEM\u00c1TICO ANTE LAS DELEGACIONES TERRITORIALES) NECESARIA FIRMA DIGITAL: <\/strong><em><a href=\"https:\/\/ws050.juntadeandalucia.es\/vea\/faces\/vi\/procedimientoDetalle.xhtml\" target=\"_blank\" rel=\"noopener noreferrer\">OFICINA VIRTUAL JUNTA DE ANDALUC\u00cdA<\/a><\/em><\/p>\n<p><strong>ENLACE AL PORTAL DOCENTE: <\/strong><em><a href=\"https:\/\/www.juntadeandalucia.es\/educacion\/portaldocente\/\" target=\"_blank\" rel=\"noopener noreferrer\">PORTAL DOCENTE<\/a><\/em><\/p>\n<p><strong>ENLACE A LA WEB DEL EMPLEADO P\u00daBLICO ANDALUZ:&nbsp;<\/strong><em><a href=\"https:\/\/ws045.juntadeandalucia.es\/empleadopublico\/\" target=\"_blank\" rel=\"noopener noreferrer\">WEB DEL EMPLEADO P\u00daBLICO ANDALUZ<\/a><\/em><\/p>\n<p>&nbsp;<\/p>\n<ul>\n<li><a href=\"http:\/\/blogsaverroes.juntadeandalucia.es\/ieselalmijar\/descargas\/\"><strong>DESCARGAS DE ARCHIVOS<\/strong> <\/a><\/li>\n<li><strong><a href=\"http:\/\/blogsaverroes.juntadeandalucia.es\/ieselalmijar\/personal\/\">PERSONAL DEL CENTRO<\/a><\/strong><\/li>\n<li><strong><a href=\"http:\/\/portals.ced.junta-andalucia.es\/educacion\/portals\/web\/escolarizacion\/infantil-a-bachillerato\/impresos\">IMPRESOS<\/a><\/strong><\/li>\n<\/ul>\n<p>&nbsp;<\/p>\n","protected":false},"excerpt":{"rendered":"<p>SECRETARIO: JUAN FRANCISCO MATA D\u00cdAZ CONTACTO: 671537773- 29700941.EDU@JUNTADEANDALUCIA.ES &nbsp; &nbsp; ADMINISTRATIVO: CRIST\u00d3BAL E. URDIALES MOLINA CONTACTO: 671537771 &nbsp; &nbsp; &nbsp; INFORMACI\u00d3N DE INTER\u00c9S SECRETAR\u00cdA VIRTUAL&nbsp;https:\/\/secretariavirtual.ced.junta-andalucia.es\/secretariavirtual\/&nbsp; &nbsp; (PARA CUALQUIER REGISTRO TELEM\u00c1TICO ANTE LAS DELEGACIONES TERRITORIALES)&#46;&#46;&#46;<\/p>\n","protected":false},"author":1,"featured_media":0,"parent":0,"menu_order":0,"comment_status":"closed","ping_status":"open","template":"","meta":{"ngg_post_thumbnail":0,"footnotes":"","_mc_calendar":[]},"aioseo_notices":[],"_links":{"self":[{"href":"https:\/\/blogsaverroes.juntadeandalucia.es\/ieselalmijar\/wp-json\/wp\/v2\/pages\/77"}],"collection":[{"href":"https:\/\/blogsaverroes.juntadeandalucia.es\/ieselalmijar\/wp-json\/wp\/v2\/pages"}],"about":[{"href":"https:\/\/blogsaverroes.juntadeandalucia.es\/ieselalmijar\/wp-json\/wp\/v2\/types\/page"}],"author":[{"embeddable":true,"href":"https:\/\/blogsaverroes.juntadeandalucia.es\/ieselalmijar\/wp-json\/wp\/v2\/users\/1"}],"replies":[{"embeddable":true,"href":"https:\/\/blogsaverroes.juntadeandalucia.es\/ieselalmijar\/wp-json\/wp\/v2\/comments?post=77"}],"version-history":[{"count":27,"href":"https:\/\/blogsaverroes.juntadeandalucia.es\/ieselalmijar\/wp-json\/wp\/v2\/pages\/77\/revisions"}],"predecessor-version":[{"id":10032,"href":"https:\/\/blogsaverroes.juntadeandalucia.es\/ieselalmijar\/wp-json\/wp\/v2\/pages\/77\/revisions\/10032"}],"wp:attachment":[{"href":"https:\/\/blogsaverroes.juntadeandalucia.es\/ieselalmijar\/wp-json\/wp\/v2\/media?parent=77"}],"curies":[{"name":"wp","href":"https:\/\/api.w.org\/{rel}","templated":true}]}}