{"id":35,"date":"2015-03-13T08:21:43","date_gmt":"2015-03-13T08:21:43","guid":{"rendered":"http:\/\/blogsaverroes.juntadeandalucia.es\/pre\/ceip\/?page_id=35"},"modified":"2018-05-25T09:18:47","modified_gmt":"2018-05-25T09:18:47","slug":"el-centro-2","status":"publish","type":"page","link":"https:\/\/blogsaverroes.juntadeandalucia.es\/ieselcano\/el-centro-2\/","title":{"rendered":"Datos del centro"},"content":{"rendered":"<h4>Datos de contacto<\/h4>\n<p>I.E.S. Juan Sebasti\u00e1n Elcano<\/p>\n<p><strong>Direcci\u00f3n:<\/strong>\u00a0 Plaza Eduardo Mendicuti s\/n. 11540 Sanl\u00facar de Barrameda C\u00e1diz<br \/>\n<strong>Tel\u00e9fono \/ FAX: 671531710<\/strong><br \/>\n<strong>Email:<\/strong> 11700615.edu@juntadeandalucia.es<\/p>\n<p style=\"text-align: center\">[googlemaps https:\/\/www.google.com\/maps\/embed?pb=!1m14!1m8!1m3!1d399.46140827057053!2d-6.360316394849282!3d36.77797323491776!3m2!1i1024!2i768!4f13.1!3m3!1m2!1s0xd0dde2c138fe8cb%3A0xf71e5797509921c3!2sI.E.S.+Juan+Sebasti%C3%A1n+Elcano!5e0!3m2!1ses!2ses!4v1520426617297&amp;w=400&amp;h=350]\n<p style=\"text-align: center\">[googlemaps https:\/\/www.google.com\/maps\/embed?pb=!4v1520426949258!6m8!1m7!1scxfWLFsEcIggw08oIlz5Zg!2m2!1d36.77825798864406!2d-6.360830008096952!3f143.18926065302665!4f-1.709910770923699!5f0.7820865974627469&amp;w=600&amp;h=450]\n<p>&nbsp;<\/p>\n<h4><strong>Horarios<\/strong><\/h4>\n<p>El Centro imparte sus clases en horario de ma\u00f1ana de 8,15 a 14,45<\/p>\n<h4><strong>Oferta educativa<\/strong><\/h4>\n<p>El Centro ofrece las siguientes ense\u00f1anzas:<\/p>\n<ul>\n<li>Ense\u00f1anza secundaria obligatoria biling\u00fce Ingl\u00e9s<\/li>\n<li>Bachillerato de Humanidades y Ciencias Sociales y Bachillerato Cient\u00edfico-Tecnologico en las modalidades Bilig\u00fce y convencional<\/li>\n<li>Aula Espec\u00edfica<\/li>\n<li>Aula de Apoyo a la Integraci\u00f3n<\/li>\n<li>Programa de Mejora del Aprendizaje y Rendimiento<\/li>\n<li>Ciclo Medio de Imagen Personal en las ramas de\n<ul>\n<li>T\u00e9cnico en Est\u00e9tica y Belleza<\/li>\n<li>T\u00e9cnico en Peluquer\u00eda y Cosm\u00e9tica Capilar<\/li>\n<\/ul>\n<\/li>\n<\/ul>\n<h4>Instalaciones<\/h4>\nngg_shortcode_0_placeholder\n<p>&nbsp;<\/p>\n","protected":false},"excerpt":{"rendered":"<p>Datos de contacto I.E.S. Juan Sebasti\u00e1n Elcano Direcci\u00f3n:\u00a0 Plaza Eduardo Mendicuti s\/n. 11540 Sanl\u00facar de Barrameda C\u00e1diz Tel\u00e9fono \/ FAX: 671531710 Email: 11700615.edu@juntadeandalucia.es [googlemaps https:\/\/www.google.com\/maps\/embed?pb=!1m14!1m8!1m3!1d399.46140827057053!2d-6.360316394849282!3d36.77797323491776!3m2!1i1024!2i768!4f13.1!3m3!1m2!1s0xd0dde2c138fe8cb%3A0xf71e5797509921c3!2sI.E.S.+Juan+Sebasti%C3%A1n+Elcano!5e0!3m2!1ses!2ses!4v1520426617297&amp;w=400&amp;h=350] [googlemaps https:\/\/www.google.com\/maps\/embed?pb=!4v1520426949258!6m8!1m7!1scxfWLFsEcIggw08oIlz5Zg!2m2!1d36.77825798864406!2d-6.360830008096952!3f143.18926065302665!4f-1.709910770923699!5f0.7820865974627469&amp;w=600&amp;h=450] &nbsp; Horarios El Centro imparte sus clases&#46;&#46;&#46;<\/p>\n","protected":false},"author":1,"featured_media":2538,"parent":0,"menu_order":0,"comment_status":"closed","ping_status":"open","template":"page-cs.php","meta":{"ngg_post_thumbnail":0,"footnotes":"","_mc_calendar":[]},"aioseo_notices":[],"_links":{"self":[{"href":"https:\/\/blogsaverroes.juntadeandalucia.es\/ieselcano\/wp-json\/wp\/v2\/pages\/35"}],"collection":[{"href":"https:\/\/blogsaverroes.juntadeandalucia.es\/ieselcano\/wp-json\/wp\/v2\/pages"}],"about":[{"href":"https:\/\/blogsaverroes.juntadeandalucia.es\/ieselcano\/wp-json\/wp\/v2\/types\/page"}],"author":[{"embeddable":true,"href":"https:\/\/blogsaverroes.juntadeandalucia.es\/ieselcano\/wp-json\/wp\/v2\/users\/1"}],"replies":[{"embeddable":true,"href":"https:\/\/blogsaverroes.juntadeandalucia.es\/ieselcano\/wp-json\/wp\/v2\/comments?post=35"}],"version-history":[{"count":29,"href":"https:\/\/blogsaverroes.juntadeandalucia.es\/ieselcano\/wp-json\/wp\/v2\/pages\/35\/revisions"}],"predecessor-version":[{"id":2655,"href":"https:\/\/blogsaverroes.juntadeandalucia.es\/ieselcano\/wp-json\/wp\/v2\/pages\/35\/revisions\/2655"}],"wp:featuredmedia":[{"embeddable":true,"href":"https:\/\/blogsaverroes.juntadeandalucia.es\/ieselcano\/wp-json\/wp\/v2\/media\/2538"}],"wp:attachment":[{"href":"https:\/\/blogsaverroes.juntadeandalucia.es\/ieselcano\/wp-json\/wp\/v2\/media?parent=35"}],"curies":[{"name":"wp","href":"https:\/\/api.w.org\/{rel}","templated":true}]}}