{"id":3649,"date":"2019-06-20T15:10:56","date_gmt":"2019-06-20T15:10:56","guid":{"rendered":"https:\/\/blogsaverroes.juntadeandalucia.es\/ieselcano\/?page_id=3649"},"modified":"2020-06-03T20:22:48","modified_gmt":"2020-06-03T20:22:48","slug":"revistas","status":"publish","type":"page","link":"https:\/\/blogsaverroes.juntadeandalucia.es\/ieselcano\/biblioteca\/revistas\/","title":{"rendered":"Revistas El Per\u00edcano"},"content":{"rendered":"<p>Publicamos en esta secci\u00f3n las \u00faltimas tres revistas de nuestro IES:<\/p>\n<p>Revista digital El Per\u00edcano, n\u00ba 31, junio de 2019, a\u00f1o XX. IES &#8216;JS Elcano&#8217;. Tem\u00e1tica: Actividades extra escolares.<\/p>\n<p>https:\/\/issuu.com\/mariqui\/docs\/revista_2019_hyper<\/p>\n<hr>\n<p>Revista digital El Per\u00edcano, n\u00ba 30, junio de 2017, a\u00f1o XIX. IES &#8216;JS Elcano&#8217;, edici\u00f3n especial 25\u00ba Aniversario del IES JS Elcano.<\/p>\n<p>https:\/\/issuu.com\/mariqui\/docs\/revista_2017<\/p>\n<hr>\n<p>Revista digital El Per\u00edcano, n\u00ba 29, junio de 2017, a\u00f1o XVIII. IES &#8216;JS Elcano&#8217;, Tem\u00e1tica: &#8216;\u00bfCu\u00e1nto ha cambiado?&#8217;<\/p>\n<p>https:\/\/issuu.com\/mariqui\/docs\/revista_2014_recortada<\/p>\n","protected":false},"excerpt":{"rendered":"<p>Publicamos en esta secci\u00f3n las \u00faltimas tres revistas de nuestro IES: Revista digital El Per\u00edcano, n\u00ba 31, junio de 2019, a\u00f1o XX. IES &#8216;JS Elcano&#8217;. Tem\u00e1tica: Actividades extra escolares. https:\/\/issuu.com\/mariqui\/docs\/revista_2019_hyper Revista digital El Per\u00edcano,&#46;&#46;&#46;<\/p>\n","protected":false},"author":6052,"featured_media":0,"parent":113,"menu_order":0,"comment_status":"closed","ping_status":"closed","template":"","meta":{"ngg_post_thumbnail":0,"footnotes":"","_mc_calendar":[]},"aioseo_notices":[],"_links":{"self":[{"href":"https:\/\/blogsaverroes.juntadeandalucia.es\/ieselcano\/wp-json\/wp\/v2\/pages\/3649"}],"collection":[{"href":"https:\/\/blogsaverroes.juntadeandalucia.es\/ieselcano\/wp-json\/wp\/v2\/pages"}],"about":[{"href":"https:\/\/blogsaverroes.juntadeandalucia.es\/ieselcano\/wp-json\/wp\/v2\/types\/page"}],"author":[{"embeddable":true,"href":"https:\/\/blogsaverroes.juntadeandalucia.es\/ieselcano\/wp-json\/wp\/v2\/users\/6052"}],"replies":[{"embeddable":true,"href":"https:\/\/blogsaverroes.juntadeandalucia.es\/ieselcano\/wp-json\/wp\/v2\/comments?post=3649"}],"version-history":[{"count":8,"href":"https:\/\/blogsaverroes.juntadeandalucia.es\/ieselcano\/wp-json\/wp\/v2\/pages\/3649\/revisions"}],"predecessor-version":[{"id":4154,"href":"https:\/\/blogsaverroes.juntadeandalucia.es\/ieselcano\/wp-json\/wp\/v2\/pages\/3649\/revisions\/4154"}],"up":[{"embeddable":true,"href":"https:\/\/blogsaverroes.juntadeandalucia.es\/ieselcano\/wp-json\/wp\/v2\/pages\/113"}],"wp:attachment":[{"href":"https:\/\/blogsaverroes.juntadeandalucia.es\/ieselcano\/wp-json\/wp\/v2\/media?parent=3649"}],"curies":[{"name":"wp","href":"https:\/\/api.w.org\/{rel}","templated":true}]}}