{"id":5556,"date":"2025-06-23T12:38:12","date_gmt":"2025-06-23T12:38:12","guid":{"rendered":"https:\/\/blogsaverroes.juntadeandalucia.es\/ieselcano\/?page_id=5556"},"modified":"2025-06-23T12:40:36","modified_gmt":"2025-06-23T12:40:36","slug":"bilinguismo","status":"publish","type":"page","link":"https:\/\/blogsaverroes.juntadeandalucia.es\/ieselcano\/bilinguismo\/","title":{"rendered":"Biling\u00fcismo"},"content":{"rendered":"<p><span class=\"C9DxTc \">El proyecto biling\u00fce del IES Juan Sebasti\u00e1n Elcano pretende poner en valor y fomentar el uso de los idiomas extranjeros entre nuestro alumnado como medio para ampliar sus horizontes, tanto culturales como profesionales, y como instrumento para crear un mundo m\u00e1s cercano y accesible.&nbsp;<\/span><span class=\"C9DxTc \">La ense\u00f1anza biling\u00fce que ofrecemos no se limita a los contenidos impartidos en las diferentes materias dentro del aula, sino que se enriquece gracias a experiencias vividas por nuestro alumnado a trav\u00e9s de actividades nacionales e internacionales, a trav\u00e9s de la participaci\u00f3n en plataformas como e-twinning o proyectos Erasmus+.<\/span><\/p>\n<p>Para saber m\u00e1s, pulse<a href=\"https:\/\/sites.google.com\/ieselcano.es\/elcanobilinguismo\/inicio\"> aqu\u00ed.<\/a><\/p>\n","protected":false},"excerpt":{"rendered":"<p>El proyecto biling\u00fce del IES Juan Sebasti\u00e1n Elcano pretende poner en valor y fomentar el uso de los idiomas extranjeros entre nuestro alumnado como medio para ampliar sus horizontes, tanto culturales como profesionales, y&#46;&#46;&#46;<\/p>\n","protected":false},"author":6015,"featured_media":0,"parent":0,"menu_order":0,"comment_status":"closed","ping_status":"closed","template":"","meta":{"ngg_post_thumbnail":0,"footnotes":"","_mc_calendar":[]},"aioseo_notices":[],"_links":{"self":[{"href":"https:\/\/blogsaverroes.juntadeandalucia.es\/ieselcano\/wp-json\/wp\/v2\/pages\/5556"}],"collection":[{"href":"https:\/\/blogsaverroes.juntadeandalucia.es\/ieselcano\/wp-json\/wp\/v2\/pages"}],"about":[{"href":"https:\/\/blogsaverroes.juntadeandalucia.es\/ieselcano\/wp-json\/wp\/v2\/types\/page"}],"author":[{"embeddable":true,"href":"https:\/\/blogsaverroes.juntadeandalucia.es\/ieselcano\/wp-json\/wp\/v2\/users\/6015"}],"replies":[{"embeddable":true,"href":"https:\/\/blogsaverroes.juntadeandalucia.es\/ieselcano\/wp-json\/wp\/v2\/comments?post=5556"}],"version-history":[{"count":2,"href":"https:\/\/blogsaverroes.juntadeandalucia.es\/ieselcano\/wp-json\/wp\/v2\/pages\/5556\/revisions"}],"predecessor-version":[{"id":5560,"href":"https:\/\/blogsaverroes.juntadeandalucia.es\/ieselcano\/wp-json\/wp\/v2\/pages\/5556\/revisions\/5560"}],"wp:attachment":[{"href":"https:\/\/blogsaverroes.juntadeandalucia.es\/ieselcano\/wp-json\/wp\/v2\/media?parent=5556"}],"curies":[{"name":"wp","href":"https:\/\/api.w.org\/{rel}","templated":true}]}}

Bilingüismo

<p><span class="C9DxTc ">El proyecto bilingüe del IES Juan Sebastián Elcano pretende poner en valor y fomentar el uso de los idiomas extranjeros entre nuestro alumnado como medio para ampliar sus horizontes, tanto culturales como profesionales, y como instrumento para crear un mundo más cercano y accesible.&nbsp;</span><span class="C9DxTc ">La enseñanza bilingüe que ofrecemos no se limita a los contenidos impartidos en las diferentes materias dentro del aula, sino que se enriquece gracias a experiencias vividas por nuestro alumnado a través de actividades nacionales e internacionales, a través de la participación en plataformas como e-twinning o proyectos Erasmus+.</span></p>
<p>Para saber más, pulse<a href="https://sites.google.com/ieselcano.es/elcanobilinguismo/inicio"> aquí.</a></p>

<p>El proyecto bilingüe del IES Juan Sebastián Elcano pretende poner en valor y fomentar el uso de los idiomas extranjeros entre nuestro alumnado como medio para ampliar sus horizontes, tanto culturales como profesionales, y&#46;&#46;&#46;</p>
