{"id":871,"date":"2015-03-16T07:25:46","date_gmt":"2015-03-16T07:25:46","guid":{"rendered":"http:\/\/blogsaverroes.juntadeandalucia.es\/pre\/ceip\/?page_id=106"},"modified":"2023-05-03T08:50:40","modified_gmt":"2023-05-03T08:50:40","slug":"actividades-extraescolares","status":"publish","type":"page","link":"https:\/\/blogsaverroes.juntadeandalucia.es\/ieselcano\/actividades-extraescolares\/","title":{"rendered":"Actividades extraescolares"},"content":{"rendered":"<p>Terminamos el primer trimestre del curso 22-23 en el I.E.S.\u00a0 Juan Sebasti\u00e1n Elcano tras haber realizado diversas actividades complementarias en el centro con motivo de las diferentes efem\u00e9rides y con la participaci\u00f3n de todo nuestro alumnado y profesorado, adem\u00e1s de las actividades realizadas con los Proyectos Erasmus y BIMO del centro.<a href=\"https:\/\/blogsaverroes.juntadeandalucia.es\/ieselcano\/files\/2022\/12\/Erasmus.jpg\"><img loading=\"lazy\" decoding=\"async\" class=\"alignleft size-medium wp-image-5367\" src=\"https:\/\/blogsaverroes.juntadeandalucia.es\/ieselcano\/files\/2022\/12\/Erasmus-300x225.jpg\" alt=\"\" width=\"300\" height=\"225\" srcset=\"https:\/\/blogsaverroes.juntadeandalucia.es\/ieselcano\/files\/2022\/12\/Erasmus-300x225.jpg 300w, https:\/\/blogsaverroes.juntadeandalucia.es\/ieselcano\/files\/2022\/12\/Erasmus-1024x768.jpg 1024w, https:\/\/blogsaverroes.juntadeandalucia.es\/ieselcano\/files\/2022\/12\/Erasmus-768x576.jpg 768w, https:\/\/blogsaverroes.juntadeandalucia.es\/ieselcano\/files\/2022\/12\/Erasmus-1536x1152.jpg 1536w, https:\/\/blogsaverroes.juntadeandalucia.es\/ieselcano\/files\/2022\/12\/Erasmus.jpg 1600w\" sizes=\"(max-width: 300px) 100vw, 300px\" \/><\/a> <a href=\"https:\/\/blogsaverroes.juntadeandalucia.es\/ieselcano\/files\/2022\/12\/Recogida-de-alimentos.jpg\"><img loading=\"lazy\" decoding=\"async\" class=\"alignleft size-medium wp-image-5368\" src=\"https:\/\/blogsaverroes.juntadeandalucia.es\/ieselcano\/files\/2022\/12\/Recogida-de-alimentos-300x225.jpg\" alt=\"\" width=\"300\" height=\"225\" srcset=\"https:\/\/blogsaverroes.juntadeandalucia.es\/ieselcano\/files\/2022\/12\/Recogida-de-alimentos-300x225.jpg 300w, https:\/\/blogsaverroes.juntadeandalucia.es\/ieselcano\/files\/2022\/12\/Recogida-de-alimentos-768x576.jpg 768w, https:\/\/blogsaverroes.juntadeandalucia.es\/ieselcano\/files\/2022\/12\/Recogida-de-alimentos.jpg 1024w\" sizes=\"(max-width: 300px) 100vw, 300px\" \/><\/a><\/p>\n<p><a href=\"https:\/\/blogsaverroes.juntadeandalucia.es\/ieselcano\/files\/2022\/12\/Flamenco-con-F\u00e9lix-scaled.jpg\"><img loading=\"lazy\" decoding=\"async\" class=\"alignleft size-medium wp-image-5363\" src=\"https:\/\/blogsaverroes.juntadeandalucia.es\/ieselcano\/files\/2022\/12\/Flamenco-con-F\u00e9lix-300x225.jpg\" alt=\"\" width=\"300\" height=\"225\" srcset=\"https:\/\/blogsaverroes.juntadeandalucia.es\/ieselcano\/files\/2022\/12\/Flamenco-con-F\u00e9lix-300x225.jpg 300w, https:\/\/blogsaverroes.juntadeandalucia.es\/ieselcano\/files\/2022\/12\/Flamenco-con-F\u00e9lix-1024x768.jpg 1024w, https:\/\/blogsaverroes.juntadeandalucia.es\/ieselcano\/files\/2022\/12\/Flamenco-con-F\u00e9lix-768x576.jpg 768w, https:\/\/blogsaverroes.juntadeandalucia.es\/ieselcano\/files\/2022\/12\/Flamenco-con-F\u00e9lix-1536x1152.jpg 1536w, https:\/\/blogsaverroes.juntadeandalucia.es\/ieselcano\/files\/2022\/12\/Flamenco-con-F\u00e9lix-2048x1536.jpg 2048w, https:\/\/blogsaverroes.juntadeandalucia.es\/ieselcano\/files\/2022\/12\/Flamenco-con-F\u00e9lix-scaled.jpg 1600w\" sizes=\"(max-width: 300px) 100vw, 300px\" \/><\/a> <a href=\"https:\/\/blogsaverroes.juntadeandalucia.es\/ieselcano\/files\/2022\/12\/Halloween-scaled.jpg\"><img loading=\"lazy\" decoding=\"async\" class=\"alignleft size-medium wp-image-5364\" src=\"https:\/\/blogsaverroes.juntadeandalucia.es\/ieselcano\/files\/2022\/12\/Halloween-225x300.jpg\" alt=\"\" width=\"225\" height=\"300\" srcset=\"https:\/\/blogsaverroes.juntadeandalucia.es\/ieselcano\/files\/2022\/12\/Halloween-225x300.jpg 225w, https:\/\/blogsaverroes.juntadeandalucia.es\/ieselcano\/files\/2022\/12\/Halloween-768x1024.jpg 768w, https:\/\/blogsaverroes.juntadeandalucia.es\/ieselcano\/files\/2022\/12\/Halloween-1152x1536.jpg 1152w, https:\/\/blogsaverroes.juntadeandalucia.es\/ieselcano\/files\/2022\/12\/Halloween-1536x2048.jpg 1536w, https:\/\/blogsaverroes.juntadeandalucia.es\/ieselcano\/files\/2022\/12\/Halloween-scaled.jpg 1200w\" sizes=\"(max-width: 225px) 100vw, 225px\" \/><\/a> <a href=\"https:\/\/blogsaverroes.juntadeandalucia.es\/ieselcano\/files\/2022\/12\/Flamenco-entrada.jpg\"><img loading=\"lazy\" decoding=\"async\" class=\"alignleft size-medium wp-image-5365\" src=\"https:\/\/blogsaverroes.juntadeandalucia.es\/ieselcano\/files\/2022\/12\/Flamenco-entrada-225x300.jpg\" alt=\"\" width=\"225\" height=\"300\" srcset=\"https:\/\/blogsaverroes.juntadeandalucia.es\/ieselcano\/files\/2022\/12\/Flamenco-entrada-225x300.jpg 225w, https:\/\/blogsaverroes.juntadeandalucia.es\/ieselcano\/files\/2022\/12\/Flamenco-entrada-768x1024.jpg 768w, https:\/\/blogsaverroes.juntadeandalucia.es\/ieselcano\/files\/2022\/12\/Flamenco-entrada-1152x1536.jpg 1152w, https:\/\/blogsaverroes.juntadeandalucia.es\/ieselcano\/files\/2022\/12\/Flamenco-entrada.jpg 1200w\" sizes=\"(max-width: 225px) 100vw, 225px\" \/><\/a> <a href=\"https:\/\/blogsaverroes.juntadeandalucia.es\/ieselcano\/files\/2022\/12\/25-N-scaled.jpg\"><img loading=\"lazy\" decoding=\"async\" class=\"alignleft size-medium wp-image-5366\" src=\"https:\/\/blogsaverroes.juntadeandalucia.es\/ieselcano\/files\/2022\/12\/25-N-300x225.jpg\" alt=\"\" width=\"300\" height=\"225\" srcset=\"https:\/\/blogsaverroes.juntadeandalucia.es\/ieselcano\/files\/2022\/12\/25-N-300x225.jpg 300w, https:\/\/blogsaverroes.juntadeandalucia.es\/ieselcano\/files\/2022\/12\/25-N-1024x768.jpg 1024w, https:\/\/blogsaverroes.juntadeandalucia.es\/ieselcano\/files\/2022\/12\/25-N-768x576.jpg 768w, https:\/\/blogsaverroes.juntadeandalucia.es\/ieselcano\/files\/2022\/12\/25-N-1536x1152.jpg 1536w, https:\/\/blogsaverroes.juntadeandalucia.es\/ieselcano\/files\/2022\/12\/25-N-2048x1536.jpg 2048w, https:\/\/blogsaverroes.juntadeandalucia.es\/ieselcano\/files\/2022\/12\/25-N-scaled.jpg 1600w\" sizes=\"(max-width: 300px) 100vw, 300px\" \/><\/a><\/p>\n<p>&nbsp;<\/p>\n","protected":false},"excerpt":{"rendered":"<p>Terminamos el primer trimestre del curso 22-23 en el I.E.S.\u00a0 Juan Sebasti\u00e1n Elcano tras haber realizado diversas actividades complementarias en el centro con motivo de las diferentes efem\u00e9rides y con la participaci\u00f3n de todo&#46;&#46;&#46;<\/p>\n","protected":false},"author":1,"featured_media":0,"parent":0,"menu_order":0,"comment_status":"closed","ping_status":"open","template":"page-c.php","meta":{"ngg_post_thumbnail":0,"footnotes":"","_mc_calendar":[]},"aioseo_notices":[],"_links":{"self":[{"href":"https:\/\/blogsaverroes.juntadeandalucia.es\/ieselcano\/wp-json\/wp\/v2\/pages\/871"}],"collection":[{"href":"https:\/\/blogsaverroes.juntadeandalucia.es\/ieselcano\/wp-json\/wp\/v2\/pages"}],"about":[{"href":"https:\/\/blogsaverroes.juntadeandalucia.es\/ieselcano\/wp-json\/wp\/v2\/types\/page"}],"author":[{"embeddable":true,"href":"https:\/\/blogsaverroes.juntadeandalucia.es\/ieselcano\/wp-json\/wp\/v2\/users\/1"}],"replies":[{"embeddable":true,"href":"https:\/\/blogsaverroes.juntadeandalucia.es\/ieselcano\/wp-json\/wp\/v2\/comments?post=871"}],"version-history":[{"count":20,"href":"https:\/\/blogsaverroes.juntadeandalucia.es\/ieselcano\/wp-json\/wp\/v2\/pages\/871\/revisions"}],"predecessor-version":[{"id":5369,"href":"https:\/\/blogsaverroes.juntadeandalucia.es\/ieselcano\/wp-json\/wp\/v2\/pages\/871\/revisions\/5369"}],"wp:attachment":[{"href":"https:\/\/blogsaverroes.juntadeandalucia.es\/ieselcano\/wp-json\/wp\/v2\/media?parent=871"}],"curies":[{"name":"wp","href":"https:\/\/api.w.org\/{rel}","templated":true}]}}