{"id":200,"date":"2015-03-17T10:04:24","date_gmt":"2015-03-17T10:04:24","guid":{"rendered":"http:\/\/blogsaverroes.juntadeandalucia.es\/pre\/ceip\/?page_id=200"},"modified":"2022-09-22T16:12:30","modified_gmt":"2022-09-22T16:12:30","slug":"quienes-somos","status":"publish","type":"page","link":"https:\/\/blogsaverroes.juntadeandalucia.es\/ieselenagarciaarmada\/quienes-somos\/","title":{"rendered":"\u00bfQui\u00e9nes somos?"},"content":{"rendered":"<p style=\"text-align: justify\">Estimadas familias del IES Elena Garc\u00eda Armada:<\/p>\n<p style=\"text-align: justify\">El tiempo pasa muy r\u00e1pido y despu\u00e9s de varios a\u00f1os de lucha, y excelente trabajo, se renueva el equipo de la Asociaci\u00f3n, para continuar el camino que ya iniciara en su momento la primera directiva, con el prop\u00f3sito de seguir ofreciendo un buen servicio para la toda comunidad educativa a la que pertenecen nuestros hijos e hijas. Contando con la inestimable colaboraci\u00f3n y apoyo de muchos de vosotros.<br \/>\nComo padres y madres implicados en la educaci\u00f3n de nuestras hijas e hijos, queremos dar la bienvenida a todas las familias que se animen a unirse a nuestra asociaci\u00f3n.<br \/>\nEn breve les proporcionaremos los detalles de c\u00f3mo inscribirse en el AMPA.<br \/>\nUn cordial saludo,<br \/>\nAMPA Construyendo un futuro<br \/>\nI.E.S. Elena Garc\u00eda Armada<\/p>\n<p>&nbsp;<\/p>\n<p style=\"text-align: justify\">correo electr\u00f3nico: construyendounfuturoampa@gmail.com<\/p>\n<p style=\"text-align: justify\"><a href=\"https:\/\/www.instagram.com\/construyendounfuturoampa\/\" target=\"_blank\" rel=\"noopener noreferrer\">Instagram<\/a><\/p>\n<p style=\"text-align: justify\"><a href=\"https:\/\/www.facebook.com\/construyendounfuturoampa\" target=\"_blank\" rel=\"noopener noreferrer\">Facebook<\/a><\/p>\n","protected":false},"excerpt":{"rendered":"<p>Estimadas familias del IES Elena Garc\u00eda Armada: El tiempo pasa muy r\u00e1pido y despu\u00e9s de varios a\u00f1os de lucha, y excelente trabajo, se renueva el equipo de la Asociaci\u00f3n, para&#46;&#46;&#46;<\/p>\n","protected":false},"author":1,"featured_media":0,"parent":0,"menu_order":0,"comment_status":"open","ping_status":"open","template":"","meta":{"ngg_post_thumbnail":0,"footnotes":"","_mc_calendar":[]},"aioseo_notices":[],"_links":{"self":[{"href":"https:\/\/blogsaverroes.juntadeandalucia.es\/ieselenagarciaarmada\/wp-json\/wp\/v2\/pages\/200"}],"collection":[{"href":"https:\/\/blogsaverroes.juntadeandalucia.es\/ieselenagarciaarmada\/wp-json\/wp\/v2\/pages"}],"about":[{"href":"https:\/\/blogsaverroes.juntadeandalucia.es\/ieselenagarciaarmada\/wp-json\/wp\/v2\/types\/page"}],"author":[{"embeddable":true,"href":"https:\/\/blogsaverroes.juntadeandalucia.es\/ieselenagarciaarmada\/wp-json\/wp\/v2\/users\/1"}],"replies":[{"embeddable":true,"href":"https:\/\/blogsaverroes.juntadeandalucia.es\/ieselenagarciaarmada\/wp-json\/wp\/v2\/comments?post=200"}],"version-history":[{"count":7,"href":"https:\/\/blogsaverroes.juntadeandalucia.es\/ieselenagarciaarmada\/wp-json\/wp\/v2\/pages\/200\/revisions"}],"predecessor-version":[{"id":5203,"href":"https:\/\/blogsaverroes.juntadeandalucia.es\/ieselenagarciaarmada\/wp-json\/wp\/v2\/pages\/200\/revisions\/5203"}],"wp:attachment":[{"href":"https:\/\/blogsaverroes.juntadeandalucia.es\/ieselenagarciaarmada\/wp-json\/wp\/v2\/media?parent=200"}],"curies":[{"name":"wp","href":"https:\/\/api.w.org\/{rel}","templated":true}]}}