{"id":2528,"date":"2020-09-20T12:10:22","date_gmt":"2020-09-20T12:10:22","guid":{"rendered":"https:\/\/blogsaverroes.juntadeandalucia.es\/ieselenagarciaarmada\/?page_id=2528"},"modified":"2022-09-05T15:14:44","modified_gmt":"2022-09-05T15:14:44","slug":"historia-del-centro","status":"publish","type":"page","link":"https:\/\/blogsaverroes.juntadeandalucia.es\/ieselenagarciaarmada\/historia-del-centro\/","title":{"rendered":"Historia del centro"},"content":{"rendered":"<p style=\"text-align: justify\">El IES Nuevo comenz\u00f3 su andadura en la Ense\u00f1anza Media de Jerez de la Frontera en el a\u00f1o 2017, como extensi\u00f3n del I.E.S Almunia de Jerez de la Frontera. El Centro se ubic\u00f3 en unos terrenos de San Jos\u00e9 Obrero.<\/p>\n<p style=\"text-align: justify\">El Centro actual funciona desde septiembre de 2020 y se inaugur\u00f3 oficialmente el 9 de Abril de 2021, con el nombre IES Elena Garc\u00eda Armada, elegido a trav\u00e9s de un proyecto que ha realiz\u00f3 el alumnado de 1\u00ba ESO de ese a\u00f1o en la asignatura de Libre Disposici\u00f3n con el proyecto \u00abDime tu nombre\u00bb.<\/p>\n<p style=\"text-align: justify\">Actualmente se imparte Ense\u00f1anza Secundaria Obligatoria (ESO), 1\u00ba y 2\u00ba de Bachillerato. En cursos posteriores se incluir\u00e1 tambi\u00e9n Formaci\u00f3n Profesional espec\u00edfica con un ciclo de FP de Grado Medio.<\/p>\n<p style=\"text-align: justify\">En la actualidad somos un centro en pleno crecimiento, abierto a las nuevas tecnolog\u00edas, por lo que pretendemos ser una referencia en Jerez de la Frontera.<\/p>\n","protected":false},"excerpt":{"rendered":"<p>El IES Nuevo comenz\u00f3 su andadura en la Ense\u00f1anza Media de Jerez de la Frontera en el a\u00f1o 2017, como extensi\u00f3n del I.E.S Almunia de Jerez de la Frontera. El&#46;&#46;&#46;<\/p>\n","protected":false},"author":10331,"featured_media":0,"parent":0,"menu_order":0,"comment_status":"closed","ping_status":"closed","template":"","meta":{"ngg_post_thumbnail":0,"footnotes":"","_mc_calendar":[]},"aioseo_notices":[],"_links":{"self":[{"href":"https:\/\/blogsaverroes.juntadeandalucia.es\/ieselenagarciaarmada\/wp-json\/wp\/v2\/pages\/2528"}],"collection":[{"href":"https:\/\/blogsaverroes.juntadeandalucia.es\/ieselenagarciaarmada\/wp-json\/wp\/v2\/pages"}],"about":[{"href":"https:\/\/blogsaverroes.juntadeandalucia.es\/ieselenagarciaarmada\/wp-json\/wp\/v2\/types\/page"}],"author":[{"embeddable":true,"href":"https:\/\/blogsaverroes.juntadeandalucia.es\/ieselenagarciaarmada\/wp-json\/wp\/v2\/users\/10331"}],"replies":[{"embeddable":true,"href":"https:\/\/blogsaverroes.juntadeandalucia.es\/ieselenagarciaarmada\/wp-json\/wp\/v2\/comments?post=2528"}],"version-history":[{"count":10,"href":"https:\/\/blogsaverroes.juntadeandalucia.es\/ieselenagarciaarmada\/wp-json\/wp\/v2\/pages\/2528\/revisions"}],"predecessor-version":[{"id":5084,"href":"https:\/\/blogsaverroes.juntadeandalucia.es\/ieselenagarciaarmada\/wp-json\/wp\/v2\/pages\/2528\/revisions\/5084"}],"wp:attachment":[{"href":"https:\/\/blogsaverroes.juntadeandalucia.es\/ieselenagarciaarmada\/wp-json\/wp\/v2\/media?parent=2528"}],"curies":[{"name":"wp","href":"https:\/\/api.w.org\/{rel}","templated":true}]}}

<p style="text-align: justify">El IES Nuevo comenzó su andadura en la Enseñanza Media de Jerez de la Frontera en el año 2017, como extensión del I.E.S Almunia de Jerez de la Frontera. El Centro se ubicó en unos terrenos de San José Obrero.</p>
<p style="text-align: justify">El Centro actual funciona desde septiembre de 2020 y se inauguró oficialmente el 9 de Abril de 2021, con el nombre IES Elena García Armada, elegido a través de un proyecto que ha realizó el alumnado de 1º ESO de ese año en la asignatura de Libre Disposición con el proyecto «Dime tu nombre».</p>
<p style="text-align: justify">Actualmente se imparte Enseñanza Secundaria Obligatoria (ESO), 1º y 2º de Bachillerato. En cursos posteriores se incluirá también Formación Profesional específica con un ciclo de FP de Grado Medio.</p>
<p style="text-align: justify">En la actualidad somos un centro en pleno crecimiento, abierto a las nuevas tecnologías, por lo que pretendemos ser una referencia en Jerez de la Frontera.</p>

<p>El IES Nuevo comenzó su andadura en la Enseñanza Media de Jerez de la Frontera en el año 2017, como extensión del I.E.S Almunia de Jerez de la Frontera. El&#46;&#46;&#46;</p>
