{"id":2775,"date":"2021-03-03T17:02:08","date_gmt":"2021-03-03T17:02:08","guid":{"rendered":"https:\/\/blogsaverroes.juntadeandalucia.es\/ieselenagarciaarmada\/?page_id=2775"},"modified":"2021-03-03T17:31:44","modified_gmt":"2021-03-03T17:31:44","slug":"matematicas-2","status":"publish","type":"page","link":"https:\/\/blogsaverroes.juntadeandalucia.es\/ieselenagarciaarmada\/matematicas-2\/","title":{"rendered":"Matem\u00e1ticas"},"content":{"rendered":"<p><a href=\"https:\/\/blogsaverroes.juntadeandalucia.es\/ieselenagarciaarmada\/files\/2021\/03\/MATEM\u0e15TICAS-1-ESO.pdf\">MATEM\u00c1TICAS 1 ESO<\/a><\/p>\n<p><a href=\"https:\/\/blogsaverroes.juntadeandalucia.es\/ieselenagarciaarmada\/files\/2021\/03\/MATEM\u0e15TICAS-2-ESO.pdf\">MATEM\u00c1TICAS 2 ESO<\/a><\/p>\n<p><a href=\"https:\/\/blogsaverroes.juntadeandalucia.es\/ieselenagarciaarmada\/files\/2021\/03\/MATEM\uff75TICAS-ACAD\u4fe1ICAS-3-ESO.pdf\">MATEM\u00c1TICAS ACAD\u00c9MICAS 3 ESO<\/a><\/p>\n<p><a href=\"https:\/\/blogsaverroes.juntadeandalucia.es\/ieselenagarciaarmada\/files\/2021\/03\/MATEM\u0e15TICAS-APLICADAS-3-ESO.pdf\">MATEM\u00c1TICAS APLICADAS 3 ESO<\/a><\/p>\n<p><a href=\"https:\/\/blogsaverroes.juntadeandalucia.es\/ieselenagarciaarmada\/files\/2021\/03\/MATEM\uff75TICAS-ACAD\u4fe1CIAS-4-ESO.pdf\">MATEM\u00c1TICAS ACAD\u00c9MICAS 4 ESO<\/a><\/p>\n<p><a href=\"https:\/\/blogsaverroes.juntadeandalucia.es\/ieselenagarciaarmada\/files\/2021\/03\/MATEM\u0e15TICAS-APLICADAS-4-ESO.pdf\">MATEM\u00c1TICAS APLICADAS 4 ESO<\/a><\/p>\n","protected":false},"excerpt":{"rendered":"<p>MATEM\u00c1TICAS 1 ESO MATEM\u00c1TICAS 2 ESO MATEM\u00c1TICAS ACAD\u00c9MICAS 3 ESO MATEM\u00c1TICAS APLICADAS 3 ESO MATEM\u00c1TICAS ACAD\u00c9MICAS 4 ESO MATEM\u00c1TICAS APLICADAS 4 ESO<\/p>\n","protected":false},"author":10331,"featured_media":0,"parent":0,"menu_order":0,"comment_status":"closed","ping_status":"closed","template":"","meta":{"ngg_post_thumbnail":0,"footnotes":"","_mc_calendar":[]},"aioseo_notices":[],"_links":{"self":[{"href":"https:\/\/blogsaverroes.juntadeandalucia.es\/ieselenagarciaarmada\/wp-json\/wp\/v2\/pages\/2775"}],"collection":[{"href":"https:\/\/blogsaverroes.juntadeandalucia.es\/ieselenagarciaarmada\/wp-json\/wp\/v2\/pages"}],"about":[{"href":"https:\/\/blogsaverroes.juntadeandalucia.es\/ieselenagarciaarmada\/wp-json\/wp\/v2\/types\/page"}],"author":[{"embeddable":true,"href":"https:\/\/blogsaverroes.juntadeandalucia.es\/ieselenagarciaarmada\/wp-json\/wp\/v2\/users\/10331"}],"replies":[{"embeddable":true,"href":"https:\/\/blogsaverroes.juntadeandalucia.es\/ieselenagarciaarmada\/wp-json\/wp\/v2\/comments?post=2775"}],"version-history":[{"count":4,"href":"https:\/\/blogsaverroes.juntadeandalucia.es\/ieselenagarciaarmada\/wp-json\/wp\/v2\/pages\/2775\/revisions"}],"predecessor-version":[{"id":2900,"href":"https:\/\/blogsaverroes.juntadeandalucia.es\/ieselenagarciaarmada\/wp-json\/wp\/v2\/pages\/2775\/revisions\/2900"}],"wp:attachment":[{"href":"https:\/\/blogsaverroes.juntadeandalucia.es\/ieselenagarciaarmada\/wp-json\/wp\/v2\/media?parent=2775"}],"curies":[{"name":"wp","href":"https:\/\/api.w.org\/{rel}","templated":true}]}}