{"id":42,"date":"2015-03-13T08:40:47","date_gmt":"2015-03-13T08:40:47","guid":{"rendered":"http:\/\/blogsaverroes.juntadeandalucia.es\/pre\/ceip\/?page_id=42"},"modified":"2026-02-26T08:42:42","modified_gmt":"2026-02-26T08:42:42","slug":"equipo-directivo","status":"publish","type":"page","link":"https:\/\/blogsaverroes.juntadeandalucia.es\/ieselenagarciaarmada\/equipo-directivo\/","title":{"rendered":"Equipo directivo"},"content":{"rendered":"<p>\u200b<\/p>\n<table style=\"border-collapse: collapse;width: 95.8515%\">\n<tbody>\n<tr style=\"height: 24px\">\n<td style=\"width: 25.655%;text-align: center;height: 24px\"><strong>Directora<\/strong><\/td>\n<td style=\"width: 22.1616%;text-align: center;height: 24px\"><strong>Vicedirector<\/strong><\/td>\n<td style=\"width: 23.0349%;text-align: center;height: 24px\"><strong>Jefe de estudios&nbsp;<\/strong><\/td>\n<\/tr>\n<tr style=\"height: 24px\">\n<td style=\"width: 25.655%;height: 24px;text-align: center\">Rosario Coca de la Torre<\/td>\n<td style=\"width: 22.1616%;height: 24px;text-align: center\">Jos\u00e9 Luis Ram\u00edrez Garc\u00eda<\/td>\n<td style=\"width: 23.0349%;height: 24px;text-align: center\">Jes\u00fas Moreno Matos<\/td>\n<\/tr>\n<tr>\n<td style=\"width: 25.655%\"><img loading=\"lazy\" decoding=\"async\" class=\"aligncenter wp-image-3952 \" src=\"https:\/\/blogsaverroes.juntadeandalucia.es\/ieselenagarciaarmada\/files\/2021\/11\/WhatsApp-Image-2021-10-06-at-11.41.49-e1636739171878-150x150.jpeg\" alt=\"\" width=\"80\" height=\"80\"><\/td>\n<td style=\"width: 22.1616%\"><img loading=\"lazy\" decoding=\"async\" class=\"wp-image-7535 aligncenter\" src=\"https:\/\/blogsaverroes.juntadeandalucia.es\/ieselenagarciaarmada\/files\/2023\/09\/IMG_20230911_115352_resized_20230911_104124679-150x150.jpg\" alt=\"\" width=\"80\" height=\"80\" srcset=\"https:\/\/blogsaverroes.juntadeandalucia.es\/ieselenagarciaarmada\/files\/2023\/09\/IMG_20230911_115352_resized_20230911_104124679-150x150.jpg 150w, https:\/\/blogsaverroes.juntadeandalucia.es\/ieselenagarciaarmada\/files\/2023\/09\/IMG_20230911_115352_resized_20230911_104124679-80x80.jpg 80w, https:\/\/blogsaverroes.juntadeandalucia.es\/ieselenagarciaarmada\/files\/2023\/09\/IMG_20230911_115352_resized_20230911_104124679-320x320.jpg 320w\" sizes=\"(max-width: 80px) 100vw, 80px\" \/><\/td>\n<td style=\"width: 23.0349%\"><a href=\"https:\/\/blogsaverroes.juntadeandalucia.es\/ieselenagarciaarmada\/files\/2021\/08\/IMG_6175-2-scaled.jpg\"><img loading=\"lazy\" decoding=\"async\" class=\"aligncenter wp-image-3393 \" src=\"https:\/\/blogsaverroes.juntadeandalucia.es\/ieselenagarciaarmada\/files\/2021\/08\/IMG_6175-2-150x150.jpg\" alt=\"\" width=\"80\" height=\"80\" srcset=\"https:\/\/blogsaverroes.juntadeandalucia.es\/ieselenagarciaarmada\/files\/2021\/08\/IMG_6175-2-150x150.jpg 150w, https:\/\/blogsaverroes.juntadeandalucia.es\/ieselenagarciaarmada\/files\/2021\/08\/IMG_6175-2-80x80.jpg 80w, https:\/\/blogsaverroes.juntadeandalucia.es\/ieselenagarciaarmada\/files\/2021\/08\/IMG_6175-2-320x320.jpg 320w\" sizes=\"(max-width: 80px) 100vw, 80px\" \/><\/a><\/td>\n<\/tr>\n<\/tbody>\n<\/table>\n<table style=\"border-collapse: collapse;width: 65.0174%;height: 75px\">\n<tbody>\n<tr style=\"height: 24px\">\n<td style=\"width: 53.598%;height: 24px;text-align: center\"><strong>Jefe de estudios adjunto<\/strong><\/td>\n<td style=\"width: 156.104%;text-align: center\"><strong>Secretaria<\/strong><\/td>\n<\/tr>\n<tr style=\"height: 24px\">\n<td style=\"width: 53.598%;height: 24px;text-align: center\">Miguel \u00c1ngel Pe\u00f1a D\u00edaz<\/td>\n<td style=\"width: 156.104%;text-align: center\">Mar\u00eda Teresa Moreno Mu\u00f1os<\/td>\n<\/tr>\n<tr style=\"height: 24px\">\n<td style=\"width: 53.598%;height: 24px\"><img loading=\"lazy\" decoding=\"async\" class=\"aligncenter wp-image-3941\" src=\"https:\/\/blogsaverroes.juntadeandalucia.es\/ieselenagarciaarmada\/files\/2021\/11\/WhatsApp-Image-2021-10-06-at-11.41.17-150x150.jpeg\" alt=\"\" width=\"79\" height=\"126\" data-wp-editing=\"1\"><\/td>\n<td style=\"width: 156.104%\"><img loading=\"lazy\" decoding=\"async\" class=\"aligncenter\" src=\"https:\/\/blogsaverroes.juntadeandalucia.es\/ieselenagarciaarmada\/files\/2024\/09\/Captura-de-pantalla-2024-09-30-a-las-14.14.37-290x300.png\" width=\"95\" height=\"98\"><\/td>\n<\/tr>\n<\/tbody>\n<\/table>\n","protected":false},"excerpt":{"rendered":"<p>\u200b Directora Vicedirector Jefe de estudios&nbsp; Rosario Coca de la Torre Jos\u00e9 Luis Ram\u00edrez Garc\u00eda Jes\u00fas Moreno Matos Jefe de estudios adjunto Secretaria Miguel \u00c1ngel Pe\u00f1a D\u00edaz Mar\u00eda Teresa Moreno&#46;&#46;&#46;<\/p>\n","protected":false},"author":1,"featured_media":0,"parent":0,"menu_order":0,"comment_status":"open","ping_status":"open","template":"","meta":{"ngg_post_thumbnail":0,"footnotes":"","_mc_calendar":[]},"aioseo_notices":[],"_links":{"self":[{"href":"https:\/\/blogsaverroes.juntadeandalucia.es\/ieselenagarciaarmada\/wp-json\/wp\/v2\/pages\/42"}],"collection":[{"href":"https:\/\/blogsaverroes.juntadeandalucia.es\/ieselenagarciaarmada\/wp-json\/wp\/v2\/pages"}],"about":[{"href":"https:\/\/blogsaverroes.juntadeandalucia.es\/ieselenagarciaarmada\/wp-json\/wp\/v2\/types\/page"}],"author":[{"embeddable":true,"href":"https:\/\/blogsaverroes.juntadeandalucia.es\/ieselenagarciaarmada\/wp-json\/wp\/v2\/users\/1"}],"replies":[{"embeddable":true,"href":"https:\/\/blogsaverroes.juntadeandalucia.es\/ieselenagarciaarmada\/wp-json\/wp\/v2\/comments?post=42"}],"version-history":[{"count":27,"href":"https:\/\/blogsaverroes.juntadeandalucia.es\/ieselenagarciaarmada\/wp-json\/wp\/v2\/pages\/42\/revisions"}],"predecessor-version":[{"id":9303,"href":"https:\/\/blogsaverroes.juntadeandalucia.es\/ieselenagarciaarmada\/wp-json\/wp\/v2\/pages\/42\/revisions\/9303"}],"wp:attachment":[{"href":"https:\/\/blogsaverroes.juntadeandalucia.es\/ieselenagarciaarmada\/wp-json\/wp\/v2\/media?parent=42"}],"curies":[{"name":"wp","href":"https:\/\/api.w.org\/{rel}","templated":true}]}}