{"id":49,"date":"2015-03-13T08:47:05","date_gmt":"2015-03-13T08:47:05","guid":{"rendered":"http:\/\/blogsaverroes.juntadeandalucia.es\/pre\/ceip\/?page_id=49"},"modified":"2024-07-02T08:06:07","modified_gmt":"2024-07-02T08:06:07","slug":"proyecto-de-direccion","status":"publish","type":"page","link":"https:\/\/blogsaverroes.juntadeandalucia.es\/ieselenagarciaarmada\/proyecto-de-direccion\/","title":{"rendered":"Proyecto de direcci\u00f3n"},"content":{"rendered":"<p style=\"text-align: justify\">Un centro se define en gran medida por su <strong>Proyecto de Direcci\u00f3n<\/strong>. En \u00e9l se plasma el modelo educativo y la concreci\u00f3n de la normativa que realizamos respecto a las ense\u00f1anzas que impartimos. Podemos encontrar los aspectos como las finales educativas, los objetivos o la atenci\u00f3n a la diversidad. Con la publicaci\u00f3n del Proyecto de Direcci\u00f3n en la p\u00e1gina web del centro queremos apostar claramente por la transparencia.<\/p>\n<p>Aqu\u00ed ten\u00e9is el documento: <a href=\"https:\/\/blogsaverroes.juntadeandalucia.es\/ieselenagarciaarmada\/files\/2024\/07\/pd_ies_rosariococadelatorre-1.pdf\" target=\"_blank\" rel=\"noopener\">Proyecto de Direcci\u00f3n<\/a><\/p>\n","protected":false},"excerpt":{"rendered":"<p>Un centro se define en gran medida por su Proyecto de Direcci\u00f3n. En \u00e9l se plasma el modelo educativo y la concreci\u00f3n de la normativa que realizamos respecto a las&#46;&#46;&#46;<\/p>\n","protected":false},"author":1,"featured_media":0,"parent":0,"menu_order":0,"comment_status":"open","ping_status":"open","template":"","meta":{"ngg_post_thumbnail":0,"footnotes":"","_mc_calendar":[]},"aioseo_notices":[],"_links":{"self":[{"href":"https:\/\/blogsaverroes.juntadeandalucia.es\/ieselenagarciaarmada\/wp-json\/wp\/v2\/pages\/49"}],"collection":[{"href":"https:\/\/blogsaverroes.juntadeandalucia.es\/ieselenagarciaarmada\/wp-json\/wp\/v2\/pages"}],"about":[{"href":"https:\/\/blogsaverroes.juntadeandalucia.es\/ieselenagarciaarmada\/wp-json\/wp\/v2\/types\/page"}],"author":[{"embeddable":true,"href":"https:\/\/blogsaverroes.juntadeandalucia.es\/ieselenagarciaarmada\/wp-json\/wp\/v2\/users\/1"}],"replies":[{"embeddable":true,"href":"https:\/\/blogsaverroes.juntadeandalucia.es\/ieselenagarciaarmada\/wp-json\/wp\/v2\/comments?post=49"}],"version-history":[{"count":12,"href":"https:\/\/blogsaverroes.juntadeandalucia.es\/ieselenagarciaarmada\/wp-json\/wp\/v2\/pages\/49\/revisions"}],"predecessor-version":[{"id":8432,"href":"https:\/\/blogsaverroes.juntadeandalucia.es\/ieselenagarciaarmada\/wp-json\/wp\/v2\/pages\/49\/revisions\/8432"}],"wp:attachment":[{"href":"https:\/\/blogsaverroes.juntadeandalucia.es\/ieselenagarciaarmada\/wp-json\/wp\/v2\/media?parent=49"}],"curies":[{"name":"wp","href":"https:\/\/api.w.org\/{rel}","templated":true}]}}