{"id":8684,"date":"2024-11-20T09:21:41","date_gmt":"2024-11-20T09:21:41","guid":{"rendered":"https:\/\/blogsaverroes.juntadeandalucia.es\/ieselenagarciaarmada\/?page_id=8684"},"modified":"2024-11-20T12:28:19","modified_gmt":"2024-11-20T12:28:19","slug":"jornadas-steam","status":"publish","type":"page","link":"https:\/\/blogsaverroes.juntadeandalucia.es\/ieselenagarciaarmada\/jornadas-steam\/","title":{"rendered":"Jornadas STEAM"},"content":{"rendered":"<p>Las jornadas STEAM consisten en unas jornadas de ciencia, tecnolog\u00eda, ingenier\u00eda, artes y humanidades y matem\u00e1ticas que se celebran en el instituto durante una semana con multitud de actividades.<\/p>\n<p>Hasta ahora se han celebrado 3 jornadas, y en el 2025 celebraremos las 4\u00aa jornadas STEAM.<\/p>\n<p>&nbsp;<\/p>\n","protected":false},"excerpt":{"rendered":"<p>Las jornadas STEAM consisten en unas jornadas de ciencia, tecnolog\u00eda, ingenier\u00eda, artes y humanidades y matem\u00e1ticas que se celebran en el instituto durante una semana con multitud de actividades. Hasta&#46;&#46;&#46;<\/p>\n","protected":false},"author":10331,"featured_media":0,"parent":0,"menu_order":0,"comment_status":"closed","ping_status":"closed","template":"","meta":{"ngg_post_thumbnail":0,"footnotes":"","_mc_calendar":[]},"aioseo_notices":[],"_links":{"self":[{"href":"https:\/\/blogsaverroes.juntadeandalucia.es\/ieselenagarciaarmada\/wp-json\/wp\/v2\/pages\/8684"}],"collection":[{"href":"https:\/\/blogsaverroes.juntadeandalucia.es\/ieselenagarciaarmada\/wp-json\/wp\/v2\/pages"}],"about":[{"href":"https:\/\/blogsaverroes.juntadeandalucia.es\/ieselenagarciaarmada\/wp-json\/wp\/v2\/types\/page"}],"author":[{"embeddable":true,"href":"https:\/\/blogsaverroes.juntadeandalucia.es\/ieselenagarciaarmada\/wp-json\/wp\/v2\/users\/10331"}],"replies":[{"embeddable":true,"href":"https:\/\/blogsaverroes.juntadeandalucia.es\/ieselenagarciaarmada\/wp-json\/wp\/v2\/comments?post=8684"}],"version-history":[{"count":5,"href":"https:\/\/blogsaverroes.juntadeandalucia.es\/ieselenagarciaarmada\/wp-json\/wp\/v2\/pages\/8684\/revisions"}],"predecessor-version":[{"id":8700,"href":"https:\/\/blogsaverroes.juntadeandalucia.es\/ieselenagarciaarmada\/wp-json\/wp\/v2\/pages\/8684\/revisions\/8700"}],"wp:attachment":[{"href":"https:\/\/blogsaverroes.juntadeandalucia.es\/ieselenagarciaarmada\/wp-json\/wp\/v2\/media?parent=8684"}],"curies":[{"name":"wp","href":"https:\/\/api.w.org\/{rel}","templated":true}]}}