{"id":9345,"date":"2026-03-24T11:45:23","date_gmt":"2026-03-24T11:45:23","guid":{"rendered":"https:\/\/blogsaverroes.juntadeandalucia.es\/ieselenagarciaarmada\/?page_id=9345"},"modified":"2026-03-24T11:46:46","modified_gmt":"2026-03-24T11:46:46","slug":"proyectos","status":"publish","type":"page","link":"https:\/\/blogsaverroes.juntadeandalucia.es\/ieselenagarciaarmada\/proyectos\/","title":{"rendered":"Proyectos"},"content":{"rendered":"<p><strong>\u201cPROYECTOS ESPEC\u00cdFICOS DE FORMACI\u00d3N COMPLEMENTARIA EXTRACURRICULAR VINCULADOS A GRADOS D EN EL CURSO ESCOLAR 25-26.\u201d<\/strong><br \/>\nNos complace anunciar que nuestro centro ha sido beneficiario de la convocatoria de proyectos de Formaci\u00f3n Profesional cofinanciados por el Fondo Social Europeo Plus (FSE+) para el curso 2025\/2026.<br \/>\nEl proyecto aprobado, titulado \u201cEquitaci\u00f3n en Acci\u00f3n: Aprendizaje Pr\u00e1ctico y Mejora T\u00e9cnica en Entorno Profesional Real\u201d, tiene como objetivo mejorar la cualificaci\u00f3n profesional del alumnado mediante una formaci\u00f3n complementaria extracurricular, en estrecha colaboraci\u00f3n con el tejido productivo del sector ecuestre.<br \/>\nEsta actuaci\u00f3n permitir\u00e1 al alumnado de primer curso del ciclo formativo de Grado Medio en Actividades Ecuestres reforzar sus competencias t\u00e9cnicas en equitaci\u00f3n, manejo y cuidado del caballo, as\u00ed como avanzar en la obtenci\u00f3n de los galopes oficiales, incrementando as\u00ed sus oportunidades de inserci\u00f3n laboral.<br \/>\nEl proyecto se desarrollar\u00e1 en colaboraci\u00f3n con la empresa Ganader\u00eda Alpende, en un entorno profesional real que favorecer\u00e1 el aprendizaje pr\u00e1ctico, la adquisici\u00f3n de competencias clave y el contacto directo con el sector productivo.<br \/>\nSon en total 12 sesiones, que pretenden completar y mejorar la formaci\u00f3n ecuestre de nuestro alumnado de 1\u00ba Ciclo de Actividades Ecuestres.<br \/>\nEsta operaci\u00f3n est\u00e1 cofinanciada por la Uni\u00f3n Europea a trav\u00e9s del Fondo Social Europeo Plus (FSE+), en el marco de las actuaciones destinadas a mejorar la calidad, la inclusi\u00f3n y la empleabilidad en la Formaci\u00f3n Profesional.<\/p>\n","protected":false},"excerpt":{"rendered":"<p>\u201cPROYECTOS ESPEC\u00cdFICOS DE FORMACI\u00d3N COMPLEMENTARIA EXTRACURRICULAR VINCULADOS A GRADOS D EN EL CURSO ESCOLAR 25-26.\u201d Nos complace anunciar que nuestro centro ha sido beneficiario de la convocatoria de proyectos de&#46;&#46;&#46;<\/p>\n","protected":false},"author":10331,"featured_media":0,"parent":0,"menu_order":0,"comment_status":"closed","ping_status":"closed","template":"","meta":{"ngg_post_thumbnail":0,"footnotes":"","_mc_calendar":[]},"aioseo_notices":[],"_links":{"self":[{"href":"https:\/\/blogsaverroes.juntadeandalucia.es\/ieselenagarciaarmada\/wp-json\/wp\/v2\/pages\/9345"}],"collection":[{"href":"https:\/\/blogsaverroes.juntadeandalucia.es\/ieselenagarciaarmada\/wp-json\/wp\/v2\/pages"}],"about":[{"href":"https:\/\/blogsaverroes.juntadeandalucia.es\/ieselenagarciaarmada\/wp-json\/wp\/v2\/types\/page"}],"author":[{"embeddable":true,"href":"https:\/\/blogsaverroes.juntadeandalucia.es\/ieselenagarciaarmada\/wp-json\/wp\/v2\/users\/10331"}],"replies":[{"embeddable":true,"href":"https:\/\/blogsaverroes.juntadeandalucia.es\/ieselenagarciaarmada\/wp-json\/wp\/v2\/comments?post=9345"}],"version-history":[{"count":2,"href":"https:\/\/blogsaverroes.juntadeandalucia.es\/ieselenagarciaarmada\/wp-json\/wp\/v2\/pages\/9345\/revisions"}],"predecessor-version":[{"id":9349,"href":"https:\/\/blogsaverroes.juntadeandalucia.es\/ieselenagarciaarmada\/wp-json\/wp\/v2\/pages\/9345\/revisions\/9349"}],"wp:attachment":[{"href":"https:\/\/blogsaverroes.juntadeandalucia.es\/ieselenagarciaarmada\/wp-json\/wp\/v2\/media?parent=9345"}],"curies":[{"name":"wp","href":"https:\/\/api.w.org\/{rel}","templated":true}]}}