{"id":1084,"date":"2024-11-05T12:29:57","date_gmt":"2024-11-05T11:29:57","guid":{"rendered":"https:\/\/blogsaverroes.juntadeandalucia.es\/ieselfuertecaniles\/?page_id=1084"},"modified":"2024-11-05T12:44:34","modified_gmt":"2024-11-05T11:44:34","slug":"plan-de-igualdad","status":"publish","type":"page","link":"https:\/\/blogsaverroes.juntadeandalucia.es\/ieselfuertecaniles\/plan-de-igualdad\/","title":{"rendered":"Plan de Igualdad"},"content":{"rendered":"<p>\u00a1Bienvenidos al espacio de igualdad de nuestro instituto! Est\u00e1 dedicado a compartir las actividades y eventos que realizamos en conmemoraci\u00f3n de efem\u00e9rides importantes relacionadas con la igualdad y los derechos humanos. A lo largo del a\u00f1o, celebraremos momentos clave que nos invitan a reflexionar y aprender sobre la importancia de la equidad en nuestra comunidad. Aqu\u00ed encontrar\u00e1s informaci\u00f3n sobre talleres, charlas, proyectos y m\u00e1s, con el objetivo de inspirar a todos a ser agentes de cambio. \u00a1\u00danete a nosotros y se parte de esta emocionante iniciativa hacia un futuro m\u00e1s igualitario!<\/p>\n<p style=\"text-align: center\"><a href=\"https:\/\/sites.google.com\/g.educaand.es\/igualdadenelfuerte?usp=sharing\">Blog de Igualdad &#8220;El Fuerte&#8221; :<\/a><\/p>\n<p><img loading=\"lazy\" decoding=\"async\" class=\" wp-image-1101 aligncenter\" src=\"https:\/\/blogsaverroes.juntadeandalucia.es\/ieselfuertecaniles\/files\/2024\/11\/dedo-300x300.jpg\" alt=\"\" width=\"117\" height=\"117\" srcset=\"https:\/\/blogsaverroes.juntadeandalucia.es\/ieselfuertecaniles\/files\/2024\/11\/dedo-300x300.jpg 300w, https:\/\/blogsaverroes.juntadeandalucia.es\/ieselfuertecaniles\/files\/2024\/11\/dedo-150x150.jpg 150w, https:\/\/blogsaverroes.juntadeandalucia.es\/ieselfuertecaniles\/files\/2024\/11\/dedo-80x80.jpg 80w, https:\/\/blogsaverroes.juntadeandalucia.es\/ieselfuertecaniles\/files\/2024\/11\/dedo-320x320.jpg 320w, https:\/\/blogsaverroes.juntadeandalucia.es\/ieselfuertecaniles\/files\/2024\/11\/dedo.jpg 612w\" sizes=\"(max-width: 117px) 100vw, 117px\" \/><\/p>\n<p>&nbsp;<\/p>\n<p>&nbsp;<\/p>\n","protected":false},"excerpt":{"rendered":"<p>\u00a1Bienvenidos al espacio de igualdad de nuestro instituto! Est\u00e1 dedicado a compartir las actividades y eventos que realizamos en conmemoraci\u00f3n de efem\u00e9rides importantes relacionadas con la igualdad y los derechos humanos. A lo largo&#46;&#46;&#46;<\/p>\n","protected":false},"author":20136,"featured_media":0,"parent":0,"menu_order":0,"comment_status":"closed","ping_status":"closed","template":"","meta":{"ngg_post_thumbnail":0,"footnotes":"","_mc_calendar":[]},"aioseo_notices":[],"_links":{"self":[{"href":"https:\/\/blogsaverroes.juntadeandalucia.es\/ieselfuertecaniles\/wp-json\/wp\/v2\/pages\/1084"}],"collection":[{"href":"https:\/\/blogsaverroes.juntadeandalucia.es\/ieselfuertecaniles\/wp-json\/wp\/v2\/pages"}],"about":[{"href":"https:\/\/blogsaverroes.juntadeandalucia.es\/ieselfuertecaniles\/wp-json\/wp\/v2\/types\/page"}],"author":[{"embeddable":true,"href":"https:\/\/blogsaverroes.juntadeandalucia.es\/ieselfuertecaniles\/wp-json\/wp\/v2\/users\/20136"}],"replies":[{"embeddable":true,"href":"https:\/\/blogsaverroes.juntadeandalucia.es\/ieselfuertecaniles\/wp-json\/wp\/v2\/comments?post=1084"}],"version-history":[{"count":4,"href":"https:\/\/blogsaverroes.juntadeandalucia.es\/ieselfuertecaniles\/wp-json\/wp\/v2\/pages\/1084\/revisions"}],"predecessor-version":[{"id":1102,"href":"https:\/\/blogsaverroes.juntadeandalucia.es\/ieselfuertecaniles\/wp-json\/wp\/v2\/pages\/1084\/revisions\/1102"}],"wp:attachment":[{"href":"https:\/\/blogsaverroes.juntadeandalucia.es\/ieselfuertecaniles\/wp-json\/wp\/v2\/media?parent=1084"}],"curies":[{"name":"wp","href":"https:\/\/api.w.org\/{rel}","templated":true}]}}