{"id":1091,"date":"2024-11-05T12:33:24","date_gmt":"2024-11-05T11:33:24","guid":{"rendered":"https:\/\/blogsaverroes.juntadeandalucia.es\/ieselfuertecaniles\/?page_id=1091"},"modified":"2025-03-13T14:06:03","modified_gmt":"2025-03-13T13:06:03","slug":"proyecto-cima","status":"publish","type":"page","link":"https:\/\/blogsaverroes.juntadeandalucia.es\/ieselfuertecaniles\/proyecto-cima\/","title":{"rendered":"Proyecto CIMA"},"content":{"rendered":"<p class=\"western\" align=\"justify\"><a href=\"https:\/\/blogsaverroes.juntadeandalucia.es\/ieselfuertecaniles\/dossier-cima\/\"><span style=\"font-size: medium\"><b>PROYECTO CIMA.<\/b><\/span><\/a><\/p>\n<p class=\"western\" align=\"justify\"><span style=\"font-size: medium\">Se trata de una herramienta pedag\u00f3gica para impulsar la innovaci\u00f3n y transformaci\u00f3n del proyecto educativo del centro desde el an\u00e1lisis, reflexi\u00f3n y evaluaci\u00f3n participativa garantizando la mejora continua y la personalizaci\u00f3n de los procesos seg\u00fan los centros de inter\u00e9s y necesidades del centro.<\/span><\/p>\n<p class=\"western\" align=\"justify\"><span style=\"font-size: medium\">Con este programa se pretende promover:<\/span><\/p>\n<ul>\n<li>\n<p align=\"justify\"><span style=\"font-size: medium\">Proyectos integrales de transformaci\u00f3n y mejora de los aprendizajes.<\/span><\/p>\n<\/li>\n<li>\n<p align=\"justify\"><span style=\"font-size: medium\">Los procesos participativos en el centro con el alumnado como protagonista.<\/span><\/p>\n<\/li>\n<li>\n<p align=\"justify\"><span style=\"font-size: medium\">La simplificaci\u00f3n de la gesti\u00f3n.<\/span><\/p>\n<\/li>\n<li>\n<p align=\"justify\"><span style=\"font-size: medium\">El reconocimiento y difusi\u00f3n de experiencias de \u00e9xito en innovaci\u00f3n.<\/span><\/p>\n<\/li>\n<\/ul>\n<p class=\"western\" align=\"justify\"><span style=\"font-size: medium\">Los centros de inter\u00e9s, los \u00e1mbitos del conocimiento y las l\u00edneas de actuaci\u00f3n que se van a desarrollar en el centro durante el curso 2023\/24 son:<\/span><\/p>\n<p class=\"western\" align=\"justify\"><span style=\"font-size: medium\"><b>Centro de inter\u00e9s: <\/b><\/span><\/p>\n<p class=\"western\" align=\"justify\"><strong><span style=\"font-size: medium\">1. Para la transformaci\u00f3n hacia entornos m\u00e1s sostenibles y saludables<\/span><\/strong><\/p>\n<p class=\"western\" align=\"justify\"><span style=\"color: #0000ff\"><strong><span style=\"font-size: medium\">PROMOCI\u00d3N DE H\u00c1BITOS DE VIDA SALUDABLE<\/span><\/strong><\/span><\/p>\n<ul>\n<li>\n<p align=\"justify\"><span style=\"font-size: medium\">Educaci\u00f3n emocional<\/span><\/p>\n<\/li>\n<li>\n<p align=\"justify\"><span style=\"font-size: medium\">Actividad f\u00edsica y deporte<\/span><\/p>\n<\/li>\n<li>\n<p align=\"justify\"><span style=\"font-size: medium\">Educaci\u00f3n afectivo \u2013 sexual<\/span><\/p>\n<\/li>\n<li>\n<p align=\"justify\"><span style=\"font-size: medium\">Higiene digital<\/span><\/p>\n<\/li>\n<\/ul>\n<p class=\"western\" align=\"justify\"><span style=\"color: #0000ff\"><strong><span style=\"font-size: medium\">ALDEA<\/span><\/strong><\/span><\/p>\n<ul>\n<li>\n<p align=\"justify\">Gesti\u00f3n y valor del agua<\/p>\n<\/li>\n<li>\n<p align=\"justify\">Educaci\u00f3n para la circularidad<\/p>\n<\/li>\n<\/ul>\n<p class=\"western\" align=\"justify\"><strong><span style=\"font-size: medium\">2. Para la transformaci\u00f3n digital educativa:<\/span><\/strong><\/p>\n<p class=\"western\" align=\"justify\"><span style=\"color: #0000ff\"><strong><em><span style=\"font-size: medium\">STEAM<\/span><\/em><\/strong><\/span><\/p>\n<ul>\n<li>\n<p align=\"justify\"><span style=\"font-size: medium\">Razonamiento matem\u00e1tico<\/span><\/p>\n<\/li>\n<li>\n<p align=\"justify\"><span style=\"font-size: medium\">Ciberseguridad.<\/span><\/p>\n<\/li>\n<\/ul>\n<p class=\"western\" align=\"justify\"><strong><span style=\"font-size: medium\">3. Para la transformaci\u00f3n desde la cultura y la alfabetizaci\u00f3n medi\u00e1tica:<\/span><\/strong><\/p>\n<p class=\"western\" align=\"justify\"><span style=\"color: #0000ff\"><strong><span style=\"font-size: medium\">ARTE Y CULTURA<\/span><\/strong><\/span><\/p>\n<ul>\n<li>\n<p align=\"justify\"><span style=\"font-size: medium\">Cine<\/span><\/p>\n<\/li>\n<li>\n<p align=\"justify\"><span style=\"font-size: medium\">Artes pl\u00e1sticas y dise\u00f1o gr\u00e1fico<\/span><\/p>\n<\/li>\n<li>\n<p align=\"justify\"><span style=\"font-size: medium\">Patrimonio andaluz<\/span><\/p>\n<\/li>\n<\/ul>\n<p class=\"western\" align=\"justify\"><span style=\"color: #0000ff\"><strong><span style=\"font-size: medium\">PLC, COMUNICACI\u00d3N Y ALFABETIZACI\u00d3N MEDI\u00c1TICA E INFORMACIONAL<\/span><\/strong><\/span><\/p>\n<ul>\n<li>\n<p align=\"justify\"><span style=\"font-size: medium\">Comunicaci\u00f3n oral y debate<\/span><\/p>\n<\/li>\n<li>\n<p align=\"justify\"><span style=\"font-size: medium\">Radio escolar<\/span><\/p>\n<\/li>\n<\/ul>\n<p class=\"western\" align=\"justify\"><span style=\"font-size: medium\">Como se puede deducir, este programa es transversal y nos va a permitir desarrollar m\u00e1s de una competencia clave. En particular las competencias en comunicaci\u00f3n ling\u00fc\u00edstica, la competencia pluriling\u00fce, la competencia matem\u00e1tica y competencia en ciencia y tecnolog\u00eda, la competencia digital, la competencia personal, social y de aprender a aprender, la competencia ciudadana, la competencia emprendedora y la competencia en conciencia y expresiones art\u00edsticas.<\/span><\/p>\n","protected":false},"excerpt":{"rendered":"<p>PROYECTO CIMA. Se trata de una herramienta pedag\u00f3gica para impulsar la innovaci\u00f3n y transformaci\u00f3n del proyecto educativo del centro desde el an\u00e1lisis, reflexi\u00f3n y evaluaci\u00f3n participativa garantizando la mejora continua y la personalizaci\u00f3n de&#46;&#46;&#46;<\/p>\n","protected":false},"author":20136,"featured_media":0,"parent":0,"menu_order":0,"comment_status":"closed","ping_status":"closed","template":"","meta":{"ngg_post_thumbnail":0,"footnotes":"","_mc_calendar":[]},"aioseo_notices":[],"_links":{"self":[{"href":"https:\/\/blogsaverroes.juntadeandalucia.es\/ieselfuertecaniles\/wp-json\/wp\/v2\/pages\/1091"}],"collection":[{"href":"https:\/\/blogsaverroes.juntadeandalucia.es\/ieselfuertecaniles\/wp-json\/wp\/v2\/pages"}],"about":[{"href":"https:\/\/blogsaverroes.juntadeandalucia.es\/ieselfuertecaniles\/wp-json\/wp\/v2\/types\/page"}],"author":[{"embeddable":true,"href":"https:\/\/blogsaverroes.juntadeandalucia.es\/ieselfuertecaniles\/wp-json\/wp\/v2\/users\/20136"}],"replies":[{"embeddable":true,"href":"https:\/\/blogsaverroes.juntadeandalucia.es\/ieselfuertecaniles\/wp-json\/wp\/v2\/comments?post=1091"}],"version-history":[{"count":5,"href":"https:\/\/blogsaverroes.juntadeandalucia.es\/ieselfuertecaniles\/wp-json\/wp\/v2\/pages\/1091\/revisions"}],"predecessor-version":[{"id":1418,"href":"https:\/\/blogsaverroes.juntadeandalucia.es\/ieselfuertecaniles\/wp-json\/wp\/v2\/pages\/1091\/revisions\/1418"}],"wp:attachment":[{"href":"https:\/\/blogsaverroes.juntadeandalucia.es\/ieselfuertecaniles\/wp-json\/wp\/v2\/media?parent=1091"}],"curies":[{"name":"wp","href":"https:\/\/api.w.org\/{rel}","templated":true}]}}