{"id":1210,"date":"2024-11-24T10:33:06","date_gmt":"2024-11-24T09:33:06","guid":{"rendered":"https:\/\/blogsaverroes.juntadeandalucia.es\/ieselfuertecaniles\/?page_id=1210"},"modified":"2024-11-24T10:55:23","modified_gmt":"2024-11-24T09:55:23","slug":"orientacion","status":"publish","type":"page","link":"https:\/\/blogsaverroes.juntadeandalucia.es\/ieselfuertecaniles\/orientacion\/","title":{"rendered":"Orientaci\u00f3n"},"content":{"rendered":"<div class=\"block block-layout-builder block-field-blocknodepagina-estandarfield-contenido\">\n<div class=\"content\">\n<div class=\"clearfix text-formatted field field--name-field-contenido field--type-text-with-summary field--label-hidden field__item\">\n<p><img loading=\"lazy\" decoding=\"async\" class=\"wp-image-1220 aligncenter\" src=\"https:\/\/blogsaverroes.juntadeandalucia.es\/ieselfuertecaniles\/files\/2024\/11\/D.O-300x150.jpg\" alt=\"\" width=\"866\" height=\"433\" srcset=\"https:\/\/blogsaverroes.juntadeandalucia.es\/ieselfuertecaniles\/files\/2024\/11\/D.O-300x150.jpg 300w, https:\/\/blogsaverroes.juntadeandalucia.es\/ieselfuertecaniles\/files\/2024\/11\/D.O.jpg 318w\" sizes=\"(max-width: 866px) 100vw, 866px\" \/><\/p>\n<p>La orientaci\u00f3n educativa es un proceso inherente a la propia acci\u00f3n docente que compete a todo el profesorado y que en colaboraci\u00f3n con la familia tiene como fin \u00faltimo el desarrollo integral del alumnado. La orientaci\u00f3n educativa se desarrollar\u00e1 a trav\u00e9s de distintos niveles de intervenci\u00f3n, desde la acci\u00f3n tutorial como tarea colegiada ejercida por el equipo docente y coordinada por el tutor o tutora con el asesoramiento del equipo de orientaci\u00f3n del centro en los centros de educaci\u00f3n infantil y primaria o del departamento de orientaci\u00f3n en los institutos de educaci\u00f3n secundaria, hasta la intervenci\u00f3n m\u00e1s especializada desarrollada por los diferentes profesionales de la or<\/p>\n<\/div>\n<\/div>\n<\/div>\n","protected":false},"excerpt":{"rendered":"<p>La orientaci\u00f3n educativa es un proceso inherente a la propia acci\u00f3n docente que compete a todo el profesorado y que en colaboraci\u00f3n con la familia tiene como fin \u00faltimo el desarrollo integral del alumnado.&#46;&#46;&#46;<\/p>\n","protected":false},"author":20136,"featured_media":0,"parent":0,"menu_order":0,"comment_status":"closed","ping_status":"closed","template":"","meta":{"ngg_post_thumbnail":0,"footnotes":"","_mc_calendar":[]},"aioseo_notices":[],"_links":{"self":[{"href":"https:\/\/blogsaverroes.juntadeandalucia.es\/ieselfuertecaniles\/wp-json\/wp\/v2\/pages\/1210"}],"collection":[{"href":"https:\/\/blogsaverroes.juntadeandalucia.es\/ieselfuertecaniles\/wp-json\/wp\/v2\/pages"}],"about":[{"href":"https:\/\/blogsaverroes.juntadeandalucia.es\/ieselfuertecaniles\/wp-json\/wp\/v2\/types\/page"}],"author":[{"embeddable":true,"href":"https:\/\/blogsaverroes.juntadeandalucia.es\/ieselfuertecaniles\/wp-json\/wp\/v2\/users\/20136"}],"replies":[{"embeddable":true,"href":"https:\/\/blogsaverroes.juntadeandalucia.es\/ieselfuertecaniles\/wp-json\/wp\/v2\/comments?post=1210"}],"version-history":[{"count":3,"href":"https:\/\/blogsaverroes.juntadeandalucia.es\/ieselfuertecaniles\/wp-json\/wp\/v2\/pages\/1210\/revisions"}],"predecessor-version":[{"id":1222,"href":"https:\/\/blogsaverroes.juntadeandalucia.es\/ieselfuertecaniles\/wp-json\/wp\/v2\/pages\/1210\/revisions\/1222"}],"wp:attachment":[{"href":"https:\/\/blogsaverroes.juntadeandalucia.es\/ieselfuertecaniles\/wp-json\/wp\/v2\/media?parent=1210"}],"curies":[{"name":"wp","href":"https:\/\/api.w.org\/{rel}","templated":true}]}}