{"id":143,"date":"2019-12-05T12:26:52","date_gmt":"2019-12-05T12:26:52","guid":{"rendered":"https:\/\/blogsaverroes.juntadeandalucia.es\/ieselsauce\/?page_id=143"},"modified":"2025-11-11T10:04:29","modified_gmt":"2025-11-11T10:04:29","slug":"ciencias-sociales","status":"publish","type":"page","link":"https:\/\/blogsaverroes.juntadeandalucia.es\/ieselsauce\/?page_id=143","title":{"rendered":"Geograf\u00eda e Historia"},"content":{"rendered":"<p><strong>Profesorado del departamento<\/strong>:<\/p>\n<p>D. Jos\u00e9 Mar\u00eda Dovao Zafra (Ingl\u00e9s).<\/p>\n<p>D\u00aa. Mar\u00eda del Carmen Pedrosa Jim\u00e9nez.<\/p>\n<p>D\u00aa. Inmaculada P\u00e9rez Rivera (Ingl\u00e9s &#8211; Jefa de departamento).<\/p>\n<p><strong>Materias del departamento<\/strong>:<\/p>\n<p><a href=\"https:\/\/blogsaverroes.juntadeandalucia.es\/ieselsauce\/files\/2025\/11\/GEOGRAFIA-E-HISTORIA-1oA-ESO.pdf\">Geograf\u00eda e Historia 1\u00ba ESO.<\/a><\/p>\n<p><a href=\"https:\/\/blogsaverroes.juntadeandalucia.es\/ieselsauce\/files\/2025\/11\/GEOGRAFIA-E-HISTORIA-2oA-ESO.pdf\">G<\/a><a href=\"https:\/\/blogsaverroes.juntadeandalucia.es\/ieselsauce\/files\/2025\/11\/GEOGRAFIA-E-HISTORIA-1oA-ESO.pdf\">eograf\u00eda e Historia<\/a><a href=\"https:\/\/blogsaverroes.juntadeandalucia.es\/ieselsauce\/files\/2025\/11\/GEOGRAFIA-E-HISTORIA-2oA-ESO.pdf\"> 2\u00ba ESO.<\/a><\/p>\n<p><a href=\"https:\/\/blogsaverroes.juntadeandalucia.es\/ieselsauce\/files\/2025\/11\/GEOGRAFIA-E-HISTORIA-3oA-ESO.pdf\">G<\/a><a href=\"https:\/\/blogsaverroes.juntadeandalucia.es\/ieselsauce\/files\/2025\/11\/GEOGRAFIA-E-HISTORIA-1oA-ESO.pdf\">eograf\u00eda e Historia<\/a><a href=\"https:\/\/blogsaverroes.juntadeandalucia.es\/ieselsauce\/files\/2025\/11\/GEOGRAFIA-E-HISTORIA-3oA-ESO.pdf\"> 3\u00ba ESO.<\/a><\/p>\n<p><a href=\"https:\/\/blogsaverroes.juntadeandalucia.es\/ieselsauce\/files\/2025\/11\/GEOGRAFIA-E-HISTORIA-4oA-ESO.pdf\">G<\/a><a href=\"https:\/\/blogsaverroes.juntadeandalucia.es\/ieselsauce\/files\/2025\/11\/GEOGRAFIA-E-HISTORIA-1oA-ESO.pdf\">eograf\u00eda e Historia<\/a><a href=\"https:\/\/blogsaverroes.juntadeandalucia.es\/ieselsauce\/files\/2025\/11\/GEOGRAFIA-E-HISTORIA-4oA-ESO.pdf\"> 4\u00ba ESO.<\/a><\/p>\n<p><a href=\"https:\/\/blogsaverroes.juntadeandalucia.es\/ieselsauce\/files\/2025\/11\/CULTURA-CLASICA-3oA-ESO.pdf\">Cultura Cl\u00e1sica 3\u00ba ESO.<\/a><\/p>\n<p><a href=\"https:\/\/blogsaverroes.juntadeandalucia.es\/ieselsauce\/files\/2025\/11\/AMPLIACION-DE-CULTURA-CLASICA-4oA-ESO.pdf\">Ampliaci\u00f3n de Cultura Cl\u00e1sica 4\u00ba ESO.<\/a><\/p>\n<p><a href=\"https:\/\/blogsaverroes.juntadeandalucia.es\/ieselsauce\/files\/2025\/11\/EDUCACION-EN-VALORES-CIVICOS-Y-ETICOS-2oA-ESO.pdf\">Educaci\u00f3n en Valores C\u00edvicos y \u00c9ticos 2\u00ba ESO.<\/a><\/p>\n<p>&nbsp;<\/p>\n","protected":false},"excerpt":{"rendered":"<p>Profesorado del departamento: D. Jos\u00e9 Mar\u00eda Dovao Zafra (Ingl\u00e9s). D\u00aa. Mar\u00eda del Carmen Pedrosa Jim\u00e9nez. D\u00aa. Inmaculada P\u00e9rez Rivera (Ingl\u00e9s &#8211; Jefa de departamento). Materias del departamento: Geograf\u00eda e Historia&#46;&#46;&#46;<\/p>\n","protected":false},"author":8155,"featured_media":0,"parent":0,"menu_order":0,"comment_status":"closed","ping_status":"closed","template":"","meta":{"ngg_post_thumbnail":0,"footnotes":""},"aioseo_notices":[],"_links":{"self":[{"href":"https:\/\/blogsaverroes.juntadeandalucia.es\/ieselsauce\/index.php?rest_route=\/wp\/v2\/pages\/143"}],"collection":[{"href":"https:\/\/blogsaverroes.juntadeandalucia.es\/ieselsauce\/index.php?rest_route=\/wp\/v2\/pages"}],"about":[{"href":"https:\/\/blogsaverroes.juntadeandalucia.es\/ieselsauce\/index.php?rest_route=\/wp\/v2\/types\/page"}],"author":[{"embeddable":true,"href":"https:\/\/blogsaverroes.juntadeandalucia.es\/ieselsauce\/index.php?rest_route=\/wp\/v2\/users\/8155"}],"replies":[{"embeddable":true,"href":"https:\/\/blogsaverroes.juntadeandalucia.es\/ieselsauce\/index.php?rest_route=%2Fwp%2Fv2%2Fcomments&post=143"}],"version-history":[{"count":15,"href":"https:\/\/blogsaverroes.juntadeandalucia.es\/ieselsauce\/index.php?rest_route=\/wp\/v2\/pages\/143\/revisions"}],"predecessor-version":[{"id":3656,"href":"https:\/\/blogsaverroes.juntadeandalucia.es\/ieselsauce\/index.php?rest_route=\/wp\/v2\/pages\/143\/revisions\/3656"}],"wp:attachment":[{"href":"https:\/\/blogsaverroes.juntadeandalucia.es\/ieselsauce\/index.php?rest_route=%2Fwp%2Fv2%2Fmedia&parent=143"}],"curies":[{"name":"wp","href":"https:\/\/api.w.org\/{rel}","templated":true}]}}

Geografía e Historia

<p><strong>Profesorado del departamento</strong>:</p>
<p>D. José María Dovao Zafra (Inglés).</p>
<p>Dª. María del Carmen Pedrosa Jiménez.</p>
<p>Dª. Inmaculada Pérez Rivera (Inglés &#8211; Jefa de departamento).</p>
<p><strong>Materias del departamento</strong>:</p>
<p><a href="https://blogsaverroes.juntadeandalucia.es/ieselsauce/files/2025/11/GEOGRAFIA-E-HISTORIA-1oA-ESO.pdf">Geografía e Historia 1º ESO.</a></p>
<p><a href="https://blogsaverroes.juntadeandalucia.es/ieselsauce/files/2025/11/GEOGRAFIA-E-HISTORIA-2oA-ESO.pdf">G</a><a href="https://blogsaverroes.juntadeandalucia.es/ieselsauce/files/2025/11/GEOGRAFIA-E-HISTORIA-1oA-ESO.pdf">eografía e Historia</a><a href="https://blogsaverroes.juntadeandalucia.es/ieselsauce/files/2025/11/GEOGRAFIA-E-HISTORIA-2oA-ESO.pdf"> 2º ESO.</a></p>
<p><a href="https://blogsaverroes.juntadeandalucia.es/ieselsauce/files/2025/11/GEOGRAFIA-E-HISTORIA-3oA-ESO.pdf">G</a><a href="https://blogsaverroes.juntadeandalucia.es/ieselsauce/files/2025/11/GEOGRAFIA-E-HISTORIA-1oA-ESO.pdf">eografía e Historia</a><a href="https://blogsaverroes.juntadeandalucia.es/ieselsauce/files/2025/11/GEOGRAFIA-E-HISTORIA-3oA-ESO.pdf"> 3º ESO.</a></p>
<p><a href="https://blogsaverroes.juntadeandalucia.es/ieselsauce/files/2025/11/GEOGRAFIA-E-HISTORIA-4oA-ESO.pdf">G</a><a href="https://blogsaverroes.juntadeandalucia.es/ieselsauce/files/2025/11/GEOGRAFIA-E-HISTORIA-1oA-ESO.pdf">eografía e Historia</a><a href="https://blogsaverroes.juntadeandalucia.es/ieselsauce/files/2025/11/GEOGRAFIA-E-HISTORIA-4oA-ESO.pdf"> 4º ESO.</a></p>
<p><a href="https://blogsaverroes.juntadeandalucia.es/ieselsauce/files/2025/11/CULTURA-CLASICA-3oA-ESO.pdf">Cultura Clásica 3º ESO.</a></p>
<p><a href="https://blogsaverroes.juntadeandalucia.es/ieselsauce/files/2025/11/AMPLIACION-DE-CULTURA-CLASICA-4oA-ESO.pdf">Ampliación de Cultura Clásica 4º ESO.</a></p>
<p><a href="https://blogsaverroes.juntadeandalucia.es/ieselsauce/files/2025/11/EDUCACION-EN-VALORES-CIVICOS-Y-ETICOS-2oA-ESO.pdf">Educación en Valores Cívicos y Éticos 2º ESO.</a></p>
<p>&nbsp;</p>

<p>Profesorado del departamento: D. José María Dovao Zafra (Inglés). Dª. María del Carmen Pedrosa Jiménez. Dª. Inmaculada Pérez Rivera (Inglés &#8211; Jefa de departamento). Materias del departamento: Geografía e Historia&#46;&#46;&#46;</p>
