{"id":145,"date":"2019-12-05T12:26:52","date_gmt":"2019-12-05T12:26:52","guid":{"rendered":"https:\/\/blogsaverroes.juntadeandalucia.es\/ieselsauce\/?page_id=145"},"modified":"2025-11-11T09:52:21","modified_gmt":"2025-11-11T09:52:21","slug":"educacion-plastica-y-visual","status":"publish","type":"page","link":"https:\/\/blogsaverroes.juntadeandalucia.es\/ieselsauce\/?page_id=145","title":{"rendered":"Educaci\u00f3n Pl\u00e1stica, Visual y Audiovisual"},"content":{"rendered":"<p><strong>Profesorado del departamento<\/strong>:<\/p>\n<p>D\u00aa. Sandra Fern\u00e1ndez Tamarit (Jefa de departamento).<\/p>\n<p><strong>Materias del departamento<\/strong>:<\/p>\n<p><a href=\"https:\/\/blogsaverroes.juntadeandalucia.es\/ieselsauce\/files\/2025\/11\/EDUCACION-PLASTICA-VISUAL-Y-AUDIOVISUAL-1oA-ESO.pdf\">Educaci\u00f3n Pl\u00e1stica, Visual y Audiovisual 1\u00ba ESO.<\/a><\/p>\n<p><a href=\"https:\/\/blogsaverroes.juntadeandalucia.es\/ieselsauce\/files\/2025\/11\/EDUCACION-PLASTICA-VISUAL-Y-AUDIOVISUAL-3oA-ESO.pdf\">E<\/a><a href=\"https:\/\/blogsaverroes.juntadeandalucia.es\/ieselsauce\/files\/2025\/11\/EDUCACION-PLASTICA-VISUAL-Y-AUDIOVISUAL-1oA-ESO.pdf\">ducaci\u00f3n Pl\u00e1stica, Visual y Audiovisual<\/a><a href=\"https:\/\/blogsaverroes.juntadeandalucia.es\/ieselsauce\/files\/2025\/11\/EDUCACION-PLASTICA-VISUAL-Y-AUDIOVISUAL-3oA-ESO.pdf\"> 3\u00ba ESO.<\/a><\/p>\n<p><a href=\"https:\/\/blogsaverroes.juntadeandalucia.es\/ieselsauce\/files\/2025\/11\/PROYECTO-DE-EDUCACION-PLASTICA-Y-AUDIOVISUAL-2oA-ESO.pdf\">Proyecto de Educaci\u00f3n Pl\u00e1stica y Audiovisual 2\u00ba ESO.<\/a><\/p>\n<p><a href=\"https:\/\/blogsaverroes.juntadeandalucia.es\/ieselsauce\/files\/2025\/11\/EXPRESION-ARTISTICA-4oA-ESO.pdf\">Expresi\u00f3n Art\u00edstica 4\u00ba ESO.<\/a><\/p>\n<p><a href=\"https:\/\/blogsaverroes.juntadeandalucia.es\/ieselsauce\/files\/2025\/11\/DIBUJO-TECNICO-4oA-ESO.pdf\">Dibujo T\u00e9cnico 4\u00ba ESO.<\/a><\/p>\n","protected":false},"excerpt":{"rendered":"<p>Profesorado del departamento: D\u00aa. Sandra Fern\u00e1ndez Tamarit (Jefa de departamento). Materias del departamento: Educaci\u00f3n Pl\u00e1stica, Visual y Audiovisual 1\u00ba ESO. Educaci\u00f3n Pl\u00e1stica, Visual y Audiovisual 3\u00ba ESO. Proyecto de Educaci\u00f3n&#46;&#46;&#46;<\/p>\n","protected":false},"author":8155,"featured_media":0,"parent":0,"menu_order":0,"comment_status":"closed","ping_status":"closed","template":"","meta":{"ngg_post_thumbnail":0,"footnotes":""},"aioseo_notices":[],"_links":{"self":[{"href":"https:\/\/blogsaverroes.juntadeandalucia.es\/ieselsauce\/index.php?rest_route=\/wp\/v2\/pages\/145"}],"collection":[{"href":"https:\/\/blogsaverroes.juntadeandalucia.es\/ieselsauce\/index.php?rest_route=\/wp\/v2\/pages"}],"about":[{"href":"https:\/\/blogsaverroes.juntadeandalucia.es\/ieselsauce\/index.php?rest_route=\/wp\/v2\/types\/page"}],"author":[{"embeddable":true,"href":"https:\/\/blogsaverroes.juntadeandalucia.es\/ieselsauce\/index.php?rest_route=\/wp\/v2\/users\/8155"}],"replies":[{"embeddable":true,"href":"https:\/\/blogsaverroes.juntadeandalucia.es\/ieselsauce\/index.php?rest_route=%2Fwp%2Fv2%2Fcomments&post=145"}],"version-history":[{"count":14,"href":"https:\/\/blogsaverroes.juntadeandalucia.es\/ieselsauce\/index.php?rest_route=\/wp\/v2\/pages\/145\/revisions"}],"predecessor-version":[{"id":3648,"href":"https:\/\/blogsaverroes.juntadeandalucia.es\/ieselsauce\/index.php?rest_route=\/wp\/v2\/pages\/145\/revisions\/3648"}],"wp:attachment":[{"href":"https:\/\/blogsaverroes.juntadeandalucia.es\/ieselsauce\/index.php?rest_route=%2Fwp%2Fv2%2Fmedia&parent=145"}],"curies":[{"name":"wp","href":"https:\/\/api.w.org\/{rel}","templated":true}]}}

Educación Plástica, Visual y Audiovisual

<p><strong>Profesorado del departamento</strong>:</p>
<p>Dª. Sandra Fernández Tamarit (Jefa de departamento).</p>
<p><strong>Materias del departamento</strong>:</p>
<p><a href="https://blogsaverroes.juntadeandalucia.es/ieselsauce/files/2025/11/EDUCACION-PLASTICA-VISUAL-Y-AUDIOVISUAL-1oA-ESO.pdf">Educación Plástica, Visual y Audiovisual 1º ESO.</a></p>
<p><a href="https://blogsaverroes.juntadeandalucia.es/ieselsauce/files/2025/11/EDUCACION-PLASTICA-VISUAL-Y-AUDIOVISUAL-3oA-ESO.pdf">E</a><a href="https://blogsaverroes.juntadeandalucia.es/ieselsauce/files/2025/11/EDUCACION-PLASTICA-VISUAL-Y-AUDIOVISUAL-1oA-ESO.pdf">ducación Plástica, Visual y Audiovisual</a><a href="https://blogsaverroes.juntadeandalucia.es/ieselsauce/files/2025/11/EDUCACION-PLASTICA-VISUAL-Y-AUDIOVISUAL-3oA-ESO.pdf"> 3º ESO.</a></p>
<p><a href="https://blogsaverroes.juntadeandalucia.es/ieselsauce/files/2025/11/PROYECTO-DE-EDUCACION-PLASTICA-Y-AUDIOVISUAL-2oA-ESO.pdf">Proyecto de Educación Plástica y Audiovisual 2º ESO.</a></p>
<p><a href="https://blogsaverroes.juntadeandalucia.es/ieselsauce/files/2025/11/EXPRESION-ARTISTICA-4oA-ESO.pdf">Expresión Artística 4º ESO.</a></p>
<p><a href="https://blogsaverroes.juntadeandalucia.es/ieselsauce/files/2025/11/DIBUJO-TECNICO-4oA-ESO.pdf">Dibujo Técnico 4º ESO.</a></p>

<p>Profesorado del departamento: Dª. Sandra Fernández Tamarit (Jefa de departamento). Materias del departamento: Educación Plástica, Visual y Audiovisual 1º ESO. Educación Plástica, Visual y Audiovisual 3º ESO. Proyecto de Educación&#46;&#46;&#46;</p>
