{"id":148,"date":"2019-12-05T12:26:52","date_gmt":"2019-12-05T12:26:52","guid":{"rendered":"https:\/\/blogsaverroes.juntadeandalucia.es\/ieselsauce\/?page_id=148"},"modified":"2025-11-11T09:50:05","modified_gmt":"2025-11-11T09:50:05","slug":"musica","status":"publish","type":"page","link":"https:\/\/blogsaverroes.juntadeandalucia.es\/ieselsauce\/?page_id=148","title":{"rendered":"M\u00fasica"},"content":{"rendered":"<p><strong>Profesorado del departamento<\/strong>:<\/p>\n<p>D\u00aa. Mar\u00eda Victoria Cantos Villanueva (Religi\u00f3n Cat\u00f3lica).<\/p>\n<p>D\u00aa. Alicia Garc\u00eda Velasco (Religi\u00f3n Evang\u00e9lica).<\/p>\n<p>D\u00aa. Alicia Rodr\u00edguez Machado (Jefa de departamento).<\/p>\n<p><strong>Materias del departamento<\/strong>:<\/p>\n<p><a href=\"https:\/\/blogsaverroes.juntadeandalucia.es\/ieselsauce\/files\/2025\/11\/MUSICA-1oA-ESO.pdf\">M\u00fasica 1\u00ba ESO.<\/a><\/p>\n<p><a href=\"https:\/\/blogsaverroes.juntadeandalucia.es\/ieselsauce\/files\/2025\/11\/MUSICA-2oA-ESO.pdf\">M\u00fasica 2\u00ba ESO.<\/a><\/p>\n<p><a href=\"https:\/\/blogsaverroes.juntadeandalucia.es\/ieselsauce\/files\/2025\/11\/MUSICA-4oA-ESO.pdf\">M\u00fasica 4\u00ba ESO.<\/a><\/p>\n<p><a href=\"https:\/\/blogsaverroes.juntadeandalucia.es\/ieselsauce\/files\/2025\/11\/RELIGION-CATOLICA-1oA-ESO.pdf\">Religi\u00f3n Cat\u00f3lica 1\u00ba ESO.<\/a><\/p>\n<p><a href=\"https:\/\/blogsaverroes.juntadeandalucia.es\/ieselsauce\/files\/2025\/11\/RELIGION-CATOLICA-2oA-ESO.pdf\">Religi\u00f3n Cat\u00f3lica 2\u00ba ESO.<\/a><\/p>\n<p><a href=\"https:\/\/blogsaverroes.juntadeandalucia.es\/ieselsauce\/files\/2025\/11\/RELIGION-CATOLICA-3oA-ESO.pdf\">Religi\u00f3n Cat\u00f3lica 3\u00ba ESO.<\/a><\/p>\n<p><a href=\"https:\/\/blogsaverroes.juntadeandalucia.es\/ieselsauce\/files\/2025\/11\/RELIGION-CATOLICA-4oA-ESO.pdf\">Religi\u00f3n Cat\u00f3lica 4\u00ba ESO.<\/a><\/p>\n<p><a href=\"https:\/\/blogsaverroes.juntadeandalucia.es\/ieselsauce\/files\/2025\/11\/RELIGION-EVANGELICA-1oA-ESO.pdf\">Religi\u00f3n Evang\u00e9lica 1\u00ba ESO.<\/a><\/p>\n<p><a href=\"https:\/\/blogsaverroes.juntadeandalucia.es\/ieselsauce\/files\/2025\/11\/RELIGION-EVANGELICA-2oA-ESO.pdf\">Religi\u00f3n Evang\u00e9lica 2\u00ba ESO.<\/a><\/p>\n<p><a href=\"https:\/\/blogsaverroes.juntadeandalucia.es\/ieselsauce\/files\/2025\/11\/RELIGION-EVANGELICA-3oA-ESO.pdf\">Religi\u00f3n Evang\u00e9lica 3\u00ba ESO.<\/a><\/p>\n<p><a href=\"https:\/\/blogsaverroes.juntadeandalucia.es\/ieselsauce\/files\/2025\/11\/RELIGION-EVANGELICA-4oA-ESO.pdf\">Religi\u00f3n Evang\u00e9lica 4\u00ba ESO.<\/a><\/p>\n","protected":false},"excerpt":{"rendered":"<p>Profesorado del departamento: D\u00aa. Mar\u00eda Victoria Cantos Villanueva (Religi\u00f3n Cat\u00f3lica). D\u00aa. Alicia Garc\u00eda Velasco (Religi\u00f3n Evang\u00e9lica). D\u00aa. Alicia Rodr\u00edguez Machado (Jefa de departamento). Materias del departamento: M\u00fasica 1\u00ba ESO. M\u00fasica&#46;&#46;&#46;<\/p>\n","protected":false},"author":8155,"featured_media":0,"parent":0,"menu_order":0,"comment_status":"closed","ping_status":"closed","template":"","meta":{"ngg_post_thumbnail":0,"footnotes":""},"aioseo_notices":[],"_links":{"self":[{"href":"https:\/\/blogsaverroes.juntadeandalucia.es\/ieselsauce\/index.php?rest_route=\/wp\/v2\/pages\/148"}],"collection":[{"href":"https:\/\/blogsaverroes.juntadeandalucia.es\/ieselsauce\/index.php?rest_route=\/wp\/v2\/pages"}],"about":[{"href":"https:\/\/blogsaverroes.juntadeandalucia.es\/ieselsauce\/index.php?rest_route=\/wp\/v2\/types\/page"}],"author":[{"embeddable":true,"href":"https:\/\/blogsaverroes.juntadeandalucia.es\/ieselsauce\/index.php?rest_route=\/wp\/v2\/users\/8155"}],"replies":[{"embeddable":true,"href":"https:\/\/blogsaverroes.juntadeandalucia.es\/ieselsauce\/index.php?rest_route=%2Fwp%2Fv2%2Fcomments&post=148"}],"version-history":[{"count":12,"href":"https:\/\/blogsaverroes.juntadeandalucia.es\/ieselsauce\/index.php?rest_route=\/wp\/v2\/pages\/148\/revisions"}],"predecessor-version":[{"id":3647,"href":"https:\/\/blogsaverroes.juntadeandalucia.es\/ieselsauce\/index.php?rest_route=\/wp\/v2\/pages\/148\/revisions\/3647"}],"wp:attachment":[{"href":"https:\/\/blogsaverroes.juntadeandalucia.es\/ieselsauce\/index.php?rest_route=%2Fwp%2Fv2%2Fmedia&parent=148"}],"curies":[{"name":"wp","href":"https:\/\/api.w.org\/{rel}","templated":true}]}}

Música

<p><strong>Profesorado del departamento</strong>:</p>
<p>Dª. María Victoria Cantos Villanueva (Religión Católica).</p>
<p>Dª. Alicia García Velasco (Religión Evangélica).</p>
<p>Dª. Alicia Rodríguez Machado (Jefa de departamento).</p>
<p><strong>Materias del departamento</strong>:</p>
<p><a href="https://blogsaverroes.juntadeandalucia.es/ieselsauce/files/2025/11/MUSICA-1oA-ESO.pdf">Música 1º ESO.</a></p>
<p><a href="https://blogsaverroes.juntadeandalucia.es/ieselsauce/files/2025/11/MUSICA-2oA-ESO.pdf">Música 2º ESO.</a></p>
<p><a href="https://blogsaverroes.juntadeandalucia.es/ieselsauce/files/2025/11/MUSICA-4oA-ESO.pdf">Música 4º ESO.</a></p>
<p><a href="https://blogsaverroes.juntadeandalucia.es/ieselsauce/files/2025/11/RELIGION-CATOLICA-1oA-ESO.pdf">Religión Católica 1º ESO.</a></p>
<p><a href="https://blogsaverroes.juntadeandalucia.es/ieselsauce/files/2025/11/RELIGION-CATOLICA-2oA-ESO.pdf">Religión Católica 2º ESO.</a></p>
<p><a href="https://blogsaverroes.juntadeandalucia.es/ieselsauce/files/2025/11/RELIGION-CATOLICA-3oA-ESO.pdf">Religión Católica 3º ESO.</a></p>
<p><a href="https://blogsaverroes.juntadeandalucia.es/ieselsauce/files/2025/11/RELIGION-CATOLICA-4oA-ESO.pdf">Religión Católica 4º ESO.</a></p>
<p><a href="https://blogsaverroes.juntadeandalucia.es/ieselsauce/files/2025/11/RELIGION-EVANGELICA-1oA-ESO.pdf">Religión Evangélica 1º ESO.</a></p>
<p><a href="https://blogsaverroes.juntadeandalucia.es/ieselsauce/files/2025/11/RELIGION-EVANGELICA-2oA-ESO.pdf">Religión Evangélica 2º ESO.</a></p>
<p><a href="https://blogsaverroes.juntadeandalucia.es/ieselsauce/files/2025/11/RELIGION-EVANGELICA-3oA-ESO.pdf">Religión Evangélica 3º ESO.</a></p>
<p><a href="https://blogsaverroes.juntadeandalucia.es/ieselsauce/files/2025/11/RELIGION-EVANGELICA-4oA-ESO.pdf">Religión Evangélica 4º ESO.</a></p>

<p>Profesorado del departamento: Dª. María Victoria Cantos Villanueva (Religión Católica). Dª. Alicia García Velasco (Religión Evangélica). Dª. Alicia Rodríguez Machado (Jefa de departamento). Materias del departamento: Música 1º ESO. Música&#46;&#46;&#46;</p>
