{"id":1674,"date":"2022-03-02T09:21:08","date_gmt":"2022-03-02T09:21:08","guid":{"rendered":"https:\/\/blogsaverroes.juntadeandalucia.es\/ieselsauce\/?page_id=1674"},"modified":"2024-10-10T16:35:23","modified_gmt":"2024-10-10T16:35:23","slug":"agallas","status":"publish","type":"page","link":"https:\/\/blogsaverroes.juntadeandalucia.es\/ieselsauce\/?page_id=1674","title":{"rendered":"AGALLAS"},"content":{"rendered":"<p>Como cada a\u00f1o, nuestro colectivo Agallas seguir\u00e1 reuni\u00e9ndose, dando la bienvenida a todxs<br \/>\naquellxs que quer\u00e1is participar de un espacio de reuni\u00f3n y creatividad.<\/p>\n<p style=\"padding-left: 40px\">Nuestras l\u00edneas de acci\u00f3n para este curso 2024-25 ser\u00e1n:<br \/>\n&#8211; Mantenimiento del huerto, en colaboraci\u00f3n con el Proyecto Aldea.<br \/>\n&#8211; Espacio creativo en las mesas del Aula al Aire Libre ( pintura de camisetas, manualidades, etc).<br \/>\n&#8211; Teatro.<br \/>\n&#8211; Puesta en com\u00fan y conversaciones sobre todos aquellos temas que nos preocupen o nos apetezca debatir sobre ellos.<br \/>\n\u00a1Aceptamos sugerencias!<\/p>\n<p><strong>VEN, TE ESPERAMOS EN LOS RECREOS DEL MI\u00c9RCOLES EN EL DEPARTAMENTO DE <\/strong><strong>ORIENTACI\u00d3N.<\/strong><\/p>\n","protected":false},"excerpt":{"rendered":"<p>Como cada a\u00f1o, nuestro colectivo Agallas seguir\u00e1 reuni\u00e9ndose, dando la bienvenida a todxs aquellxs que quer\u00e1is participar de un espacio de reuni\u00f3n y creatividad. Nuestras l\u00edneas de acci\u00f3n para este&#46;&#46;&#46;<\/p>\n","protected":false},"author":8155,"featured_media":0,"parent":0,"menu_order":0,"comment_status":"closed","ping_status":"closed","template":"","meta":{"ngg_post_thumbnail":0,"footnotes":""},"aioseo_notices":[],"_links":{"self":[{"href":"https:\/\/blogsaverroes.juntadeandalucia.es\/ieselsauce\/index.php?rest_route=\/wp\/v2\/pages\/1674"}],"collection":[{"href":"https:\/\/blogsaverroes.juntadeandalucia.es\/ieselsauce\/index.php?rest_route=\/wp\/v2\/pages"}],"about":[{"href":"https:\/\/blogsaverroes.juntadeandalucia.es\/ieselsauce\/index.php?rest_route=\/wp\/v2\/types\/page"}],"author":[{"embeddable":true,"href":"https:\/\/blogsaverroes.juntadeandalucia.es\/ieselsauce\/index.php?rest_route=\/wp\/v2\/users\/8155"}],"replies":[{"embeddable":true,"href":"https:\/\/blogsaverroes.juntadeandalucia.es\/ieselsauce\/index.php?rest_route=%2Fwp%2Fv2%2Fcomments&post=1674"}],"version-history":[{"count":5,"href":"https:\/\/blogsaverroes.juntadeandalucia.es\/ieselsauce\/index.php?rest_route=\/wp\/v2\/pages\/1674\/revisions"}],"predecessor-version":[{"id":3093,"href":"https:\/\/blogsaverroes.juntadeandalucia.es\/ieselsauce\/index.php?rest_route=\/wp\/v2\/pages\/1674\/revisions\/3093"}],"wp:attachment":[{"href":"https:\/\/blogsaverroes.juntadeandalucia.es\/ieselsauce\/index.php?rest_route=%2Fwp%2Fv2%2Fmedia&parent=1674"}],"curies":[{"name":"wp","href":"https:\/\/api.w.org\/{rel}","templated":true}]}}

<p>Como cada año, nuestro colectivo Agallas seguirá reuniéndose, dando la bienvenida a todxs<br />
aquellxs que queráis participar de un espacio de reunión y creatividad.</p>
<p style="padding-left: 40px">Nuestras líneas de acción para este curso 2024-25 serán:<br />
&#8211; Mantenimiento del huerto, en colaboración con el Proyecto Aldea.<br />
&#8211; Espacio creativo en las mesas del Aula al Aire Libre ( pintura de camisetas, manualidades, etc).<br />
&#8211; Teatro.<br />
&#8211; Puesta en común y conversaciones sobre todos aquellos temas que nos preocupen o nos apetezca debatir sobre ellos.<br />
¡Aceptamos sugerencias!</p>
<p><strong>VEN, TE ESPERAMOS EN LOS RECREOS DEL MIÉRCOLES EN EL DEPARTAMENTO DE </strong><strong>ORIENTACIÓN.</strong></p>

<p>Como cada año, nuestro colectivo Agallas seguirá reuniéndose, dando la bienvenida a todxs aquellxs que queráis participar de un espacio de reunión y creatividad. Nuestras líneas de acción para este&#46;&#46;&#46;</p>
