{"id":2104,"date":"2022-11-18T17:30:53","date_gmt":"2022-11-18T17:30:53","guid":{"rendered":"https:\/\/blogsaverroes.juntadeandalucia.es\/ieselsauce\/?page_id=2104"},"modified":"2022-11-18T17:49:27","modified_gmt":"2022-11-18T17:49:27","slug":"tu-controlas-en-internet","status":"publish","type":"page","link":"https:\/\/blogsaverroes.juntadeandalucia.es\/ieselsauce\/?page_id=2104","title":{"rendered":"Tu controlas en Internet"},"content":{"rendered":"<h1 class=\"page-title\"><span style=\"color: #339966\"><a style=\"color: #339966\" href=\"https:\/\/www.tudecideseninternet.es\/es\/videos\/tu-controlas-en-internet\"><span class=\"field field--name-title field--type-string field--label-hidden\">Tu controlas en Internet<\/span><\/a><\/span><\/h1>\n<div id=\"block-menores-content\" class=\"block block-system block-system-main-block\">\n<article class=\"node node--type-panopoly-content-page node--view-mode-full\" data-history-node-id=\"48914\">\n<div class=\"node__content\">\n<div class=\"clearfix text-formatted field field--name-body field--type-text-with-summary field--label-hidden field__item\">\n<p class=\"text-align-justify\"><img loading=\"lazy\" decoding=\"async\" class=\"align-left\" src=\"https:\/\/www.tudecideseninternet.es\/sites\/default\/files\/inline-images\/tu-decides-aepd.png\" alt=\"\" data-entity-type=\"file\" data-entity-uuid=\"5fe85a0c-0307-456b-8027-51d3f474167c\" width=\"300\" height=\"300\">Hola, bienvenido\/a a nuestra p\u00e1gina web tudecideseninternet, esta web va dirigida a ti y en ella, t\u00fa eres el protagonista.<\/p>\n<p class=\"text-align-justify\">En la vida real, tus entornos familiar y escolar han cuidado de ti y te han ense\u00f1ado todo lo que sabes hasta ahora. Has aprendido a andar, a hablar, a comer, a hacer amigos, a relacionarte, a jugar y a defenderte y distinguir los peligros y c\u00f3mo evitarlos.<\/p>\n<p class=\"text-align-justify\">Ahora, T\u00da DECIDES tu ropa, T\u00da DECIDES tus juegos, T\u00da DECIDES tus amigos y c\u00f3mo relacionarte. T\u00da DECIDES\u2026<\/p>\n<p class=\"text-align-justify\">Pero tienes otro mundo, el virtual, el que te ofrece Internet, que tiene sus cosas buenas, pero tambi\u00e9n tiene sus peligros, porque a veces no sabemos qui\u00e9n est\u00e1 al otro lado, y un mal uso de Internet puede tener graves consecuencias.<\/p>\n<p class=\"text-align-justify\">Cuida tus datos personales\u2026 son solo tuyos, no debes dar todos tus datos sin pararte a pensarlo bien\u2026 T\u00da DECIDES.<\/p>\n<p class=\"text-align-justify\">Relaci\u00f3nate con tus amigos reales, los que conoces en Internet pueden no ser tan amigos\u2026T\u00da DECIDES.<\/p>\n<p class=\"text-align-justify\">No utilices Internet para hacer da\u00f1o, \u00bfte gustar\u00eda que te lo hicieran a ti?\u2026T\u00da DECIDES.<\/p>\n<p class=\"text-align-justify\">Cuida las im\u00e1genes, comentarios y acciones que subas, publiques o realices en Internet, ah\u00ed se quedan, cualquiera puede acceder a ellas y utilizarlas con malas intenciones, tu bienestar y tu futuro pueden llegar a depender de ello\u2026T\u00da DECIDES.<\/p>\n<p class=\"text-align-justify\">Juega, comparte, aprende y, si te ves en una situaci\u00f3n inc\u00f3moda, conf\u00eda en tu entorno familiar adulto y escolar, o en la Polic\u00eda, ellos siempre te ayudar\u00e1n.<\/p>\n<p class=\"text-align-justify\">Desde aqu\u00ed queremos ayudarte a hacer un uso responsable de Internet.<\/p>\n<p class=\"text-align-justify\">Adelante, disfr\u00fatalo.<\/p>\n<\/div>\n<\/div>\n<\/article>\n<\/div>\n","protected":false},"excerpt":{"rendered":"<p>Tu controlas en Internet Hola, bienvenido\/a a nuestra p\u00e1gina web tudecideseninternet, esta web va dirigida a ti y en ella, t\u00fa eres el protagonista. En la vida real, tus entornos&#46;&#46;&#46;<\/p>\n","protected":false},"author":8155,"featured_media":0,"parent":377,"menu_order":0,"comment_status":"closed","ping_status":"closed","template":"","meta":{"ngg_post_thumbnail":0,"footnotes":""},"aioseo_notices":[],"_links":{"self":[{"href":"https:\/\/blogsaverroes.juntadeandalucia.es\/ieselsauce\/index.php?rest_route=\/wp\/v2\/pages\/2104"}],"collection":[{"href":"https:\/\/blogsaverroes.juntadeandalucia.es\/ieselsauce\/index.php?rest_route=\/wp\/v2\/pages"}],"about":[{"href":"https:\/\/blogsaverroes.juntadeandalucia.es\/ieselsauce\/index.php?rest_route=\/wp\/v2\/types\/page"}],"author":[{"embeddable":true,"href":"https:\/\/blogsaverroes.juntadeandalucia.es\/ieselsauce\/index.php?rest_route=\/wp\/v2\/users\/8155"}],"replies":[{"embeddable":true,"href":"https:\/\/blogsaverroes.juntadeandalucia.es\/ieselsauce\/index.php?rest_route=%2Fwp%2Fv2%2Fcomments&post=2104"}],"version-history":[{"count":3,"href":"https:\/\/blogsaverroes.juntadeandalucia.es\/ieselsauce\/index.php?rest_route=\/wp\/v2\/pages\/2104\/revisions"}],"predecessor-version":[{"id":2108,"href":"https:\/\/blogsaverroes.juntadeandalucia.es\/ieselsauce\/index.php?rest_route=\/wp\/v2\/pages\/2104\/revisions\/2108"}],"up":[{"embeddable":true,"href":"https:\/\/blogsaverroes.juntadeandalucia.es\/ieselsauce\/index.php?rest_route=\/wp\/v2\/pages\/377"}],"wp:attachment":[{"href":"https:\/\/blogsaverroes.juntadeandalucia.es\/ieselsauce\/index.php?rest_route=%2Fwp%2Fv2%2Fmedia&parent=2104"}],"curies":[{"name":"wp","href":"https:\/\/api.w.org\/{rel}","templated":true}]}}