{"id":286,"date":"2019-12-08T19:17:13","date_gmt":"2019-12-08T19:17:13","guid":{"rendered":"https:\/\/blogsaverroes.juntadeandalucia.es\/ieselsauce\/?page_id=286"},"modified":"2019-12-08T21:17:19","modified_gmt":"2019-12-08T21:17:19","slug":"instalaciones","status":"publish","type":"page","link":"https:\/\/blogsaverroes.juntadeandalucia.es\/ieselsauce\/?page_id=286","title":{"rendered":"Instalaciones"},"content":{"rendered":"<p align=\"left\"><strong>LAS INSTALACIONES CON LAS QUE CONTAMOS SON:<br \/>\n<\/strong><\/p>\n<p>&#8211; 13 aulas de alumnos\/as para cada grupo de la E.S.O.<\/p>\n<p>&#8211; 2 aulas para alumnos\/as de Diversificaci\u00f3n Curricular.<\/p>\n<p>&#8211; 1 aula fija con 15 ordenadores para alumnos\/as y 1 para el profesor\/a<\/p>\n<p>&#8211; Sala de armario de datos y carros con ordenadores port\u00e1tiles.<\/p>\n<p>&#8211; 1aulas de desdoble.<\/p>\n<p>&#8211; 1 aulas de apoyo con 3 ordenadores.<\/p>\n<p>&#8211; 1 aula de audiovisualesvcon&nbsp; un proyector-ordenador y equipo de sonido.<\/p>\n<p>&#8211; 1 aulas de dibujo.<\/p>\n<p>&#8211; 1 aula de m\u00fasica.<\/p>\n<p>&#8211; 1 aula de tecnolog\u00eda.<\/p>\n<p>&#8211; 1 laboratorio (F\u00edsica, Qu\u00edmica, Biolog\u00eda y Geolog\u00eda).<\/p>\n<p>&#8211; 8 despachos para departamentos did\u00e1cticos.<\/p>\n<p>&#8211; Despacho de direcci\u00f3n.<\/p>\n<p>&#8211; Despacho de secretar\u00eda.<\/p>\n<p>&#8211; Despacho de jefatura de estudios.<\/p>\n<p>&#8211; Conserjer\u00eda.<\/p>\n<p>&#8211; Despacho de coordinaci\u00f3n TIC.<\/p>\n<p>&#8211; 1 patios con pistas polideportivas.<\/p>\n<p>&#8211; 1 Gimnasios.<\/p>\n<p>&#8211; 2 servicios de alumnos\/as<\/p>\n<p>&#8211; 1 servicios de profesores y de profesoras.<\/p>\n<p>&#8211; Sala del profesorado.<\/p>\n<p>&#8211; Cafeter\u00eda.<\/p>\n<p>&#8211; 2 salas de visitas, una con dos ordenadores.<\/p>\n<p>&#8211; 2 almacenes.<\/p>\n<p>&#8211; Sala de caldera.<\/p>\n<p>&#8211; Sala de almac\u00e9n de libros.<\/p>\n<p>&#8211; Sala vestuario del personal de limpieza.<\/p>\n<p>&#8211; Sal\u00f3n de Usos M\u00faltiples.<\/p>\n<p>&#8211; Biblioteca con 2 ordenadores para alumnado y 1 ordenador de gesti\u00f3n.<\/p>\n","protected":false},"excerpt":{"rendered":"<p>LAS INSTALACIONES CON LAS QUE CONTAMOS SON: &#8211; 13 aulas de alumnos\/as para cada grupo de la E.S.O. &#8211; 2 aulas para alumnos\/as de Diversificaci\u00f3n Curricular. &#8211; 1 aula fija&#46;&#46;&#46;<\/p>\n","protected":false},"author":8155,"featured_media":0,"parent":0,"menu_order":0,"comment_status":"closed","ping_status":"closed","template":"","meta":{"ngg_post_thumbnail":0,"footnotes":""},"aioseo_notices":[],"_links":{"self":[{"href":"https:\/\/blogsaverroes.juntadeandalucia.es\/ieselsauce\/index.php?rest_route=\/wp\/v2\/pages\/286"}],"collection":[{"href":"https:\/\/blogsaverroes.juntadeandalucia.es\/ieselsauce\/index.php?rest_route=\/wp\/v2\/pages"}],"about":[{"href":"https:\/\/blogsaverroes.juntadeandalucia.es\/ieselsauce\/index.php?rest_route=\/wp\/v2\/types\/page"}],"author":[{"embeddable":true,"href":"https:\/\/blogsaverroes.juntadeandalucia.es\/ieselsauce\/index.php?rest_route=\/wp\/v2\/users\/8155"}],"replies":[{"embeddable":true,"href":"https:\/\/blogsaverroes.juntadeandalucia.es\/ieselsauce\/index.php?rest_route=%2Fwp%2Fv2%2Fcomments&post=286"}],"version-history":[{"count":3,"href":"https:\/\/blogsaverroes.juntadeandalucia.es\/ieselsauce\/index.php?rest_route=\/wp\/v2\/pages\/286\/revisions"}],"predecessor-version":[{"id":321,"href":"https:\/\/blogsaverroes.juntadeandalucia.es\/ieselsauce\/index.php?rest_route=\/wp\/v2\/pages\/286\/revisions\/321"}],"wp:attachment":[{"href":"https:\/\/blogsaverroes.juntadeandalucia.es\/ieselsauce\/index.php?rest_route=%2Fwp%2Fv2%2Fmedia&parent=286"}],"curies":[{"name":"wp","href":"https:\/\/api.w.org\/{rel}","templated":true}]}}