{"id":409,"date":"2019-12-10T19:44:21","date_gmt":"2019-12-10T19:44:21","guid":{"rendered":"https:\/\/blogsaverroes.juntadeandalucia.es\/ieselsauce\/?page_id=409"},"modified":"2021-11-02T19:49:10","modified_gmt":"2021-11-02T19:49:10","slug":"centro-tic","status":"publish","type":"page","link":"https:\/\/blogsaverroes.juntadeandalucia.es\/ieselsauce\/?page_id=409","title":{"rendered":"CENTRO TIC\/TDE"},"content":{"rendered":"<p>Durante este curso 2009\/2010 iniciamos nuestra andadura por las TIC en el I.E.S. El Sauce. Para ello contamos con:<\/p>\n<p>&#8211; Un aula fija con diecis\u00e9is ordenadores.<\/p>\n<p>&#8211; Cuatro \u00abcarritos\u00bb con ocho ordenadores cada uno.<\/p>\n<p>&nbsp;&nbsp; Asimismo se ha dotado el aula de audiovisuales con un ca\u00f1\u00f3n-proyector y equipo de audio, al igual que el SUM donde existe una gran pantalla de proyecci\u00f3n, ca\u00f1\u00f3n-proyector y equipo de audio, con lo que quedan cubiertas las necesidades de dicho proyecto.<\/p>\n<p>&nbsp;&nbsp; Para adaptarnos a las nuevas TIC hemos participado en un curso sobre Guadalinex y sus aplicaciones, que seguiremos ampliando en los pr\u00f3ximos a\u00f1os.<\/p>\n<p>&nbsp;&nbsp;&nbsp;&nbsp; En el curso 2010\/2011 se ha dotado al centro de tres pizarras digitales Smart, compuestas de pizarra&nbsp; t\u00e1ctil, pc y video-proyector para los grupos de 1\u00ba de Eso.<\/p>\n<p>&nbsp;&nbsp;&nbsp;&nbsp; Por \u00faltimo, en el curso 2011\/2012 se nos dot\u00f3 de tres pizarras digitales Promethean,&nbsp; compuestas de pizarra&nbsp; t\u00e1ctil, pc y video-proyector para los grupos de 2\u00ba de Eso.<\/p>\n<p><img decoding=\"async\" src=\"http:\/\/www.juntadeandalucia.es\/averroes\/centros-tic\/14000321\/helvia\/sitio\/upload\/img\/guadalinex.jpg\" border=\"0\">&nbsp;&nbsp;&nbsp;&nbsp;&nbsp;&nbsp; Coordinador Tic:&nbsp; Francisco Javier Chavero Quintero<\/p>\n","protected":false},"excerpt":{"rendered":"<p>Durante este curso 2009\/2010 iniciamos nuestra andadura por las TIC en el I.E.S. El Sauce. Para ello contamos con: &#8211; Un aula fija con diecis\u00e9is ordenadores. &#8211; Cuatro \u00abcarritos\u00bb con&#46;&#46;&#46;<\/p>\n","protected":false},"author":8155,"featured_media":0,"parent":0,"menu_order":0,"comment_status":"closed","ping_status":"closed","template":"","meta":{"ngg_post_thumbnail":0,"footnotes":""},"aioseo_notices":[],"_links":{"self":[{"href":"https:\/\/blogsaverroes.juntadeandalucia.es\/ieselsauce\/index.php?rest_route=\/wp\/v2\/pages\/409"}],"collection":[{"href":"https:\/\/blogsaverroes.juntadeandalucia.es\/ieselsauce\/index.php?rest_route=\/wp\/v2\/pages"}],"about":[{"href":"https:\/\/blogsaverroes.juntadeandalucia.es\/ieselsauce\/index.php?rest_route=\/wp\/v2\/types\/page"}],"author":[{"embeddable":true,"href":"https:\/\/blogsaverroes.juntadeandalucia.es\/ieselsauce\/index.php?rest_route=\/wp\/v2\/users\/8155"}],"replies":[{"embeddable":true,"href":"https:\/\/blogsaverroes.juntadeandalucia.es\/ieselsauce\/index.php?rest_route=%2Fwp%2Fv2%2Fcomments&post=409"}],"version-history":[{"count":3,"href":"https:\/\/blogsaverroes.juntadeandalucia.es\/ieselsauce\/index.php?rest_route=\/wp\/v2\/pages\/409\/revisions"}],"predecessor-version":[{"id":1489,"href":"https:\/\/blogsaverroes.juntadeandalucia.es\/ieselsauce\/index.php?rest_route=\/wp\/v2\/pages\/409\/revisions\/1489"}],"wp:attachment":[{"href":"https:\/\/blogsaverroes.juntadeandalucia.es\/ieselsauce\/index.php?rest_route=%2Fwp%2Fv2%2Fmedia&parent=409"}],"curies":[{"name":"wp","href":"https:\/\/api.w.org\/{rel}","templated":true}]}}

<p>Durante este curso 2009/2010 iniciamos nuestra andadura por las TIC en el I.E.S. El Sauce. Para ello contamos con:</p>
<p>&#8211; Un aula fija con dieciséis ordenadores.</p>
<p>&#8211; Cuatro «carritos» con ocho ordenadores cada uno.</p>
<p>&nbsp;&nbsp; Asimismo se ha dotado el aula de audiovisuales con un cañón-proyector y equipo de audio, al igual que el SUM donde existe una gran pantalla de proyección, cañón-proyector y equipo de audio, con lo que quedan cubiertas las necesidades de dicho proyecto.</p>
<p>&nbsp;&nbsp; Para adaptarnos a las nuevas TIC hemos participado en un curso sobre Guadalinex y sus aplicaciones, que seguiremos ampliando en los próximos años.</p>
<p>&nbsp;&nbsp;&nbsp;&nbsp; En el curso 2010/2011 se ha dotado al centro de tres pizarras digitales Smart, compuestas de pizarra&nbsp; táctil, pc y video-proyector para los grupos de 1º de Eso.</p>
<p>&nbsp;&nbsp;&nbsp;&nbsp; Por último, en el curso 2011/2012 se nos dotó de tres pizarras digitales Promethean,&nbsp; compuestas de pizarra&nbsp; táctil, pc y video-proyector para los grupos de 2º de Eso.</p>
<p><img decoding="async" src="http://www.juntadeandalucia.es/averroes/centros-tic/14000321/helvia/sitio/upload/img/guadalinex.jpg" border="0">&nbsp;&nbsp;&nbsp;&nbsp;&nbsp;&nbsp; Coordinador Tic:&nbsp; Francisco Javier Chavero Quintero</p>

<p>Durante este curso 2009/2010 iniciamos nuestra andadura por las TIC en el I.E.S. El Sauce. Para ello contamos con: &#8211; Un aula fija con dieciséis ordenadores. &#8211; Cuatro «carritos» con&#46;&#46;&#46;</p>
