{"id":847,"date":"2020-09-12T15:02:40","date_gmt":"2020-09-12T15:02:40","guid":{"rendered":"https:\/\/blogsaverroes.juntadeandalucia.es\/ieselsauce\/?page_id=847"},"modified":"2025-11-09T18:32:12","modified_gmt":"2025-11-09T18:32:12","slug":"protocolo-covid-19","status":"publish","type":"page","link":"https:\/\/blogsaverroes.juntadeandalucia.es\/ieselsauce\/?page_id=847","title":{"rendered":"EQUIPO DIRECTIVO"},"content":{"rendered":"<p>DIRECCI\u00d3N: D. F. Javier Mata Morales .<\/p>\n<p>JEFATURA DE ESTUDIOS: D. Jaime Gonz\u00e1lez Cimas.<\/p>\n<p>SECRETAR\u00cdA: D\u00aa. Clara L\u00f3pez Rivadulla.<\/p>\n","protected":false},"excerpt":{"rendered":"<p>DIRECCI\u00d3N: D. F. Javier Mata Morales . JEFATURA DE ESTUDIOS: D. Jaime Gonz\u00e1lez Cimas. SECRETAR\u00cdA: D\u00aa. Clara L\u00f3pez Rivadulla.<\/p>\n","protected":false},"author":8155,"featured_media":0,"parent":0,"menu_order":0,"comment_status":"closed","ping_status":"closed","template":"","meta":{"ngg_post_thumbnail":0,"footnotes":""},"aioseo_notices":[],"_links":{"self":[{"href":"https:\/\/blogsaverroes.juntadeandalucia.es\/ieselsauce\/index.php?rest_route=\/wp\/v2\/pages\/847"}],"collection":[{"href":"https:\/\/blogsaverroes.juntadeandalucia.es\/ieselsauce\/index.php?rest_route=\/wp\/v2\/pages"}],"about":[{"href":"https:\/\/blogsaverroes.juntadeandalucia.es\/ieselsauce\/index.php?rest_route=\/wp\/v2\/types\/page"}],"author":[{"embeddable":true,"href":"https:\/\/blogsaverroes.juntadeandalucia.es\/ieselsauce\/index.php?rest_route=\/wp\/v2\/users\/8155"}],"replies":[{"embeddable":true,"href":"https:\/\/blogsaverroes.juntadeandalucia.es\/ieselsauce\/index.php?rest_route=%2Fwp%2Fv2%2Fcomments&post=847"}],"version-history":[{"count":6,"href":"https:\/\/blogsaverroes.juntadeandalucia.es\/ieselsauce\/index.php?rest_route=\/wp\/v2\/pages\/847\/revisions"}],"predecessor-version":[{"id":3540,"href":"https:\/\/blogsaverroes.juntadeandalucia.es\/ieselsauce\/index.php?rest_route=\/wp\/v2\/pages\/847\/revisions\/3540"}],"wp:attachment":[{"href":"https:\/\/blogsaverroes.juntadeandalucia.es\/ieselsauce\/index.php?rest_route=%2Fwp%2Fv2%2Fmedia&parent=847"}],"curies":[{"name":"wp","href":"https:\/\/api.w.org\/{rel}","templated":true}]}}