{"id":869,"date":"2020-09-12T15:32:35","date_gmt":"2020-09-12T15:32:35","guid":{"rendered":"https:\/\/blogsaverroes.juntadeandalucia.es\/ieselsauce\/?page_id=869"},"modified":"2020-09-12T15:32:35","modified_gmt":"2020-09-12T15:32:35","slug":"en-el-transporte-escolar","status":"publish","type":"page","link":"https:\/\/blogsaverroes.juntadeandalucia.es\/ieselsauce\/?page_id=869","title":{"rendered":"EN EL TRANSPORTE ESCOLAR"},"content":{"rendered":"<p><b>Medidas en el transporte escolar.<\/b><\/p>\n<ul>\n<li style=\"font-weight: 400\"><span style=\"font-weight: 400\">El autob\u00fas debe ser limpiado y desinfectado antes y despu\u00e9s de cada uso.<\/span><\/li>\n<li style=\"font-weight: 400\"><span style=\"font-weight: 400\">En el transporte escolar, siempre se ha de permanecer con la mascarilla puesta.<\/span><\/li>\n<li style=\"font-weight: 400\"><span style=\"font-weight: 400\">Las entradas y salidas del alumnado ser\u00e1 ordenadas.<\/span><\/li>\n<li style=\"font-weight: 400\"><span style=\"font-weight: 400\">El monitor administrar\u00e1 gel hidroalcoh\u00f3lico antes de subir al autob\u00fas al alumnado.<\/span><\/li>\n<li style=\"font-weight: 400\"><span style=\"font-weight: 400\">Una vez bajen del autob\u00fas seguir\u00e1n las normas de sus monitores para acceder al centro. En la puerta del centro, un profesor\/a se har\u00e1 cargo de que el alumnado entre ordenadamente, cesando en ese momento la responsabilidad del monitor\/a sobre los alumnos.<\/span><\/li>\n<li style=\"font-weight: 400\"><span style=\"font-weight: 400\">Si el transporte se utiliza \u00fanicamente para el servicio de transporte escolar, ocupar\u00e1 siempre el mismo asiento, preferentemente el de la ventanilla si hay disponibilidad. Se agrupar\u00e1 al alumnado por centros.<\/span><\/li>\n<\/ul>\n<p><span style=\"font-weight: 400\">&nbsp;<\/span><\/p>\n<p>&nbsp;<\/p>\n","protected":false},"excerpt":{"rendered":"<p>Medidas en el transporte escolar. El autob\u00fas debe ser limpiado y desinfectado antes y despu\u00e9s de cada uso. En el transporte escolar, siempre se ha de permanecer con la mascarilla&#46;&#46;&#46;<\/p>\n","protected":false},"author":8155,"featured_media":0,"parent":0,"menu_order":0,"comment_status":"closed","ping_status":"closed","template":"","meta":{"ngg_post_thumbnail":0,"footnotes":""},"aioseo_notices":[],"_links":{"self":[{"href":"https:\/\/blogsaverroes.juntadeandalucia.es\/ieselsauce\/index.php?rest_route=\/wp\/v2\/pages\/869"}],"collection":[{"href":"https:\/\/blogsaverroes.juntadeandalucia.es\/ieselsauce\/index.php?rest_route=\/wp\/v2\/pages"}],"about":[{"href":"https:\/\/blogsaverroes.juntadeandalucia.es\/ieselsauce\/index.php?rest_route=\/wp\/v2\/types\/page"}],"author":[{"embeddable":true,"href":"https:\/\/blogsaverroes.juntadeandalucia.es\/ieselsauce\/index.php?rest_route=\/wp\/v2\/users\/8155"}],"replies":[{"embeddable":true,"href":"https:\/\/blogsaverroes.juntadeandalucia.es\/ieselsauce\/index.php?rest_route=%2Fwp%2Fv2%2Fcomments&post=869"}],"version-history":[{"count":1,"href":"https:\/\/blogsaverroes.juntadeandalucia.es\/ieselsauce\/index.php?rest_route=\/wp\/v2\/pages\/869\/revisions"}],"predecessor-version":[{"id":870,"href":"https:\/\/blogsaverroes.juntadeandalucia.es\/ieselsauce\/index.php?rest_route=\/wp\/v2\/pages\/869\/revisions\/870"}],"wp:attachment":[{"href":"https:\/\/blogsaverroes.juntadeandalucia.es\/ieselsauce\/index.php?rest_route=%2Fwp%2Fv2%2Fmedia&parent=869"}],"curies":[{"name":"wp","href":"https:\/\/api.w.org\/{rel}","templated":true}]}}

<p><b>Medidas en el transporte escolar.</b></p>
<ul>
<li style="font-weight: 400"><span style="font-weight: 400">El autobús debe ser limpiado y desinfectado antes y después de cada uso.</span></li>
<li style="font-weight: 400"><span style="font-weight: 400">En el transporte escolar, siempre se ha de permanecer con la mascarilla puesta.</span></li>
<li style="font-weight: 400"><span style="font-weight: 400">Las entradas y salidas del alumnado será ordenadas.</span></li>
<li style="font-weight: 400"><span style="font-weight: 400">El monitor administrará gel hidroalcohólico antes de subir al autobús al alumnado.</span></li>
<li style="font-weight: 400"><span style="font-weight: 400">Una vez bajen del autobús seguirán las normas de sus monitores para acceder al centro. En la puerta del centro, un profesor/a se hará cargo de que el alumnado entre ordenadamente, cesando en ese momento la responsabilidad del monitor/a sobre los alumnos.</span></li>
<li style="font-weight: 400"><span style="font-weight: 400">Si el transporte se utiliza únicamente para el servicio de transporte escolar, ocupará siempre el mismo asiento, preferentemente el de la ventanilla si hay disponibilidad. Se agrupará al alumnado por centros.</span></li>
</ul>
<p><span style="font-weight: 400">&nbsp;</span></p>
<p>&nbsp;</p>

<p>Medidas en el transporte escolar. El autobús debe ser limpiado y desinfectado antes y después de cada uso. En el transporte escolar, siempre se ha de permanecer con la mascarilla&#46;&#46;&#46;</p>
