{"id":150,"date":"2015-03-17T07:48:04","date_gmt":"2015-03-17T07:48:04","guid":{"rendered":"http:\/\/blogsaverroes.juntadeandalucia.es\/pre\/ceip\/?page_id=150"},"modified":"2023-11-17T11:33:49","modified_gmt":"2023-11-17T11:33:49","slug":"filosofia","status":"publish","type":"page","link":"https:\/\/blogsaverroes.juntadeandalucia.es\/iesemiliomanzano\/filosofia\/","title":{"rendered":"LENGUA CASTELLANA E IDIOMAS"},"content":{"rendered":"<p><span style=\"text-decoration: underline\"><span style=\"color: #0000ff\"><strong>JEFA DE DEPARTAMENTO:<\/strong><\/span><\/span> Aramburo Herrera, Ana<\/p>\n<p><span style=\"color: #0000ff\"><strong>-\u00c1rea de Lengua Castellana y Literatura:<\/strong><\/span><br \/>\nAramburo Herrera, Ana<br \/>\nSalmer\u00f3n Ram\u00edrez, Yolanda<\/p>\n<p><span style=\"color: #0000ff\"><strong>-\u00c1rea de Ingl\u00e9s:<\/strong><\/span><br \/>\nCarmen Pe\u00f1a Maldonado<br \/>\nJuan Pach\u00f3n Ulierte<\/p>\n<p><span style=\"color: #0000ff\"><strong>-\u00c1rea de Franc\u00e9s:<\/strong><\/span><br \/>\nGarc\u00eda S\u00e1nchez, Helena<\/p>\n<p><strong>Lengua Castellana y Literatura<\/strong><\/p>\n<p><a href=\"https:\/\/blogsaverroes.juntadeandalucia.es\/iesemiliomanzano\/files\/2018\/05\/leng.png\"><img loading=\"lazy\" decoding=\"async\" class=\"alignnone wp-image-2969 size-full\" src=\"https:\/\/blogsaverroes.juntadeandalucia.es\/iesemiliomanzano\/files\/2018\/05\/leng.png\" alt=\"\" width=\"900\" height=\"450\" srcset=\"https:\/\/blogsaverroes.juntadeandalucia.es\/iesemiliomanzano\/files\/2018\/05\/leng.png 900w, https:\/\/blogsaverroes.juntadeandalucia.es\/iesemiliomanzano\/files\/2018\/05\/leng-300x150.png 300w, https:\/\/blogsaverroes.juntadeandalucia.es\/iesemiliomanzano\/files\/2018\/05\/leng-768x384.png 768w, https:\/\/blogsaverroes.juntadeandalucia.es\/iesemiliomanzano\/files\/2018\/05\/leng-24x12.png 24w, https:\/\/blogsaverroes.juntadeandalucia.es\/iesemiliomanzano\/files\/2018\/05\/leng-36x18.png 36w, https:\/\/blogsaverroes.juntadeandalucia.es\/iesemiliomanzano\/files\/2018\/05\/leng-48x24.png 48w\" sizes=\"(max-width: 900px) 100vw, 900px\" \/><\/a><\/p>\n<p>La materia Lengua Castellana y Literatura tiene como objetivo el desarrollo de la competencia comunicativa del alumnado, entendida en todas sus vertientes: pragm\u00e1tica, ling\u00fc\u00edstica, socioling\u00fc\u00edstica y literaria. Debe tambi\u00e9n aportar las herramientas y los conocimientos necesarios para desenvolverse satisfactoriamente en cualquier situaci\u00f3n comunicativa de la vida familiar, social y profesional. Esos conocimientos son los que articulan los procesos de comprensi\u00f3n y expresi\u00f3n oral por un lado, y de comprensi\u00f3n y expresi\u00f3n escrita por otro. La estructuraci\u00f3n del pensamiento del ser humano se hace a trav\u00e9s del lenguaje, de ah\u00ed que esa capacidad de comprender y de expresarse sea el mejor y el m\u00e1s eficaz instrumento de aprendizaje.<\/p>\n<p><strong>INGL\u00c9S Primera Lengua Extranjera<\/strong><\/p>\n<p><a href=\"https:\/\/blogsaverroes.juntadeandalucia.es\/iesemiliomanzano\/files\/2018\/05\/idio.png\"><img loading=\"lazy\" decoding=\"async\" class=\"alignnone wp-image-2968 size-full\" src=\"https:\/\/blogsaverroes.juntadeandalucia.es\/iesemiliomanzano\/files\/2018\/05\/idio.png\" alt=\"\" width=\"900\" height=\"450\" srcset=\"https:\/\/blogsaverroes.juntadeandalucia.es\/iesemiliomanzano\/files\/2018\/05\/idio.png 900w, https:\/\/blogsaverroes.juntadeandalucia.es\/iesemiliomanzano\/files\/2018\/05\/idio-300x150.png 300w, https:\/\/blogsaverroes.juntadeandalucia.es\/iesemiliomanzano\/files\/2018\/05\/idio-768x384.png 768w, https:\/\/blogsaverroes.juntadeandalucia.es\/iesemiliomanzano\/files\/2018\/05\/idio-24x12.png 24w, https:\/\/blogsaverroes.juntadeandalucia.es\/iesemiliomanzano\/files\/2018\/05\/idio-36x18.png 36w, https:\/\/blogsaverroes.juntadeandalucia.es\/iesemiliomanzano\/files\/2018\/05\/idio-48x24.png 48w\" sizes=\"(max-width: 900px) 100vw, 900px\" \/><\/a><\/p>\n<p style=\"text-align: justify\">La lengua es el instrumento por excelencia del aprendizaje y la comunicaci\u00f3n. Tanto las lenguas primeras como las lenguas extranjeras forman parte en la actualidad, y cada vez lo har\u00e1n m\u00e1s en el futuro, del bagaje vital de las personas en un mundo en continua expansi\u00f3n en el que, a la vez, las relaciones entre individuos, pa\u00edses, organismos y corporaciones se hacen m\u00e1s frecuentes y m\u00e1s estrechas. En la medida en que ese bagaje comprende diversos conocimientos, destrezas y actitudes en diversas lenguas, es decir un perfil pluriling\u00fce e intercultural, el individuo est\u00e1 mejor preparado para integrarse y participar en una variedad de contextos y de situaciones que suponen un est\u00edmulo para su desarrollo, y mejores oportunidades, en los \u00e1mbitos personal, p\u00fablico, educativo o acad\u00e9mico, ocupacional y profesional.<\/p>\n<p><strong><span style=\"font-family: sans-serif\"><span style=\"font-size: medium\">FRANC\u00c9S Segunda Lengua Extranjera <\/span><\/span><\/strong><\/p>\n<p style=\"text-align: justify\"><span style=\"font-family: sans-serif\"><span style=\"font-size: medium\">El pluriling\u00fcismo es una de las se\u00f1as de identidad de la ciudadan\u00eda en una Europa multiling\u00fce y multicultural, cuya diversidad no debe suponer un obst\u00e1culo a la movilidad y la cooperaci\u00f3n sino constituir una fuente de riqueza personal, social y cultural y un factor de progreso. A este fin, el Consejo Europeo reunido en Barcelona en 2002 recoge entre sus conclusiones la necesidad de coordinar esfuerzos en pos de una econom\u00eda competitiva basada en el conocimiento, e insta a los Estados miembros de la Uni\u00f3n Europea a desarrollar acciones educativas conducentes a la mejora del dominio de las competencias clave, en particular mediante la ense\u00f1anza de al menos dos lenguas extranjeras desde una edad muy temprana. <\/span><\/span><\/p>\n","protected":false},"excerpt":{"rendered":"<p>JEFA DE DEPARTAMENTO: Aramburo Herrera, Ana -\u00c1rea de Lengua Castellana y Literatura: Aramburo Herrera, Ana Salmer\u00f3n Ram\u00edrez, Yolanda -\u00c1rea de Ingl\u00e9s: Carmen Pe\u00f1a Maldonado Juan Pach\u00f3n Ulierte -\u00c1rea de Franc\u00e9s: Garc\u00eda S\u00e1nchez, Helena Lengua&#46;&#46;&#46;<\/p>\n","protected":false},"author":1,"featured_media":0,"parent":0,"menu_order":0,"comment_status":"closed","ping_status":"open","template":"","meta":{"ngg_post_thumbnail":0,"footnotes":"","_mc_calendar":[]},"aioseo_notices":[],"_links":{"self":[{"href":"https:\/\/blogsaverroes.juntadeandalucia.es\/iesemiliomanzano\/wp-json\/wp\/v2\/pages\/150"}],"collection":[{"href":"https:\/\/blogsaverroes.juntadeandalucia.es\/iesemiliomanzano\/wp-json\/wp\/v2\/pages"}],"about":[{"href":"https:\/\/blogsaverroes.juntadeandalucia.es\/iesemiliomanzano\/wp-json\/wp\/v2\/types\/page"}],"author":[{"embeddable":true,"href":"https:\/\/blogsaverroes.juntadeandalucia.es\/iesemiliomanzano\/wp-json\/wp\/v2\/users\/1"}],"replies":[{"embeddable":true,"href":"https:\/\/blogsaverroes.juntadeandalucia.es\/iesemiliomanzano\/wp-json\/wp\/v2\/comments?post=150"}],"version-history":[{"count":8,"href":"https:\/\/blogsaverroes.juntadeandalucia.es\/iesemiliomanzano\/wp-json\/wp\/v2\/pages\/150\/revisions"}],"predecessor-version":[{"id":4166,"href":"https:\/\/blogsaverroes.juntadeandalucia.es\/iesemiliomanzano\/wp-json\/wp\/v2\/pages\/150\/revisions\/4166"}],"wp:attachment":[{"href":"https:\/\/blogsaverroes.juntadeandalucia.es\/iesemiliomanzano\/wp-json\/wp\/v2\/media?parent=150"}],"curies":[{"name":"wp","href":"https:\/\/api.w.org\/{rel}","templated":true}]}}

<p><span style="text-decoration: underline"><span style="color: #0000ff"><strong>JEFA DE DEPARTAMENTO:</strong></span></span> Aramburo Herrera, Ana</p>
<p><span style="color: #0000ff"><strong>-Área de Lengua Castellana y Literatura:</strong></span><br />
Aramburo Herrera, Ana<br />
Salmerón Ramírez, Yolanda</p>
<p><span style="color: #0000ff"><strong>-Área de Inglés:</strong></span><br />
Carmen Peña Maldonado<br />
Juan Pachón Ulierte</p>
<p><span style="color: #0000ff"><strong>-Área de Francés:</strong></span><br />
García Sánchez, Helena</p>
<p><strong>Lengua Castellana y Literatura</strong></p>
<p><a href="https://blogsaverroes.juntadeandalucia.es/iesemiliomanzano/files/2018/05/leng.png"><img loading="lazy" decoding="async" class="alignnone wp-image-2969 size-full" src="https://blogsaverroes.juntadeandalucia.es/iesemiliomanzano/files/2018/05/leng.png" alt="" width="900" height="450" srcset="https://blogsaverroes.juntadeandalucia.es/iesemiliomanzano/files/2018/05/leng.png 900w, https://blogsaverroes.juntadeandalucia.es/iesemiliomanzano/files/2018/05/leng-300x150.png 300w, https://blogsaverroes.juntadeandalucia.es/iesemiliomanzano/files/2018/05/leng-768x384.png 768w, https://blogsaverroes.juntadeandalucia.es/iesemiliomanzano/files/2018/05/leng-24x12.png 24w, https://blogsaverroes.juntadeandalucia.es/iesemiliomanzano/files/2018/05/leng-36x18.png 36w, https://blogsaverroes.juntadeandalucia.es/iesemiliomanzano/files/2018/05/leng-48x24.png 48w" sizes="(max-width: 900px) 100vw, 900px" /></a></p>
<p>La materia Lengua Castellana y Literatura tiene como objetivo el desarrollo de la competencia comunicativa del alumnado, entendida en todas sus vertientes: pragmática, lingüística, sociolingüística y literaria. Debe también aportar las herramientas y los conocimientos necesarios para desenvolverse satisfactoriamente en cualquier situación comunicativa de la vida familiar, social y profesional. Esos conocimientos son los que articulan los procesos de comprensión y expresión oral por un lado, y de comprensión y expresión escrita por otro. La estructuración del pensamiento del ser humano se hace a través del lenguaje, de ahí que esa capacidad de comprender y de expresarse sea el mejor y el más eficaz instrumento de aprendizaje.</p>
<p><strong>INGLÉS Primera Lengua Extranjera</strong></p>
<p><a href="https://blogsaverroes.juntadeandalucia.es/iesemiliomanzano/files/2018/05/idio.png"><img loading="lazy" decoding="async" class="alignnone wp-image-2968 size-full" src="https://blogsaverroes.juntadeandalucia.es/iesemiliomanzano/files/2018/05/idio.png" alt="" width="900" height="450" srcset="https://blogsaverroes.juntadeandalucia.es/iesemiliomanzano/files/2018/05/idio.png 900w, https://blogsaverroes.juntadeandalucia.es/iesemiliomanzano/files/2018/05/idio-300x150.png 300w, https://blogsaverroes.juntadeandalucia.es/iesemiliomanzano/files/2018/05/idio-768x384.png 768w, https://blogsaverroes.juntadeandalucia.es/iesemiliomanzano/files/2018/05/idio-24x12.png 24w, https://blogsaverroes.juntadeandalucia.es/iesemiliomanzano/files/2018/05/idio-36x18.png 36w, https://blogsaverroes.juntadeandalucia.es/iesemiliomanzano/files/2018/05/idio-48x24.png 48w" sizes="(max-width: 900px) 100vw, 900px" /></a></p>
<p style="text-align: justify">La lengua es el instrumento por excelencia del aprendizaje y la comunicación. Tanto las lenguas primeras como las lenguas extranjeras forman parte en la actualidad, y cada vez lo harán más en el futuro, del bagaje vital de las personas en un mundo en continua expansión en el que, a la vez, las relaciones entre individuos, países, organismos y corporaciones se hacen más frecuentes y más estrechas. En la medida en que ese bagaje comprende diversos conocimientos, destrezas y actitudes en diversas lenguas, es decir un perfil plurilingüe e intercultural, el individuo está mejor preparado para integrarse y participar en una variedad de contextos y de situaciones que suponen un estímulo para su desarrollo, y mejores oportunidades, en los ámbitos personal, público, educativo o académico, ocupacional y profesional.</p>
<p><strong><span style="font-family: sans-serif"><span style="font-size: medium">FRANCÉS Segunda Lengua Extranjera </span></span></strong></p>
<p style="text-align: justify"><span style="font-family: sans-serif"><span style="font-size: medium">El plurilingüismo es una de las señas de identidad de la ciudadanía en una Europa multilingüe y multicultural, cuya diversidad no debe suponer un obstáculo a la movilidad y la cooperación sino constituir una fuente de riqueza personal, social y cultural y un factor de progreso. A este fin, el Consejo Europeo reunido en Barcelona en 2002 recoge entre sus conclusiones la necesidad de coordinar esfuerzos en pos de una economía competitiva basada en el conocimiento, e insta a los Estados miembros de la Unión Europea a desarrollar acciones educativas conducentes a la mejora del dominio de las competencias clave, en particular mediante la enseñanza de al menos dos lenguas extranjeras desde una edad muy temprana. </span></span></p>

<p>JEFA DE DEPARTAMENTO: Aramburo Herrera, Ana -Área de Lengua Castellana y Literatura: Aramburo Herrera, Ana Salmerón Ramírez, Yolanda -Área de Inglés: Carmen Peña Maldonado Juan Pachón Ulierte -Área de Francés: García Sánchez, Helena Lengua&#46;&#46;&#46;</p>
