{"id":2452,"date":"2018-02-06T12:18:26","date_gmt":"2018-02-06T12:18:26","guid":{"rendered":"https:\/\/blogsaverroes.juntadeandalucia.es\/iesemiliomanzano\/?page_id=2452"},"modified":"2025-02-06T10:34:30","modified_gmt":"2025-02-06T10:34:30","slug":"consejo-escolar","status":"publish","type":"page","link":"https:\/\/blogsaverroes.juntadeandalucia.es\/iesemiliomanzano\/consejo-escolar\/","title":{"rendered":"ACTA &amp; Miembros del Consejo Escolar"},"content":{"rendered":"<p style=\"text-align: center\"><a href=\"https:\/\/blogsaverroes.juntadeandalucia.es\/iesemiliomanzano\/files\/2025\/02\/acta-consejo.pdf\">ACTA CONSEJO ESCOLAR<\/a><\/p>\n<p>&nbsp;<\/p>\n<table style=\"width: 678px\">\n<tbody>\n<tr style=\"height: 36px\">\n<td style=\"text-align: center;height: 36px;width: 612px\" colspan=\"3\">\n<h1><span style=\"color: #333399\"><strong>COMPOSICI\u00d3N DEL CONSEJO ESCOLAR DEL CENTRO<\/strong><\/span><\/h1>\n<\/td>\n<\/tr>\n<tr style=\"height: 20px\">\n<td style=\"height: 60px;width: 180px\" rowspan=\"3\"><span style=\"color: #008000\"><strong>EQUIPO&nbsp;<\/strong><\/span><\/p>\n<p><span style=\"color: #008000\"><strong>DIRECTIVO<\/strong><\/span><\/td>\n<td style=\"height: 20px;width: 153px\"><span style=\"color: #008000\"><strong>DIRECTOR<\/strong><\/span><\/td>\n<td style=\"height: 20px;width: 279px\"><span style=\"color: #333399\"><strong>DAVID ORT\u00cdN ARANDA<\/strong><\/span><\/td>\n<\/tr>\n<tr style=\"height: 20px\">\n<td style=\"height: 20px;width: 153px\"><span style=\"color: #008000\"><strong>JEFA DE ESTUDIOS<\/strong><\/span><\/td>\n<td style=\"height: 20px;width: 279px\"><span style=\"color: #333399\"><strong>ROSARIO ISABEL ROBLES VARGAS<\/strong><\/span><\/td>\n<\/tr>\n<tr style=\"height: 20px\">\n<td style=\"height: 20px;width: 153px\"><span style=\"color: #008000\"><strong>SECRETARIA<\/strong><\/span><\/td>\n<td style=\"height: 20px;width: 279px\"><span style=\"color: #333399\"><strong>CECILIA ORTIZ RODR\u00cdGUEZ<\/strong><\/span><\/td>\n<\/tr>\n<tr style=\"height: 20px\">\n<td style=\"height: 80px;width: 180px\" rowspan=\"4\"><span style=\"color: #ff0000\"><strong>PROFESORADO<\/strong><\/span><\/td>\n<td style=\"height: 20px;width: 432px\" colspan=\"2\"><span style=\"color: #333399\"><strong>CARMEN S\u00c1NCHEZ GARC\u00cdA<\/strong><\/span><\/td>\n<\/tr>\n<tr style=\"height: 20px\">\n<td style=\"height: 20px;width: 432px\" colspan=\"2\"><span style=\"color: #333399\"><strong>INMACULADA PALENZUELA ALCARAZ<\/strong><\/span><\/td>\n<\/tr>\n<tr style=\"height: 20px\">\n<td style=\"height: 20px;width: 432px\" colspan=\"2\"><span style=\"color: #333399\"><strong>JUAN JOS\u00c9 ALFONSO NIETO<\/strong><\/span><\/td>\n<\/tr>\n<tr style=\"height: 20px\">\n<td style=\"height: 20px;width: 432px\" colspan=\"2\"><span style=\"color: #333399\"><strong>ROCIO L\u00d3PEZ-C\u00d3ZAR MART\u00cdN<\/strong><\/span><\/td>\n<\/tr>\n<tr style=\"height: 20px\">\n<td style=\"height: 60px;width: 180px\" rowspan=\"3\"><span style=\"color: #cc99ff\"><strong>ALUMNAS Y ALUMNOS<\/strong><\/span><\/td>\n<td style=\"height: 20px;width: 432px\" colspan=\"2\"><span style=\"color: #333399\"><strong>CLARA MART\u00cdN P\u00c9REZ<\/strong><\/span><\/td>\n<\/tr>\n<tr style=\"height: 20px\">\n<td style=\"height: 20px;width: 432px\" colspan=\"2\"><span style=\"color: #333399\"><strong>YOLANDA GARC\u00cdA MORENO<\/strong><\/span><\/td>\n<\/tr>\n<tr style=\"height: 20px\">\n<td style=\"height: 20px;width: 432px\" colspan=\"2\"><span style=\"color: #333399\"><strong>PASCUAL BARRAG\u00c1N CANO<\/strong><\/span><\/td>\n<\/tr>\n<tr style=\"height: 20px\">\n<td style=\"height: 60px;width: 180px\" rowspan=\"3\"><span style=\"color: #ff00ff\"><strong>MADRES Y PADRES<\/strong><\/span><\/td>\n<td style=\"height: 20px;width: 432px\" colspan=\"2\"><span style=\"color: #333399\"><strong>DULCE MAR\u00cdA VIQUE GUTI\u00c9RREZ<\/strong><\/span><\/td>\n<\/tr>\n<tr style=\"height: 20px\">\n<td style=\"height: 20px;width: 432px\" colspan=\"2\"><span style=\"color: #333399\"><strong>CONCEPCI\u00d3N FERN\u00c1NDEZ FERN\u00c1NDEZ<\/strong><\/span><\/td>\n<\/tr>\n<tr style=\"height: 20px\">\n<td style=\"height: 20px;width: 432px\" colspan=\"2\"><span style=\"color: #333399\"><strong>ENCARNACI\u00d3N GONZ\u00c1LEZ MORALES<\/strong><\/span><\/td>\n<\/tr>\n<tr style=\"height: 20px\">\n<td style=\"height: 20px;width: 180px\"><span style=\"color: #008000\"><strong>AMPA<\/strong><\/span><\/td>\n<td style=\"height: 20px;width: 432px\" colspan=\"2\"><span style=\"color: #333399\"><strong>ISABEL RAMOS GARC\u00cdA<br \/>\n<\/strong><\/span><\/td>\n<\/tr>\n<tr style=\"height: 20px\">\n<td style=\"height: 20px;width: 180px\"><span style=\"color: #ff0000\"><strong>PAS<\/strong><\/span><\/td>\n<td style=\"height: 20px;width: 432px\" colspan=\"2\"><span style=\"color: #333399\"><strong>SALVADOR TORRES MART\u00cdN<\/strong><\/span><\/td>\n<\/tr>\n<tr style=\"height: 65px\">\n<td style=\"height: 65px;width: 180px\"><span style=\"color: #993366\"><strong>REPRESENTANTE&nbsp;<\/strong><\/span><\/p>\n<p><span style=\"color: #993366\"><strong>AYUNTAMIENTO<\/strong><\/span><\/td>\n<td style=\"height: 65px;width: 432px\" colspan=\"2\"><span style=\"color: #333399\"><strong>SONIA CABRERA GONZ\u00c1LEZ<br \/>\n<\/strong><\/span><\/td>\n<\/tr>\n<\/tbody>\n<\/table>\n<p>&nbsp;<\/p>\n<p>&nbsp;<\/p>\n","protected":false},"excerpt":{"rendered":"<p>ACTA CONSEJO ESCOLAR &nbsp; COMPOSICI\u00d3N DEL CONSEJO ESCOLAR DEL CENTRO EQUIPO&nbsp; DIRECTIVO DIRECTOR DAVID ORT\u00cdN ARANDA JEFA DE ESTUDIOS ROSARIO ISABEL ROBLES VARGAS SECRETARIA CECILIA ORTIZ RODR\u00cdGUEZ PROFESORADO CARMEN S\u00c1NCHEZ GARC\u00cdA INMACULADA PALENZUELA ALCARAZ&#46;&#46;&#46;<\/p>\n","protected":false},"author":5622,"featured_media":0,"parent":0,"menu_order":0,"comment_status":"closed","ping_status":"closed","template":"","meta":{"ngg_post_thumbnail":0,"footnotes":"","_mc_calendar":[]},"aioseo_notices":[],"_links":{"self":[{"href":"https:\/\/blogsaverroes.juntadeandalucia.es\/iesemiliomanzano\/wp-json\/wp\/v2\/pages\/2452"}],"collection":[{"href":"https:\/\/blogsaverroes.juntadeandalucia.es\/iesemiliomanzano\/wp-json\/wp\/v2\/pages"}],"about":[{"href":"https:\/\/blogsaverroes.juntadeandalucia.es\/iesemiliomanzano\/wp-json\/wp\/v2\/types\/page"}],"author":[{"embeddable":true,"href":"https:\/\/blogsaverroes.juntadeandalucia.es\/iesemiliomanzano\/wp-json\/wp\/v2\/users\/5622"}],"replies":[{"embeddable":true,"href":"https:\/\/blogsaverroes.juntadeandalucia.es\/iesemiliomanzano\/wp-json\/wp\/v2\/comments?post=2452"}],"version-history":[{"count":14,"href":"https:\/\/blogsaverroes.juntadeandalucia.es\/iesemiliomanzano\/wp-json\/wp\/v2\/pages\/2452\/revisions"}],"predecessor-version":[{"id":4259,"href":"https:\/\/blogsaverroes.juntadeandalucia.es\/iesemiliomanzano\/wp-json\/wp\/v2\/pages\/2452\/revisions\/4259"}],"wp:attachment":[{"href":"https:\/\/blogsaverroes.juntadeandalucia.es\/iesemiliomanzano\/wp-json\/wp\/v2\/media?parent=2452"}],"curies":[{"name":"wp","href":"https:\/\/api.w.org\/{rel}","templated":true}]}}