{"id":44,"date":"2015-03-13T08:42:15","date_gmt":"2015-03-13T08:42:15","guid":{"rendered":"http:\/\/blogsaverroes.juntadeandalucia.es\/pre\/ceip\/?page_id=44"},"modified":"2025-02-06T09:43:42","modified_gmt":"2025-02-06T09:43:42","slug":"planes-y-proyectos","status":"publish","type":"page","link":"https:\/\/blogsaverroes.juntadeandalucia.es\/iesemiliomanzano\/planes-y-proyectos\/","title":{"rendered":"Planes y Programas"},"content":{"rendered":"<p><img loading=\"lazy\" decoding=\"async\" class=\"alignnone size-medium wp-image-1667\" src=\"https:\/\/blogsaverroes.juntadeandalucia.es\/iesemiliomanzano\/files\/2015\/03\/planes-300x150.png\" alt=\"planes\" width=\"300\" height=\"150\" srcset=\"https:\/\/blogsaverroes.juntadeandalucia.es\/iesemiliomanzano\/files\/2015\/03\/planes-300x150.png 300w, https:\/\/blogsaverroes.juntadeandalucia.es\/iesemiliomanzano\/files\/2015\/03\/planes.png 640w\" sizes=\"(max-width: 300px) 100vw, 300px\" \/><\/p>\n<p>Cada centro personaliza y adapta su Proyecto Educativo adheriendose a diferentes <strong>Planes y Programas<\/strong> promovidos desde la Consejer\u00eda de Educaci\u00f3n, Cultura y Deporte.<\/p>\n<p>Este apartado recoger\u00eda la descripci\u00f3n, finalidades, actividades, coordinador\/a, etc. de estos Planes y Programas desarrollados por el centro. A continuaci\u00f3n se muestran algunos de ellos.<\/p>\n<ul>\n<li><strong>Plan de igualdad.<\/strong><\/li>\n<li><strong>Plan de Lectura y Biblioteca.<\/strong><\/li>\n<li><strong>Escuela: Espacio de Paz.<\/strong><\/li>\n<li><strong>bienestar y protecci\u00f3n.<\/strong><\/li>\n<li><strong>Plan de Salud Laboral y Prevenci\u00f3n de Riesgos.<\/strong><\/li>\n<li><strong>Plan Trasformaci\u00f3n digital educativa.<\/strong><\/li>\n<li><strong>Plan de Apertura de centros docentes.<\/strong><\/li>\n<li><strong>Plan Biling\u00fcismo.<\/strong><\/li>\n<li><strong>Programa CIMA &#8211; Innovaci\u00f3n y mejora del aprendizaje.<\/strong><\/li>\n<\/ul>\n<p>&nbsp;<\/p>\n<table style=\"border-collapse: collapse;width: 100%\">\n<tbody>\n<tr>\n<td style=\"width: 50.354%;text-align: center\"><strong>PLAN &#8211; PROGRAMA<\/strong><\/td>\n<td style=\"width: 49.646%;text-align: center\"><strong>COORDINADOR<\/strong><\/td>\n<\/tr>\n<tr>\n<td style=\"width: 50.354%\">\u201cPlan de Lectura y Biblioteca\u201d.<\/td>\n<td style=\"width: 49.646%\">Olivia Navarro Mart\u00ednez<\/td>\n<\/tr>\n<tr>\n<td style=\"width: 50.354%\">\u201cEscuela: Espacio de Paz\u201d y Coordinadora de bienestar y<br \/>\nprotecci\u00f3n.<\/td>\n<td style=\"width: 49.646%\">Ana Aramburo Herrera<\/td>\n<\/tr>\n<tr>\n<td style=\"width: 50.354%\">Plan de igualdad<\/td>\n<td style=\"width: 49.646%\">Pilar Carmona Soria<\/td>\n<\/tr>\n<tr>\n<td style=\"width: 50.354%\">\u201cPlan de Salud Laboral y Prevenci\u00f3n de Riesgos\u201d<\/td>\n<td style=\"width: 49.646%\">Antonio L\u00f3pez Guti\u00e9rrez<\/td>\n<\/tr>\n<tr>\n<td style=\"width: 50.354%\">TDE<\/td>\n<td style=\"width: 49.646%\">Manuel Mart\u00edn Soriano<\/td>\n<\/tr>\n<tr>\n<td style=\"width: 50.354%\">Plan de Apertura de centros docentes.<\/td>\n<td style=\"width: 49.646%\">Cecilia Ortiz Rodr\u00edguez<\/td>\n<\/tr>\n<tr>\n<td style=\"width: 50.354%\">Biling\u00fcismo<\/td>\n<td style=\"width: 49.646%\">Carmen Pe\u00f1a Maldonado<\/td>\n<\/tr>\n<tr>\n<td style=\"width: 50.354%\">CIMA<\/td>\n<td style=\"width: 49.646%\">Miguel \u00c1ngel De Reyes Extremera<\/td>\n<\/tr>\n<\/tbody>\n<\/table>\n<p>&nbsp;<\/p>\n","protected":false},"excerpt":{"rendered":"<p>Cada centro personaliza y adapta su Proyecto Educativo adheriendose a diferentes Planes y Programas promovidos desde la Consejer\u00eda de Educaci\u00f3n, Cultura y Deporte. Este apartado recoger\u00eda la descripci\u00f3n, finalidades, actividades, coordinador\/a, etc. de estos&#46;&#46;&#46;<\/p>\n","protected":false},"author":1,"featured_media":0,"parent":0,"menu_order":0,"comment_status":"closed","ping_status":"closed","template":"","meta":{"ngg_post_thumbnail":0,"footnotes":"","_mc_calendar":[]},"aioseo_notices":[],"_links":{"self":[{"href":"https:\/\/blogsaverroes.juntadeandalucia.es\/iesemiliomanzano\/wp-json\/wp\/v2\/pages\/44"}],"collection":[{"href":"https:\/\/blogsaverroes.juntadeandalucia.es\/iesemiliomanzano\/wp-json\/wp\/v2\/pages"}],"about":[{"href":"https:\/\/blogsaverroes.juntadeandalucia.es\/iesemiliomanzano\/wp-json\/wp\/v2\/types\/page"}],"author":[{"embeddable":true,"href":"https:\/\/blogsaverroes.juntadeandalucia.es\/iesemiliomanzano\/wp-json\/wp\/v2\/users\/1"}],"replies":[{"embeddable":true,"href":"https:\/\/blogsaverroes.juntadeandalucia.es\/iesemiliomanzano\/wp-json\/wp\/v2\/comments?post=44"}],"version-history":[{"count":6,"href":"https:\/\/blogsaverroes.juntadeandalucia.es\/iesemiliomanzano\/wp-json\/wp\/v2\/pages\/44\/revisions"}],"predecessor-version":[{"id":4242,"href":"https:\/\/blogsaverroes.juntadeandalucia.es\/iesemiliomanzano\/wp-json\/wp\/v2\/pages\/44\/revisions\/4242"}],"wp:attachment":[{"href":"https:\/\/blogsaverroes.juntadeandalucia.es\/iesemiliomanzano\/wp-json\/wp\/v2\/media?parent=44"}],"curies":[{"name":"wp","href":"https:\/\/api.w.org\/{rel}","templated":true}]}}