{"id":150,"date":"2015-03-17T07:48:04","date_gmt":"2015-03-17T07:48:04","guid":{"rendered":"http:\/\/blogsaverroes.juntadeandalucia.es\/pre\/ceip\/?page_id=150"},"modified":"2025-10-02T10:30:18","modified_gmt":"2025-10-02T10:30:18","slug":"segundalengua","status":"publish","type":"page","link":"https:\/\/blogsaverroes.juntadeandalucia.es\/iesfrayluisdegranada\/departamentos\/segundalengua\/","title":{"rendered":"Franc\u00e9s (2\u00aa lengua extranjera)"},"content":{"rendered":"<h2>Composici\u00f3n del Departamento<\/h2>\n<ul>\n<li>Mar\u00eda Maldonado Lara&nbsp;\n<ul>\n<li>Sustituto: Manuel Morillo G\u00f3mez<\/li>\n<\/ul>\n<\/li>\n<li>Carmen Flores Mart\u00ednez (Jefa del Departamento)<\/li>\n<\/ul>\n<h2>Programaci\u00f3n y otros documentos<\/h2>\n<p><a href=\"https:\/\/www.dropbox.com\/s\/829nub3oi6ski20\/frances_programacion.pdf?dl=0\">Enlace a la programaci\u00f3n did\u00e1ctica del departamento<\/a>.<\/p>\n<h2>Informaci\u00f3n sobre las materias del departamento<\/h2>\n<p>El pluriling\u00fcismo es una de las se\u00f1as de identidad de la ciudadan\u00eda en una Europa multiling\u00fce y multicultural, cuya diversidad no debe suponer un obst\u00e1culo a la movilidad y la cooperaci\u00f3n sino constituir una fuente de riqueza personal, social y cultural y un factor de progreso. A este fin, el Consejo Europeo reunido en Barcelona en 2002 recoge entre sus conclusiones la necesidad de coordinar esfuerzos en pos de una econom\u00eda competitiva basada en el conocimiento, e insta a los Estados miembros de la Uni\u00f3n Europea a desarrollar acciones educativas conducentes a la mejora del dominio de las competencias clave, en particular mediante la ense\u00f1anza de al menos dos lenguas extranjeras desde una edad muy temprana.<\/p>\n","protected":false},"excerpt":{"rendered":"<p>Composici\u00f3n del Departamento Mar\u00eda Maldonado Lara&nbsp; Sustituto: Manuel Morillo G\u00f3mez Carmen Flores Mart\u00ednez (Jefa del Departamento) Programaci\u00f3n y otros documentos Enlace a la programaci\u00f3n did\u00e1ctica del departamento. Informaci\u00f3n sobre las materias del departamento El&#46;&#46;&#46;<\/p>\n","protected":false},"author":1,"featured_media":0,"parent":10782,"menu_order":0,"comment_status":"closed","ping_status":"open","template":"","meta":{"ngg_post_thumbnail":0,"footnotes":""},"aioseo_notices":[],"_links":{"self":[{"href":"https:\/\/blogsaverroes.juntadeandalucia.es\/iesfrayluisdegranada\/wp-json\/wp\/v2\/pages\/150"}],"collection":[{"href":"https:\/\/blogsaverroes.juntadeandalucia.es\/iesfrayluisdegranada\/wp-json\/wp\/v2\/pages"}],"about":[{"href":"https:\/\/blogsaverroes.juntadeandalucia.es\/iesfrayluisdegranada\/wp-json\/wp\/v2\/types\/page"}],"author":[{"embeddable":true,"href":"https:\/\/blogsaverroes.juntadeandalucia.es\/iesfrayluisdegranada\/wp-json\/wp\/v2\/users\/1"}],"replies":[{"embeddable":true,"href":"https:\/\/blogsaverroes.juntadeandalucia.es\/iesfrayluisdegranada\/wp-json\/wp\/v2\/comments?post=150"}],"version-history":[{"count":19,"href":"https:\/\/blogsaverroes.juntadeandalucia.es\/iesfrayluisdegranada\/wp-json\/wp\/v2\/pages\/150\/revisions"}],"predecessor-version":[{"id":12703,"href":"https:\/\/blogsaverroes.juntadeandalucia.es\/iesfrayluisdegranada\/wp-json\/wp\/v2\/pages\/150\/revisions\/12703"}],"up":[{"embeddable":true,"href":"https:\/\/blogsaverroes.juntadeandalucia.es\/iesfrayluisdegranada\/wp-json\/wp\/v2\/pages\/10782"}],"wp:attachment":[{"href":"https:\/\/blogsaverroes.juntadeandalucia.es\/iesfrayluisdegranada\/wp-json\/wp\/v2\/media?parent=150"}],"curies":[{"name":"wp","href":"https:\/\/api.w.org\/{rel}","templated":true}]}}

Francés (2ª lengua extranjera)

<h2>Composición del Departamento</h2>
<ul>
<li>María Maldonado Lara&nbsp;
<ul>
<li>Sustituto: Manuel Morillo Gómez</li>
</ul>
</li>
<li>Carmen Flores Martínez (Jefa del Departamento)</li>
</ul>
<h2>Programación y otros documentos</h2>
<p><a href="https://www.dropbox.com/s/829nub3oi6ski20/frances_programacion.pdf?dl=0">Enlace a la programación didáctica del departamento</a>.</p>
<h2>Información sobre las materias del departamento</h2>
<p>El plurilingüismo es una de las señas de identidad de la ciudadanía en una Europa multilingüe y multicultural, cuya diversidad no debe suponer un obstáculo a la movilidad y la cooperación sino constituir una fuente de riqueza personal, social y cultural y un factor de progreso. A este fin, el Consejo Europeo reunido en Barcelona en 2002 recoge entre sus conclusiones la necesidad de coordinar esfuerzos en pos de una economía competitiva basada en el conocimiento, e insta a los Estados miembros de la Unión Europea a desarrollar acciones educativas conducentes a la mejora del dominio de las competencias clave, en particular mediante la enseñanza de al menos dos lenguas extranjeras desde una edad muy temprana.</p>

<p>Composición del Departamento María Maldonado Lara&nbsp; Sustituto: Manuel Morillo Gómez Carmen Flores Martínez (Jefa del Departamento) Programación y otros documentos Enlace a la programación didáctica del departamento. Información sobre las materias del departamento El&#46;&#46;&#46;</p>
