{"id":162,"date":"2015-03-17T07:51:10","date_gmt":"2015-03-17T07:51:10","guid":{"rendered":"http:\/\/blogsaverroes.juntadeandalucia.es\/pre\/ceip\/?page_id=162"},"modified":"2025-10-21T10:09:47","modified_gmt":"2025-10-21T10:09:47","slug":"tecnologia","status":"publish","type":"page","link":"https:\/\/blogsaverroes.juntadeandalucia.es\/iesfrayluisdegranada\/departamentos\/tecnologia\/","title":{"rendered":"Tecnolog\u00eda"},"content":{"rendered":"<h2>Composici\u00f3n del Departamento<\/h2>\n<ul>\n<li>Roberto Linde D\u00edaz<\/li>\n<li>Myriam S\u00e1nchez Quero (Jefa del Departamento)<\/li>\n<li>Celia Tall\u00f3n P\u00e9rez<\/li>\n<\/ul>\n<h2>Programaci\u00f3n y otros documentos<\/h2>\n<p><a href=\"https:\/\/www.dropbox.com\/scl\/fi\/ytji7fn6cueviltd0vbrq\/tecnologia_programacion.pdf?rlkey=vznloed8qyit6ldz29s9lvllg&amp;st=m4ko83oz&amp;dl=0\">Enlace a la programaci\u00f3n del departamento<\/a>.<\/p>\n<h2><strong><span style=\"font-family: sans-serif\"><span style=\"font-size: medium\">Tecnolog\u00eda <\/span><\/span><\/strong><\/h2>\n<p><span style=\"font-family: sans-serif\"><span style=\"font-size: medium\">El desarrollo tecnol\u00f3gico configura el mundo actual que conocemos. En muchas ocasiones la tecnolog\u00eda interact\u00faa en nuestra vida, aunque pasa desapercibida por lo habituados que estamos a ella. Este contexto hace necesaria la formaci\u00f3n de ciudadanos en la toma de decisiones relacionadas con procesos tecnol\u00f3gicos, con sentido cr\u00edtico, con capacidad de resolver problemas relacionados con ellos y, en definitiva, para utilizar y conocer materiales, procesos y objetos tecnol\u00f3gicos que facilitan la capacidad de actuar en un entorno tecnificado que mejora la calidad de vida. <\/span><\/span><\/p>\n<p><span style=\"font-family: sans-serif\"><span style=\"font-size: medium\">A lo largo de los siglos, el desarrollo tecnol\u00f3gico se ha visto motivado por las necesidades que la sociedad de cada \u00e9poca ha demandado, por sus tradiciones y su cultura, sin olvidar aspectos econ\u00f3micos y de mercado. La innovaci\u00f3n y b\u00fasqueda de soluciones alternativas han facilitado avances y la necesidad de cambio ha estado ligada siempre al ser humano. Por este motivo, la sociedad en la que vivimos necesita una educaci\u00f3n tecnol\u00f3gica amplia que facilite el conocimiento de las diversas tecnolog\u00edas, as\u00ed como las t\u00e9cnicas y los conocimientos cient\u00edficos que los sustentan. El desarrollo tecnol\u00f3gico se fundamenta en principios elementales y m\u00e1quinas simples que, sumados convenientemente, crean nuevas m\u00e1quinas y generan la realidad que nos rodea.<\/span><\/span><\/p>\n<h3><em>Enlaces para 2\u00ba y 3\u00ba ESO<br \/>\n<\/em><\/h3>\n<ul>\n<li><a href=\"https:\/\/blogsaverroes.juntadeandalucia.es\/iesfrayluisdegranada\/files\/2015\/03\/Trabajo-inform\u00e1tica-herramientas.pdf\">Trabajo sobre tipos de herramientas (2\u00ba ESO)<\/a><\/li>\n<li><a href=\"http:\/\/www.msichicago.org\/fileadmin\/Activities\/Games\/simple_machines\/\">Para jugar con las m\u00e1quinas simples<\/a><\/li>\n<li><a href=\"http:\/\/www.youtube.com\/watch?v=TaihHV4lyNA\">Funcionamiento del motor de gasolina<\/a><\/li>\n<li><a href=\"http:\/\/www.youtube.com\/watch?v=UKNLArrUJCg\">Motor diesel<\/a><\/li>\n<li><a href=\"http:\/\/servicios.educarm.es\/templates\/portal\/images\/ficheros\/alumnos\/2\/secciones\/11\/contenidos\/853\/are\/unidades\/1.3.-aulataller\/contenidos_3.html\">Herramientas<\/a><\/li>\n<li><a href=\"http:\/\/concurso.cnice.mec.es\/cnice2006\/material081\/index.html\">Informaci\u00f3n sobre electricidad y&nbsp;electr\u00f3nica&nbsp;<\/a><\/li>\n<li><a href=\"http:\/\/pelandintecno.blogspot.com.es\/2013\/02\/salvando-obstaculos-tipos-de-puente.html\">C\u00f3mo construir un proyecto de un puente<\/a><\/li>\n<li><a href=\"http:\/\/ntic.educacion.es\/w3\/eos\/MaterialesEducativos\/mem2002\/geometria_vistas\/index2.htm\">P\u00e1gina muy intersante para dibujo t\u00e9cnico<\/a><\/li>\n<\/ul>\n<h3><em>Enlaces para 4\u00ba ESO<\/em><\/h3>\n<ul>\n<li><a href=\"https:\/\/auladetecnologias.blogspot.com\/p\/tecnologias.html\">gran variedad de enlaces&nbsp;<\/a>&nbsp;<\/li>\n<li><a href=\"http:\/\/www.tuclasedetecnologiaonline.es\/index.php?option=com_content&amp;view=category&amp;layout=blog&amp;id=49\">electr\u00f3nica digital<\/a><\/li>\n<li><a href=\"http:\/\/www.librosvivos.net\/smtc\/homeTC.asp?TemaClave=1166\">neum\u00e1tica<\/a><\/li>\n<li><a href=\"http:\/\/www.weautomation.net\/2011\/06\/virtual-fluid-hidraulica.html\">con actividades variadas de neum\u00e1tica y oleohidr\u00e1ulica<\/a><\/li>\n<li><a href=\"http:\/\/www.analfatecnicos.net\/archivos\/07.EnergiaElectrica.swf\">el camino de la electricidad<\/a><\/li>\n<li><a href=\"http:\/\/static.consumer.es\/www\/bricolaje\/infografias\/swf\/instalaciones-electricas.swf\">instalaciones el\u00e9ctricas en la vivienda<\/a><\/li>\n<\/ul>\n<h3><em>Enlaces para&nbsp;1\u00ba de Bachillerato&nbsp;&nbsp;&nbsp;&nbsp;<\/em><\/h3>\n<ul>\n<li><a href=\"https:\/\/sites.google.com\/site\/tecnorlopez33\/tema1-ensayos-y-tratamientos\">interesante para m\u00e1quinas y ensayos<\/a><\/li>\n<li><a href=\"http:\/\/www.juntadeandalucia.es\/educacion\/permanente\/materiales\/index.php?etapa=3&amp;materia=27#space\">temas con mucha informaci\u00f3n elaborados por la Junta de Andaluc\u00eda&nbsp;<\/a><\/li>\n<\/ul>\n","protected":false},"excerpt":{"rendered":"<p>Composici\u00f3n del Departamento Roberto Linde D\u00edaz Myriam S\u00e1nchez Quero (Jefa del Departamento) Celia Tall\u00f3n P\u00e9rez Programaci\u00f3n y otros documentos Enlace a la programaci\u00f3n del departamento. Tecnolog\u00eda El desarrollo tecnol\u00f3gico configura el mundo actual que&#46;&#46;&#46;<\/p>\n","protected":false},"author":1,"featured_media":0,"parent":10782,"menu_order":0,"comment_status":"closed","ping_status":"open","template":"","meta":{"ngg_post_thumbnail":0,"footnotes":""},"aioseo_notices":[],"_links":{"self":[{"href":"https:\/\/blogsaverroes.juntadeandalucia.es\/iesfrayluisdegranada\/wp-json\/wp\/v2\/pages\/162"}],"collection":[{"href":"https:\/\/blogsaverroes.juntadeandalucia.es\/iesfrayluisdegranada\/wp-json\/wp\/v2\/pages"}],"about":[{"href":"https:\/\/blogsaverroes.juntadeandalucia.es\/iesfrayluisdegranada\/wp-json\/wp\/v2\/types\/page"}],"author":[{"embeddable":true,"href":"https:\/\/blogsaverroes.juntadeandalucia.es\/iesfrayluisdegranada\/wp-json\/wp\/v2\/users\/1"}],"replies":[{"embeddable":true,"href":"https:\/\/blogsaverroes.juntadeandalucia.es\/iesfrayluisdegranada\/wp-json\/wp\/v2\/comments?post=162"}],"version-history":[{"count":20,"href":"https:\/\/blogsaverroes.juntadeandalucia.es\/iesfrayluisdegranada\/wp-json\/wp\/v2\/pages\/162\/revisions"}],"predecessor-version":[{"id":12810,"href":"https:\/\/blogsaverroes.juntadeandalucia.es\/iesfrayluisdegranada\/wp-json\/wp\/v2\/pages\/162\/revisions\/12810"}],"up":[{"embeddable":true,"href":"https:\/\/blogsaverroes.juntadeandalucia.es\/iesfrayluisdegranada\/wp-json\/wp\/v2\/pages\/10782"}],"wp:attachment":[{"href":"https:\/\/blogsaverroes.juntadeandalucia.es\/iesfrayluisdegranada\/wp-json\/wp\/v2\/media?parent=162"}],"curies":[{"name":"wp","href":"https:\/\/api.w.org\/{rel}","templated":true}]}}