{"id":164,"date":"2015-03-17T07:52:28","date_gmt":"2015-03-17T07:52:28","guid":{"rendered":"http:\/\/blogsaverroes.juntadeandalucia.es\/pre\/ceip\/?page_id=164"},"modified":"2025-10-18T09:24:26","modified_gmt":"2025-10-18T09:24:26","slug":"ingles-2","status":"publish","type":"page","link":"https:\/\/blogsaverroes.juntadeandalucia.es\/iesfrayluisdegranada\/departamentos\/ingles-2\/","title":{"rendered":"Ingl\u00e9s"},"content":{"rendered":"<h2>Composici\u00f3n del Departamento<\/h2>\n<ul>\n<li>Pedro Benavides Ruiz<\/li>\n<li>Rafael Blasco L\u00f3pez<\/li>\n<li>Marisol Correa Bueno<\/li>\n<li>Mar\u00eda Teresa Gil Corral (Jefa del Departamento)<\/li>\n<li>David Mart\u00ednez Cabrero\n<ul>\n<li>Sustituta: Tamara Rodr\u00edguez Mu\u00f1oz<\/li>\n<\/ul>\n<\/li>\n<\/ul>\n<h2>Programaci\u00f3n y otros documentos<\/h2>\n<p><a href=\"https:\/\/www.dropbox.com\/s\/xlb6u9calugxqcq\/ingles_programacion.pdf?dl=0\">Enlace a la programaci\u00f3n did\u00e1ctica del departamento<\/a>.<\/p>\n<p><a href=\"https:\/\/www.dropbox.com\/s\/xa5vec1eo09mdpy\/ingles_programacion_ciclo.pdf?dl=0\">Programaci\u00f3n de Ingl\u00e9s (Ciclo Formativo)<\/a>.<\/p>\n<h2>Informaci\u00f3n sobre las materias del departamento<\/h2>\n<p>La lengua es el instrumento por excelencia del aprendizaje y la comunicaci\u00f3n. Tanto las lenguas primeras como las lenguas extranjeras forman parte en la actualidad, y cada vez lo har\u00e1n m\u00e1s en el futuro, del bagaje vital de las personas en un mundo en continua expansi\u00f3n en el que, a la vez, las relaciones entre individuos, pa\u00edses, organismos y corporaciones se hacen m\u00e1s frecuentes y m\u00e1s estrechas. En la medida en que ese bagaje comprende diversos conocimientos, destrezas y actitudes en diversas lenguas, es decir un perfil pluriling\u00fce e intercultural, el individuo est\u00e1 mejor preparado para integrarse y participar en una variedad de contextos y de situaciones que suponen un est\u00edmulo para su desarrollo, y mejores oportunidades, en los \u00e1mbitos personal, p\u00fablico, educativo o acad\u00e9mico, ocupacional y profesional<\/p>\n","protected":false},"excerpt":{"rendered":"<p>Composici\u00f3n del Departamento Pedro Benavides Ruiz Rafael Blasco L\u00f3pez Marisol Correa Bueno Mar\u00eda Teresa Gil Corral (Jefa del Departamento) David Mart\u00ednez Cabrero Sustituta: Tamara Rodr\u00edguez Mu\u00f1oz Programaci\u00f3n y otros documentos Enlace a la programaci\u00f3n&#46;&#46;&#46;<\/p>\n","protected":false},"author":1,"featured_media":0,"parent":10782,"menu_order":0,"comment_status":"closed","ping_status":"open","template":"","meta":{"ngg_post_thumbnail":0,"footnotes":""},"aioseo_notices":[],"_links":{"self":[{"href":"https:\/\/blogsaverroes.juntadeandalucia.es\/iesfrayluisdegranada\/wp-json\/wp\/v2\/pages\/164"}],"collection":[{"href":"https:\/\/blogsaverroes.juntadeandalucia.es\/iesfrayluisdegranada\/wp-json\/wp\/v2\/pages"}],"about":[{"href":"https:\/\/blogsaverroes.juntadeandalucia.es\/iesfrayluisdegranada\/wp-json\/wp\/v2\/types\/page"}],"author":[{"embeddable":true,"href":"https:\/\/blogsaverroes.juntadeandalucia.es\/iesfrayluisdegranada\/wp-json\/wp\/v2\/users\/1"}],"replies":[{"embeddable":true,"href":"https:\/\/blogsaverroes.juntadeandalucia.es\/iesfrayluisdegranada\/wp-json\/wp\/v2\/comments?post=164"}],"version-history":[{"count":15,"href":"https:\/\/blogsaverroes.juntadeandalucia.es\/iesfrayluisdegranada\/wp-json\/wp\/v2\/pages\/164\/revisions"}],"predecessor-version":[{"id":12790,"href":"https:\/\/blogsaverroes.juntadeandalucia.es\/iesfrayluisdegranada\/wp-json\/wp\/v2\/pages\/164\/revisions\/12790"}],"up":[{"embeddable":true,"href":"https:\/\/blogsaverroes.juntadeandalucia.es\/iesfrayluisdegranada\/wp-json\/wp\/v2\/pages\/10782"}],"wp:attachment":[{"href":"https:\/\/blogsaverroes.juntadeandalucia.es\/iesfrayluisdegranada\/wp-json\/wp\/v2\/media?parent=164"}],"curies":[{"name":"wp","href":"https:\/\/api.w.org\/{rel}","templated":true}]}}

Inglés

<h2>Composición del Departamento</h2>
<ul>
<li>Pedro Benavides Ruiz</li>
<li>Rafael Blasco López</li>
<li>Marisol Correa Bueno</li>
<li>María Teresa Gil Corral (Jefa del Departamento)</li>
<li>David Martínez Cabrero
<ul>
<li>Sustituta: Tamara Rodríguez Muñoz</li>
</ul>
</li>
</ul>
<h2>Programación y otros documentos</h2>
<p><a href="https://www.dropbox.com/s/xlb6u9calugxqcq/ingles_programacion.pdf?dl=0">Enlace a la programación didáctica del departamento</a>.</p>
<p><a href="https://www.dropbox.com/s/xa5vec1eo09mdpy/ingles_programacion_ciclo.pdf?dl=0">Programación de Inglés (Ciclo Formativo)</a>.</p>
<h2>Información sobre las materias del departamento</h2>
<p>La lengua es el instrumento por excelencia del aprendizaje y la comunicación. Tanto las lenguas primeras como las lenguas extranjeras forman parte en la actualidad, y cada vez lo harán más en el futuro, del bagaje vital de las personas en un mundo en continua expansión en el que, a la vez, las relaciones entre individuos, países, organismos y corporaciones se hacen más frecuentes y más estrechas. En la medida en que ese bagaje comprende diversos conocimientos, destrezas y actitudes en diversas lenguas, es decir un perfil plurilingüe e intercultural, el individuo está mejor preparado para integrarse y participar en una variedad de contextos y de situaciones que suponen un estímulo para su desarrollo, y mejores oportunidades, en los ámbitos personal, público, educativo o académico, ocupacional y profesional</p>

<p>Composición del Departamento Pedro Benavides Ruiz Rafael Blasco López Marisol Correa Bueno María Teresa Gil Corral (Jefa del Departamento) David Martínez Cabrero Sustituta: Tamara Rodríguez Muñoz Programación y otros documentos Enlace a la programación&#46;&#46;&#46;</p>
