{"id":166,"date":"2015-03-17T07:53:12","date_gmt":"2015-03-17T07:53:12","guid":{"rendered":"http:\/\/blogsaverroes.juntadeandalucia.es\/pre\/ceip\/?page_id=166"},"modified":"2025-10-18T09:23:52","modified_gmt":"2025-10-18T09:23:52","slug":"administrativo","status":"publish","type":"page","link":"https:\/\/blogsaverroes.juntadeandalucia.es\/iesfrayluisdegranada\/administrativo\/","title":{"rendered":"Administrativo"},"content":{"rendered":"<h2>Composici\u00f3n del Departamento<\/h2>\n<ul>\n<li>Antonio Arredondo Garc\u00eda (Jefe del Departamento)<\/li>\n<li>Inmaculada Morales Morillas\n<ul>\n<li>Sustituta: Juana Mar\u00eda Lajara Blesa<\/li>\n<\/ul>\n<\/li>\n<li>Germ\u00e1n Ruiz Segura<\/li>\n<\/ul>\n<h2>Ense\u00f1anzas ofertadas<\/h2>\n<ul>\n<li><a href=\"https:\/\/www.juntadeandalucia.es\/educacion\/portales\/web\/formacion-profesional-andaluza\/grado-superior-catalogo-de-titulos\" target=\"_blank\" rel=\"noopener\">Ciclo Formativo de Grado Superior en Administraci\u00f3n y Finanzas, en horario de tarde<\/a>.<\/li>\n<\/ul>\n<h2>Programaci\u00f3n y otros documentos<\/h2>\n<ul>\n<li><a href=\"https:\/\/www.dropbox.com\/s\/vue0bcanpzflnt8\/cicloformativo_programacion.pdf?dl=0\">Enlace a la programaci\u00f3n did\u00e1ctica del departamento<\/a>.<\/li>\n<\/ul>\n<p>&nbsp;<\/p>\n","protected":false},"excerpt":{"rendered":"<p>Composici\u00f3n del Departamento Antonio Arredondo Garc\u00eda (Jefe del Departamento) Inmaculada Morales Morillas Sustituta: Juana Mar\u00eda Lajara Blesa Germ\u00e1n Ruiz Segura Ense\u00f1anzas ofertadas Ciclo Formativo de Grado Superior en Administraci\u00f3n y Finanzas, en horario de&#46;&#46;&#46;<\/p>\n","protected":false},"author":1,"featured_media":0,"parent":0,"menu_order":0,"comment_status":"closed","ping_status":"open","template":"","meta":{"ngg_post_thumbnail":0,"footnotes":""},"aioseo_notices":[],"_links":{"self":[{"href":"https:\/\/blogsaverroes.juntadeandalucia.es\/iesfrayluisdegranada\/wp-json\/wp\/v2\/pages\/166"}],"collection":[{"href":"https:\/\/blogsaverroes.juntadeandalucia.es\/iesfrayluisdegranada\/wp-json\/wp\/v2\/pages"}],"about":[{"href":"https:\/\/blogsaverroes.juntadeandalucia.es\/iesfrayluisdegranada\/wp-json\/wp\/v2\/types\/page"}],"author":[{"embeddable":true,"href":"https:\/\/blogsaverroes.juntadeandalucia.es\/iesfrayluisdegranada\/wp-json\/wp\/v2\/users\/1"}],"replies":[{"embeddable":true,"href":"https:\/\/blogsaverroes.juntadeandalucia.es\/iesfrayluisdegranada\/wp-json\/wp\/v2\/comments?post=166"}],"version-history":[{"count":19,"href":"https:\/\/blogsaverroes.juntadeandalucia.es\/iesfrayluisdegranada\/wp-json\/wp\/v2\/pages\/166\/revisions"}],"predecessor-version":[{"id":12789,"href":"https:\/\/blogsaverroes.juntadeandalucia.es\/iesfrayluisdegranada\/wp-json\/wp\/v2\/pages\/166\/revisions\/12789"}],"wp:attachment":[{"href":"https:\/\/blogsaverroes.juntadeandalucia.es\/iesfrayluisdegranada\/wp-json\/wp\/v2\/media?parent=166"}],"curies":[{"name":"wp","href":"https:\/\/api.w.org\/{rel}","templated":true}]}}

<h2>Composición del Departamento</h2>
<ul>
<li>Antonio Arredondo García (Jefe del Departamento)</li>
<li>Inmaculada Morales Morillas
<ul>
<li>Sustituta: Juana María Lajara Blesa</li>
</ul>
</li>
<li>Germán Ruiz Segura</li>
</ul>
<h2>Enseñanzas ofertadas</h2>
<ul>
<li><a href="https://www.juntadeandalucia.es/educacion/portales/web/formacion-profesional-andaluza/grado-superior-catalogo-de-titulos" target="_blank" rel="noopener">Ciclo Formativo de Grado Superior en Administración y Finanzas, en horario de tarde</a>.</li>
</ul>
<h2>Programación y otros documentos</h2>
<ul>
<li><a href="https://www.dropbox.com/s/vue0bcanpzflnt8/cicloformativo_programacion.pdf?dl=0">Enlace a la programación didáctica del departamento</a>.</li>
</ul>
<p>&nbsp;</p>

<p>Composición del Departamento Antonio Arredondo García (Jefe del Departamento) Inmaculada Morales Morillas Sustituta: Juana María Lajara Blesa Germán Ruiz Segura Enseñanzas ofertadas Ciclo Formativo de Grado Superior en Administración y Finanzas, en horario de&#46;&#46;&#46;</p>
