{"id":2403,"date":"2017-12-27T19:41:20","date_gmt":"2017-12-27T19:41:20","guid":{"rendered":"https:\/\/blogsaverroes.juntadeandalucia.es\/iesfrayluisdegranada\/?page_id=2403"},"modified":"2023-07-02T09:40:15","modified_gmt":"2023-07-02T09:40:15","slug":"oferta-educativa","status":"publish","type":"page","link":"https:\/\/blogsaverroes.juntadeandalucia.es\/iesfrayluisdegranada\/oferta-educativa\/","title":{"rendered":"Oferta Educativa"},"content":{"rendered":"<p><a href=\"https:\/\/blogsaverroes.juntadeandalucia.es\/iesfrayluisdegranada\/files\/2020\/08\/triptico_Page_2-e1598440926543.jpg\"><img fetchpriority=\"high\" decoding=\"async\" class=\"alignright size-full wp-image-4016\" src=\"https:\/\/blogsaverroes.juntadeandalucia.es\/iesfrayluisdegranada\/files\/2020\/08\/triptico_Page_2-e1598440926543.jpg\" alt=\"\" width=\"1600\" height=\"1131\" srcset=\"https:\/\/blogsaverroes.juntadeandalucia.es\/iesfrayluisdegranada\/files\/2020\/08\/triptico_Page_2-e1598440926543.jpg 1600w, https:\/\/blogsaverroes.juntadeandalucia.es\/iesfrayluisdegranada\/files\/2020\/08\/triptico_Page_2-e1598440926543-300x212.jpg 300w, https:\/\/blogsaverroes.juntadeandalucia.es\/iesfrayluisdegranada\/files\/2020\/08\/triptico_Page_2-e1598440926543-768x543.jpg 768w, https:\/\/blogsaverroes.juntadeandalucia.es\/iesfrayluisdegranada\/files\/2020\/08\/triptico_Page_2-e1598440926543-1024x724.jpg 1024w, https:\/\/blogsaverroes.juntadeandalucia.es\/iesfrayluisdegranada\/files\/2020\/08\/triptico_Page_2-e1598440926543-24x17.jpg 24w, https:\/\/blogsaverroes.juntadeandalucia.es\/iesfrayluisdegranada\/files\/2020\/08\/triptico_Page_2-e1598440926543-36x25.jpg 36w, https:\/\/blogsaverroes.juntadeandalucia.es\/iesfrayluisdegranada\/files\/2020\/08\/triptico_Page_2-e1598440926543-48x34.jpg 48w\" sizes=\"(max-width: 1600px) 100vw, 1600px\" \/><\/a><\/p>\n<p><a href=\"https:\/\/blogsaverroes.juntadeandalucia.es\/iesfrayluisdegranada\/files\/2020\/08\/triptico_Page_1-e1598440879364.jpg\"><img decoding=\"async\" class=\"alignright size-full wp-image-4015\" src=\"https:\/\/blogsaverroes.juntadeandalucia.es\/iesfrayluisdegranada\/files\/2020\/08\/triptico_Page_1-e1598440879364.jpg\" alt=\"\" width=\"1600\" height=\"1131\" srcset=\"https:\/\/blogsaverroes.juntadeandalucia.es\/iesfrayluisdegranada\/files\/2020\/08\/triptico_Page_1-e1598440879364.jpg 1600w, https:\/\/blogsaverroes.juntadeandalucia.es\/iesfrayluisdegranada\/files\/2020\/08\/triptico_Page_1-e1598440879364-300x212.jpg 300w, https:\/\/blogsaverroes.juntadeandalucia.es\/iesfrayluisdegranada\/files\/2020\/08\/triptico_Page_1-e1598440879364-768x543.jpg 768w, https:\/\/blogsaverroes.juntadeandalucia.es\/iesfrayluisdegranada\/files\/2020\/08\/triptico_Page_1-e1598440879364-1024x724.jpg 1024w, https:\/\/blogsaverroes.juntadeandalucia.es\/iesfrayluisdegranada\/files\/2020\/08\/triptico_Page_1-e1598440879364-24x17.jpg 24w, https:\/\/blogsaverroes.juntadeandalucia.es\/iesfrayluisdegranada\/files\/2020\/08\/triptico_Page_1-e1598440879364-36x25.jpg 36w, https:\/\/blogsaverroes.juntadeandalucia.es\/iesfrayluisdegranada\/files\/2020\/08\/triptico_Page_1-e1598440879364-48x34.jpg 48w\" sizes=\"(max-width: 1600px) 100vw, 1600px\" \/><\/a><\/p>\n<p style=\"text-align: justify\">La oferta educativa del IES Fray Luis de Granada la conforman: 1\u00ba y 2\u00ba Ciclo de la ESO, Bachillerato y un <a href=\"https:\/\/blogsaverroes.juntadeandalucia.es\/iesfrayluisdegranada\/formacion-profesional\/\">Ciclo Formativo de Grado Superior en Administraci\u00f3n y Finanzas<\/a>.<\/p>\n<p style=\"text-align: justify\">Contamos con tres l\u00edneas en la ESO y dos en Bachillerato. Estas ense\u00f1anzas se imparten en el horario de ma\u00f1ana.<br \/>\nEn cuanto al Ciclo Formativo, contamos con una l\u00ednea en cada curso, y se imparte en el horario de tarde, con un Aula Biling\u00fce de Franc\u00e9s.<\/p>\n<p>Se pueden estudiar las siguientes modalidades de Bachillerato:<\/p>\n<ul>\n<li>Ciencias y Tecnolog\u00eda.\n<ul>\n<li>Itinerario de Ingenier\u00eda y Tecnolog\u00eda.<\/li>\n<li>Itinerario de Ciencias de la Salud.<\/li>\n<\/ul>\n<\/li>\n<li>Humanidades y Ciencias Sociales.\n<ul>\n<li>Itinerario de Humanidades.<\/li>\n<li>Itinerario de Ciencias Sociales.<\/li>\n<\/ul>\n<\/li>\n<\/ul>\n<p>El IES Fray Luis de Granada es centro biling\u00fce Espa\u00f1ol-Ingl\u00e9s desde el a\u00f1o 2006 y centro TIC desde 2005, siendo en la actualidad un centro Escuela TIC 2.0 y biling\u00fce l\u00ednea tres.<\/p>\n<p>En el curso 2023-2024 contamos con la siguiente distribuci\u00f3n de l\u00edneas en cada nivel:<\/p>\n<ul>\n<li>1\u00ba ESO: tres l\u00edneas biling\u00fces.<\/li>\n<li>2\u00ba ESO: tres l\u00edneas biling\u00fces.<\/li>\n<li>3\u00ba ESO: tres l\u00edneas biling\u00fces.<\/li>\n<li>4\u00ba ESO: tres l\u00edneas biling\u00fces<\/li>\n<li>1\u00ba BCH: dos l\u00edneas biling\u00fces:\n<ul>\n<li>Modalidad de Ciencias.<\/li>\n<li>Modalidad de Humanidades y Ciencias Sociales.<\/li>\n<\/ul>\n<\/li>\n<li>2\u00ba BCH: dos l\u00edneas biling\u00fces:\n<ul>\n<li>Modalidad de Ciencias.<\/li>\n<li>Modalidad de Humanidades y Ciencias Sociales.<\/li>\n<\/ul>\n<\/li>\n<\/ul>\n<p style=\"text-align: justify\">El Bachillerato Biling\u00fce est\u00e1 cofinanciado con el Fondo Social Europeo.<\/p>\n<p style=\"text-align: justify\"><a href=\"https:\/\/blogsaverroes.juntadeandalucia.es\/iesfrayluisdegranada\/files\/2017\/12\/FSE.jpg\"><img decoding=\"async\" class=\"aligncenter wp-image-2889\" src=\"https:\/\/blogsaverroes.juntadeandalucia.es\/iesfrayluisdegranada\/files\/2017\/12\/FSE.jpg\" alt=\"\" width=\"243\" height=\"220\" srcset=\"https:\/\/blogsaverroes.juntadeandalucia.es\/iesfrayluisdegranada\/files\/2017\/12\/FSE.jpg 276w, https:\/\/blogsaverroes.juntadeandalucia.es\/iesfrayluisdegranada\/files\/2017\/12\/FSE-24x22.jpg 24w, https:\/\/blogsaverroes.juntadeandalucia.es\/iesfrayluisdegranada\/files\/2017\/12\/FSE-36x33.jpg 36w, https:\/\/blogsaverroes.juntadeandalucia.es\/iesfrayluisdegranada\/files\/2017\/12\/FSE-48x43.jpg 48w\" sizes=\"(max-width: 243px) 100vw, 243px\" \/><\/a><\/p>\n<p>Adem\u00e1s prestamos especial atenci\u00f3n al desarrollo y consecuci\u00f3n de las siguientes l\u00edneas educativas:<\/p>\n<ul>\n<li>Formaci\u00f3n integral del alumnado.<\/li>\n<li>Acercamiento del alumnado a la ciencia y a la investigaci\u00f3n a trav\u00e9s de programas innovadores.<\/li>\n<li>Fomento de la lectura y de la expresi\u00f3n oral.<\/li>\n<li>Uso de las nuevas tecnolog\u00edas de la informaci\u00f3n y la comunicaci\u00f3n en todas las facetas posibles de la vida cotidiana.<\/li>\n<li>Conocimiento de una segunda lengua extranjera.<\/li>\n<\/ul>\n","protected":false},"excerpt":{"rendered":"<p>La oferta educativa del IES Fray Luis de Granada la conforman: 1\u00ba y 2\u00ba Ciclo de la ESO, Bachillerato y un Ciclo Formativo de Grado Superior en Administraci\u00f3n y Finanzas. Contamos con tres l\u00edneas&#46;&#46;&#46;<\/p>\n","protected":false},"author":2185,"featured_media":0,"parent":0,"menu_order":0,"comment_status":"closed","ping_status":"closed","template":"","meta":{"ngg_post_thumbnail":0,"footnotes":""},"aioseo_notices":[],"_links":{"self":[{"href":"https:\/\/blogsaverroes.juntadeandalucia.es\/iesfrayluisdegranada\/wp-json\/wp\/v2\/pages\/2403"}],"collection":[{"href":"https:\/\/blogsaverroes.juntadeandalucia.es\/iesfrayluisdegranada\/wp-json\/wp\/v2\/pages"}],"about":[{"href":"https:\/\/blogsaverroes.juntadeandalucia.es\/iesfrayluisdegranada\/wp-json\/wp\/v2\/types\/page"}],"author":[{"embeddable":true,"href":"https:\/\/blogsaverroes.juntadeandalucia.es\/iesfrayluisdegranada\/wp-json\/wp\/v2\/users\/2185"}],"replies":[{"embeddable":true,"href":"https:\/\/blogsaverroes.juntadeandalucia.es\/iesfrayluisdegranada\/wp-json\/wp\/v2\/comments?post=2403"}],"version-history":[{"count":35,"href":"https:\/\/blogsaverroes.juntadeandalucia.es\/iesfrayluisdegranada\/wp-json\/wp\/v2\/pages\/2403\/revisions"}],"predecessor-version":[{"id":9081,"href":"https:\/\/blogsaverroes.juntadeandalucia.es\/iesfrayluisdegranada\/wp-json\/wp\/v2\/pages\/2403\/revisions\/9081"}],"wp:attachment":[{"href":"https:\/\/blogsaverroes.juntadeandalucia.es\/iesfrayluisdegranada\/wp-json\/wp\/v2\/media?parent=2403"}],"curies":[{"name":"wp","href":"https:\/\/api.w.org\/{rel}","templated":true}]}}

<p><a href="https://blogsaverroes.juntadeandalucia.es/iesfrayluisdegranada/files/2020/08/triptico_Page_2-e1598440926543.jpg"><img fetchpriority="high" decoding="async" class="alignright size-full wp-image-4016" src="https://blogsaverroes.juntadeandalucia.es/iesfrayluisdegranada/files/2020/08/triptico_Page_2-e1598440926543.jpg" alt="" width="1600" height="1131" srcset="https://blogsaverroes.juntadeandalucia.es/iesfrayluisdegranada/files/2020/08/triptico_Page_2-e1598440926543.jpg 1600w, https://blogsaverroes.juntadeandalucia.es/iesfrayluisdegranada/files/2020/08/triptico_Page_2-e1598440926543-300x212.jpg 300w, https://blogsaverroes.juntadeandalucia.es/iesfrayluisdegranada/files/2020/08/triptico_Page_2-e1598440926543-768x543.jpg 768w, https://blogsaverroes.juntadeandalucia.es/iesfrayluisdegranada/files/2020/08/triptico_Page_2-e1598440926543-1024x724.jpg 1024w, https://blogsaverroes.juntadeandalucia.es/iesfrayluisdegranada/files/2020/08/triptico_Page_2-e1598440926543-24x17.jpg 24w, https://blogsaverroes.juntadeandalucia.es/iesfrayluisdegranada/files/2020/08/triptico_Page_2-e1598440926543-36x25.jpg 36w, https://blogsaverroes.juntadeandalucia.es/iesfrayluisdegranada/files/2020/08/triptico_Page_2-e1598440926543-48x34.jpg 48w" sizes="(max-width: 1600px) 100vw, 1600px" /></a></p>
<p><a href="https://blogsaverroes.juntadeandalucia.es/iesfrayluisdegranada/files/2020/08/triptico_Page_1-e1598440879364.jpg"><img decoding="async" class="alignright size-full wp-image-4015" src="https://blogsaverroes.juntadeandalucia.es/iesfrayluisdegranada/files/2020/08/triptico_Page_1-e1598440879364.jpg" alt="" width="1600" height="1131" srcset="https://blogsaverroes.juntadeandalucia.es/iesfrayluisdegranada/files/2020/08/triptico_Page_1-e1598440879364.jpg 1600w, https://blogsaverroes.juntadeandalucia.es/iesfrayluisdegranada/files/2020/08/triptico_Page_1-e1598440879364-300x212.jpg 300w, https://blogsaverroes.juntadeandalucia.es/iesfrayluisdegranada/files/2020/08/triptico_Page_1-e1598440879364-768x543.jpg 768w, https://blogsaverroes.juntadeandalucia.es/iesfrayluisdegranada/files/2020/08/triptico_Page_1-e1598440879364-1024x724.jpg 1024w, https://blogsaverroes.juntadeandalucia.es/iesfrayluisdegranada/files/2020/08/triptico_Page_1-e1598440879364-24x17.jpg 24w, https://blogsaverroes.juntadeandalucia.es/iesfrayluisdegranada/files/2020/08/triptico_Page_1-e1598440879364-36x25.jpg 36w, https://blogsaverroes.juntadeandalucia.es/iesfrayluisdegranada/files/2020/08/triptico_Page_1-e1598440879364-48x34.jpg 48w" sizes="(max-width: 1600px) 100vw, 1600px" /></a></p>
<p style="text-align: justify">La oferta educativa del IES Fray Luis de Granada la conforman: 1º y 2º Ciclo de la ESO, Bachillerato y un <a href="https://blogsaverroes.juntadeandalucia.es/iesfrayluisdegranada/formacion-profesional/">Ciclo Formativo de Grado Superior en Administración y Finanzas</a>.</p>
<p style="text-align: justify">Contamos con tres líneas en la ESO y dos en Bachillerato. Estas enseñanzas se imparten en el horario de mañana.<br />
En cuanto al Ciclo Formativo, contamos con una línea en cada curso, y se imparte en el horario de tarde, con un Aula Bilingüe de Francés.</p>
<p>Se pueden estudiar las siguientes modalidades de Bachillerato:</p>
<ul>
<li>Ciencias y Tecnología.
<ul>
<li>Itinerario de Ingeniería y Tecnología.</li>
<li>Itinerario de Ciencias de la Salud.</li>
</ul>
</li>
<li>Humanidades y Ciencias Sociales.
<ul>
<li>Itinerario de Humanidades.</li>
<li>Itinerario de Ciencias Sociales.</li>
</ul>
</li>
</ul>
<p>El IES Fray Luis de Granada es centro bilingüe Español-Inglés desde el año 2006 y centro TIC desde 2005, siendo en la actualidad un centro Escuela TIC 2.0 y bilingüe línea tres.</p>
<p>En el curso 2023-2024 contamos con la siguiente distribución de líneas en cada nivel:</p>
<ul>
<li>1º ESO: tres líneas bilingües.</li>
<li>2º ESO: tres líneas bilingües.</li>
<li>3º ESO: tres líneas bilingües.</li>
<li>4º ESO: tres líneas bilingües</li>
<li>1º BCH: dos líneas bilingües:
<ul>
<li>Modalidad de Ciencias.</li>
<li>Modalidad de Humanidades y Ciencias Sociales.</li>
</ul>
</li>
<li>2º BCH: dos líneas bilingües:
<ul>
<li>Modalidad de Ciencias.</li>
<li>Modalidad de Humanidades y Ciencias Sociales.</li>
</ul>
</li>
</ul>
<p style="text-align: justify">El Bachillerato Bilingüe está cofinanciado con el Fondo Social Europeo.</p>
<p style="text-align: justify"><a href="https://blogsaverroes.juntadeandalucia.es/iesfrayluisdegranada/files/2017/12/FSE.jpg"><img decoding="async" class="aligncenter wp-image-2889" src="https://blogsaverroes.juntadeandalucia.es/iesfrayluisdegranada/files/2017/12/FSE.jpg" alt="" width="243" height="220" srcset="https://blogsaverroes.juntadeandalucia.es/iesfrayluisdegranada/files/2017/12/FSE.jpg 276w, https://blogsaverroes.juntadeandalucia.es/iesfrayluisdegranada/files/2017/12/FSE-24x22.jpg 24w, https://blogsaverroes.juntadeandalucia.es/iesfrayluisdegranada/files/2017/12/FSE-36x33.jpg 36w, https://blogsaverroes.juntadeandalucia.es/iesfrayluisdegranada/files/2017/12/FSE-48x43.jpg 48w" sizes="(max-width: 243px) 100vw, 243px" /></a></p>
<p>Además prestamos especial atención al desarrollo y consecución de las siguientes líneas educativas:</p>
<ul>
<li>Formación integral del alumnado.</li>
<li>Acercamiento del alumnado a la ciencia y a la investigación a través de programas innovadores.</li>
<li>Fomento de la lectura y de la expresión oral.</li>
<li>Uso de las nuevas tecnologías de la información y la comunicación en todas las facetas posibles de la vida cotidiana.</li>
<li>Conocimiento de una segunda lengua extranjera.</li>
</ul>

<p>La oferta educativa del IES Fray Luis de Granada la conforman: 1º y 2º Ciclo de la ESO, Bachillerato y un Ciclo Formativo de Grado Superior en Administración y Finanzas. Contamos con tres líneas&#46;&#46;&#46;</p>
