{"id":2463,"date":"2018-07-18T09:22:19","date_gmt":"2018-07-18T09:22:19","guid":{"rendered":"https:\/\/blogsaverroes.juntadeandalucia.es\/iesfrayluisdegranada\/?page_id=2463"},"modified":"2025-10-01T10:23:44","modified_gmt":"2025-10-01T10:23:44","slug":"tutorias-y-profesorado-horarios-de-grupos","status":"publish","type":"page","link":"https:\/\/blogsaverroes.juntadeandalucia.es\/iesfrayluisdegranada\/tutorias-y-profesorado-horarios-de-grupos\/","title":{"rendered":"Tutor\u00edas y grupos 2025-2026"},"content":{"rendered":"<p>Los <strong>equipos docentes <\/strong>est\u00e1n constituidos por todo el profesorado que imparte docencia a un mismo grupo de alumnos. Est\u00e1n coordinados por el correspondiente tutor.<\/p>\n<p>Cada unidad o grupo de alumnos tendr\u00e1 un tutor que ser\u00e1 nombrado por la direcci\u00f3n del centro, a propuesta de la jefatura de estudios, de entre el profesorado que imparta docencia en el mismo. Desde las tutor\u00edas se ejercer\u00e1 la direcci\u00f3n y la orientaci\u00f3n del aprendizaje del alumnado y el apoyo en su proceso educativo en colaboraci\u00f3n con las familias.<br \/>\nEl nombramiento del profesorado que ejerza la tutor\u00eda se efectuar\u00e1 para un curso acad\u00e9mico.<\/p>\n<h2>Listado de tutores y tutoras por unidades para el curso 2025-2026<\/h2>\n<p>El horario y el profesorado completo de cada grupo puede consultarse en iPASEN.<\/p>\n<table>\n<tbody>\n<tr>\n<td><strong>Grupo<\/strong><\/td>\n<td><strong>Tutor\/a<br \/>\n<\/strong><\/td>\n<\/tr>\n<tr>\n<td>1ESOA<\/td>\n<td>Ana Maga\u00f1a Guido<\/td>\n<\/tr>\n<tr>\n<td>1ESOB<\/td>\n<td>David Mart\u00ednez Cabrero<\/td>\n<\/tr>\n<tr>\n<td>1ESOC<\/td>\n<td>Roberto Linde D\u00edaz<\/td>\n<\/tr>\n<tr>\n<td>2ESOA<\/td>\n<td>Laura Jim\u00e9nez Jim\u00e9nez<\/td>\n<\/tr>\n<tr>\n<td>2ESOB<\/td>\n<td>Francisco Santos L\u00f3pez<\/td>\n<\/tr>\n<tr>\n<td>2ESOC<\/td>\n<td>Ana Garc\u00eda Fern\u00e1ndez<\/td>\n<\/tr>\n<tr>\n<td>3ESOA<\/td>\n<td>\u00c1ngel Asenjo Fenoy<\/td>\n<\/tr>\n<tr>\n<td>3ESOB<\/td>\n<td>Rafael Bl\u00e1sco L\u00f3pez<\/td>\n<\/tr>\n<tr>\n<td>3ESOC<\/td>\n<td>Celia Tall\u00f3n P\u00e9rez<\/td>\n<\/tr>\n<tr>\n<td>4ESOA<\/td>\n<td>Zaida Padial Ruiz<\/td>\n<\/tr>\n<tr>\n<td>4ESOB<\/td>\n<td>Marisol Correa Bueno<\/td>\n<\/tr>\n<tr>\n<td>4ESOC<\/td>\n<td>Francisco Berlanga Alameda<\/td>\n<\/tr>\n<tr>\n<td>1BCHA<\/td>\n<td>Manuel S\u00e1nchez Garrido<\/td>\n<\/tr>\n<tr>\n<td>1BCHB&nbsp;<\/td>\n<td>Antonio Ruiz de la Fuente Garc\u00eda<\/td>\n<\/tr>\n<tr>\n<td>2BCHA<\/td>\n<td>Marga Mart\u00edn Arnedo<\/td>\n<\/tr>\n<tr>\n<td>2BCHB<\/td>\n<td>Patricia Santamar\u00eda Cristino<\/td>\n<\/tr>\n<\/tbody>\n<\/table>\n<p>&nbsp;<\/p>\n<p>&nbsp;<\/p>\n<p>&nbsp;<\/p>\n","protected":false},"excerpt":{"rendered":"<p>Los equipos docentes est\u00e1n constituidos por todo el profesorado que imparte docencia a un mismo grupo de alumnos. Est\u00e1n coordinados por el correspondiente tutor. Cada unidad o grupo de alumnos tendr\u00e1 un tutor que&#46;&#46;&#46;<\/p>\n","protected":false},"author":2185,"featured_media":0,"parent":0,"menu_order":0,"comment_status":"closed","ping_status":"closed","template":"","meta":{"ngg_post_thumbnail":0,"footnotes":""},"aioseo_notices":[],"_links":{"self":[{"href":"https:\/\/blogsaverroes.juntadeandalucia.es\/iesfrayluisdegranada\/wp-json\/wp\/v2\/pages\/2463"}],"collection":[{"href":"https:\/\/blogsaverroes.juntadeandalucia.es\/iesfrayluisdegranada\/wp-json\/wp\/v2\/pages"}],"about":[{"href":"https:\/\/blogsaverroes.juntadeandalucia.es\/iesfrayluisdegranada\/wp-json\/wp\/v2\/types\/page"}],"author":[{"embeddable":true,"href":"https:\/\/blogsaverroes.juntadeandalucia.es\/iesfrayluisdegranada\/wp-json\/wp\/v2\/users\/2185"}],"replies":[{"embeddable":true,"href":"https:\/\/blogsaverroes.juntadeandalucia.es\/iesfrayluisdegranada\/wp-json\/wp\/v2\/comments?post=2463"}],"version-history":[{"count":22,"href":"https:\/\/blogsaverroes.juntadeandalucia.es\/iesfrayluisdegranada\/wp-json\/wp\/v2\/pages\/2463\/revisions"}],"predecessor-version":[{"id":12691,"href":"https:\/\/blogsaverroes.juntadeandalucia.es\/iesfrayluisdegranada\/wp-json\/wp\/v2\/pages\/2463\/revisions\/12691"}],"wp:attachment":[{"href":"https:\/\/blogsaverroes.juntadeandalucia.es\/iesfrayluisdegranada\/wp-json\/wp\/v2\/media?parent=2463"}],"curies":[{"name":"wp","href":"https:\/\/api.w.org\/{rel}","templated":true}]}}