{"id":2929,"date":"2018-08-04T18:22:53","date_gmt":"2018-08-04T18:22:53","guid":{"rendered":"https:\/\/blogsaverroes.juntadeandalucia.es\/iesfrayluisdegranada\/?page_id=2929"},"modified":"2025-10-02T10:28:58","modified_gmt":"2025-10-02T10:28:58","slug":"area-social-linguistica","status":"publish","type":"page","link":"https:\/\/blogsaverroes.juntadeandalucia.es\/iesfrayluisdegranada\/area-social-linguistica\/","title":{"rendered":"\u00c1rea Social-Ling\u00fc\u00edstica"},"content":{"rendered":"<div>Su principal cometido es proponer directrices e instrumentos para lo consecuci\u00f3n de la competencia en comunicaci\u00f3n ling\u00fc\u00edstica, referida a la utilizaci\u00f3n del lenguaje como instrumento de comunicaci\u00f3n oral y escrita, tanto en lengua espa\u00f1ola como en lengua extranjera, y de la competencia social y ciudadana, entendida como aquella que permite vivir en sociedad, comprender la realidad social del mundo en que se vive y ejercer la ciudadan\u00eda democr\u00e1tica.<\/div>\n<p><strong>Coordinadora:<\/strong> M\u00aa Teresa Gil Corra (Dpto. de Ingl\u00e9s).<\/p>\n<p>El \u00e1rea social-ling\u00fc\u00edstica la componen los siguientes departamentos:<\/p>\n<ul>\n<li><a href=\"https:\/\/blogsaverroes.juntadeandalucia.es\/iesfrayluisdegranada\/filosofia-2\/\">Departamento de Filosof\u00eda.<\/a><\/li>\n<li><a href=\"https:\/\/blogsaverroes.juntadeandalucia.es\/iesfrayluisdegranada\/ingles-2\/\">Departamento de Ingl\u00e9s.<\/a><\/li>\n<li><a href=\"https:\/\/blogsaverroes.juntadeandalucia.es\/iesfrayluisdegranada\/lengua\/\">Departamento de Lengua Castellana y Literatura.<\/a><\/li>\n<li><a href=\"https:\/\/blogsaverroes.juntadeandalucia.es\/iesfrayluisdegranada\/segundalengua\/\">Departamento de Segunda Lengua Extranjera: Franc\u00e9s.<\/a><\/li>\n<\/ul>\n","protected":false},"excerpt":{"rendered":"<p>Su principal cometido es proponer directrices e instrumentos para lo consecuci\u00f3n de la competencia en comunicaci\u00f3n ling\u00fc\u00edstica, referida a la utilizaci\u00f3n del lenguaje como instrumento de comunicaci\u00f3n oral y escrita, tanto en lengua espa\u00f1ola&#46;&#46;&#46;<\/p>\n","protected":false},"author":2185,"featured_media":0,"parent":0,"menu_order":0,"comment_status":"closed","ping_status":"closed","template":"","meta":{"ngg_post_thumbnail":0,"footnotes":""},"aioseo_notices":[],"_links":{"self":[{"href":"https:\/\/blogsaverroes.juntadeandalucia.es\/iesfrayluisdegranada\/wp-json\/wp\/v2\/pages\/2929"}],"collection":[{"href":"https:\/\/blogsaverroes.juntadeandalucia.es\/iesfrayluisdegranada\/wp-json\/wp\/v2\/pages"}],"about":[{"href":"https:\/\/blogsaverroes.juntadeandalucia.es\/iesfrayluisdegranada\/wp-json\/wp\/v2\/types\/page"}],"author":[{"embeddable":true,"href":"https:\/\/blogsaverroes.juntadeandalucia.es\/iesfrayluisdegranada\/wp-json\/wp\/v2\/users\/2185"}],"replies":[{"embeddable":true,"href":"https:\/\/blogsaverroes.juntadeandalucia.es\/iesfrayluisdegranada\/wp-json\/wp\/v2\/comments?post=2929"}],"version-history":[{"count":3,"href":"https:\/\/blogsaverroes.juntadeandalucia.es\/iesfrayluisdegranada\/wp-json\/wp\/v2\/pages\/2929\/revisions"}],"predecessor-version":[{"id":12701,"href":"https:\/\/blogsaverroes.juntadeandalucia.es\/iesfrayluisdegranada\/wp-json\/wp\/v2\/pages\/2929\/revisions\/12701"}],"wp:attachment":[{"href":"https:\/\/blogsaverroes.juntadeandalucia.es\/iesfrayluisdegranada\/wp-json\/wp\/v2\/media?parent=2929"}],"curies":[{"name":"wp","href":"https:\/\/api.w.org\/{rel}","templated":true}]}}

Área Social-Lingüística

<div>Su principal cometido es proponer directrices e instrumentos para lo consecución de la competencia en comunicación lingüística, referida a la utilización del lenguaje como instrumento de comunicación oral y escrita, tanto en lengua española como en lengua extranjera, y de la competencia social y ciudadana, entendida como aquella que permite vivir en sociedad, comprender la realidad social del mundo en que se vive y ejercer la ciudadanía democrática.</div>
<p><strong>Coordinadora:</strong> Mª Teresa Gil Corra (Dpto. de Inglés).</p>
<p>El área social-lingüística la componen los siguientes departamentos:</p>
<ul>
<li><a href="https://blogsaverroes.juntadeandalucia.es/iesfrayluisdegranada/filosofia-2/">Departamento de Filosofía.</a></li>
<li><a href="https://blogsaverroes.juntadeandalucia.es/iesfrayluisdegranada/ingles-2/">Departamento de Inglés.</a></li>
<li><a href="https://blogsaverroes.juntadeandalucia.es/iesfrayluisdegranada/lengua/">Departamento de Lengua Castellana y Literatura.</a></li>
<li><a href="https://blogsaverroes.juntadeandalucia.es/iesfrayluisdegranada/segundalengua/">Departamento de Segunda Lengua Extranjera: Francés.</a></li>
</ul>

<p>Su principal cometido es proponer directrices e instrumentos para lo consecución de la competencia en comunicación lingüística, referida a la utilización del lenguaje como instrumento de comunicación oral y escrita, tanto en lengua española&#46;&#46;&#46;</p>
